INSERT INTO `iam_dbposts` VALUES
(3259, 1, '2025-10-21 22:34:53', '2025-10-21 22:34:53', '<!-- Heading -->\n						<!-- title -->\n			<h2>\n				Resume\n			</h2>\n		<!-- Heading -->\n						<!-- subtitle -->\n								<svg aria-hidden="true" viewBox="0 0 512 512" xmlns="http://www.w3.org/2000/svg"><path d="M128 480h256V80c0-26.5-21.5-48-48-48H176c-26.5 0-48 21.5-48 48v400zm64-384h128v32H192V96zm320 80v256c0 26.5-21.5 48-48 48h-48V128h48c26.5 0 48 21.5 48 48zM96 480H48c-26.5 0-48-21.5-48-48V176c0-26.5 21.5-48 48-48h48v352z"></path></svg>								Experience\n		<!-- Resume Two -->\n									Mar 2019 - Jun 2019								\n									DMC Project								\n									Videographer &amp; Editor								\n									Jul 2019 - Jul 2020								\n									Refana								\n									Graphic Designer &amp; Editor								\n									Sep 2024 - Dec 2024								\n									Play Castle Studio								\n									Internship, 3D Generalist								\n									Jul 2020 - Present								\n									Freelance								\n									Graphic Designer, 3D Generalist &amp; Editor								\n		<!-- Heading -->\n						<!-- subtitle -->\n								<svg aria-hidden="true" viewBox="0 0 640 512" xmlns="http://www.w3.org/2000/svg"><path d="M0 224v272c0 8.84 7.16 16 16 16h80V192H32c-17.67 0-32 14.33-32 32zm360-48h-24v-40c0-4.42-3.58-8-8-8h-16c-4.42 0-8 3.58-8 8v64c0 4.42 3.58 8 8 8h48c4.42 0 8-3.58 8-8v-16c0-4.42-3.58-8-8-8zm137.75-63.96l-160-106.67a32.02 32.02 0 0 0-35.5 0l-160 106.67A32.002 32.002 0 0 0 128 138.66V512h128V368c0-8.84 7.16-16 16-16h96c8.84 0 16 7.16 16 16v144h128V138.67c0-10.7-5.35-20.7-14.25-26.63zM320 256c-44.18 0-80-35.82-80-80s35.82-80 80-80 80 35.82 80 80-35.82 80-80 80zm288-64h-64v320h80c8.84 0 16-7.16 16-16V224c0-17.67-14.33-32-32-32z"></path></svg>								Certifications\n		<!-- resume item -->\n							2019 - 2020						\n							AWS Certified Machine Learning						\n							Specialty						\n							<p>Two years of hands-on experience developing, architecting, and running ML or deep learning workloads in the AWS Cloud.</p>						\n																				<a href="https://bslthemes.com/import/ryancv/sysadmin/uploads/2022/07/certificate.jpeg">\n							Certificate						\n					</a>\n							2023						\n							3D makers Club						\n							Assemblr Studio						\n							builds, evaluates, productionizes, and optimizes AI solutions by using Google Cloud capabilities and knowledge.						\n																				<a href="http://ikhsanaryaaa.xyz/wp-content/uploads/2025/10/Sertifikat-Assemblr.png">\n							Certificate						\n					</a>\n		<!-- Heading -->\n						<!-- subtitle -->\n								<svg aria-hidden="true" viewBox="0 0 512 512" xmlns="http://www.w3.org/2000/svg"><path d="M496 128v16a8 8 0 0 1-8 8h-24v12c0 6.627-5.373 12-12 12H60c-6.627 0-12-5.373-12-12v-12H24a8 8 0 0 1-8-8v-16a8 8 0 0 1 4.941-7.392l232-88a7.996 7.996 0 0 1 6.118 0l232 88A8 8 0 0 1 496 128zm-24 304H40c-13.255 0-24 10.745-24 24v16a8 8 0 0 0 8 8h464a8 8 0 0 0 8-8v-16c0-13.255-10.745-24-24-24zM96 192v192H60c-6.627 0-12 5.373-12 12v20h416v-20c0-6.627-5.373-12-12-12h-36V192h-64v192h-64V192h-64v192h-64V192H96z"></path></svg>								Education\n		<!-- resume item -->\n												<a  target="_blank" href="https://www.bslthemes.com/">\n												<img src="http://ikhsanaryaaa.xyz/wp-content/uploads/2025/10/graduation.png" alt="SMA Ar-Ridwan" />\n												</a>\n							2016 - 2019						\n							SMA Ar-Ridwan						\n							Science Major						\n							<p>Relevant Coursework: Machine Learning, Statistical Analysis, Data Mining. Honors: Dean''s List, Honors Thesis in Predictive Modeling.</p>						\n																									<a  target="_blank" href="https://www.bslthemes.com/">\n							learn more						\n					</a>\n												<a  target="_blank" href="">\n												<img src="http://ikhsanaryaaa.xyz/wp-content/uploads/2025/10/IKJ-PUTIH.png" alt="Institut Kesenian Jakarta" />\n												</a>\n							2021 - 2025						\n							Institut Kesenian Jakarta						\n							Visual Communication Design 						\n							<p>Lorem Ipsum</p>						\n																									<a  target="_blank" href="">\n							learn more						\n					</a>\n		<!-- Heading -->\n						<!-- subtitle -->\n								<svg aria-hidden="true" viewBox="0 0 512 512" xmlns="http://www.w3.org/2000/svg"><path d="M144 208c-17.7 0-32 14.3-32 32s14.3 32 32 32 32-14.3 32-32-14.3-32-32-32zm112 0c-17.7 0-32 14.3-32 32s14.3 32 32 32 32-14.3 32-32-14.3-32-32-32zm112 0c-17.7 0-32 14.3-32 32s14.3 32 32 32 32-14.3 32-32-14.3-32-32-32zM256 32C114.6 32 0 125.1 0 240c0 47.6 19.9 91.2 52.9 126.3C38 405.7 7 439.1 6.5 439.5c-6.6 7-8.4 17.2-4.6 26S14.4 480 24 480c61.5 0 110-25.7 139.1-46.3C192 442.8 223.2 448 256 448c141.4 0 256-93.1 256-208S397.4 32 256 32zm0 368c-26.7 0-53.1-4.1-78.4-12.1l-22.7-7.2-19.5 13.8c-14.3 10.1-33.9 21.4-57.5 29 7.3-12.1 14.4-25.7 19.9-40.2l10.6-28.1-20.6-21.8C69.7 314.1 48 282.2 48 240c0-88.2 93.3-160 208-160s208 71.8 208 160-93.3 160-208 160z"></path></svg>								Testimonials\n									<!-- title -->\n			<h2>\n				Here’s what my clients say\n			</h2>\n		<!-- Testimonials Two -->\n										I highly recommend this business. The product quality is outstanding, exceeding my expectations every time. I was completely impressed with their professionalism and customer service. Pricing is fair and transparent - definitely value for money.									\n										<img src="http://ikhsanaryaaa.xyz/wp-content/uploads/2024/06/r1-184x204.jpg" alt="Bryn Hooper" />\n												Bryn Hooper											\n												CEO, Abc.inc											\n										I highly recommend this business. The product quality is outstanding, exceeding my expectations every time. I was completely impressed with their professionalism and customer service. Pricing is fair and transparent - definitely value for money.									\n										<img src="http://ikhsanaryaaa.xyz/wp-content/uploads/2024/06/r2-184x204.jpg" alt="Caspar Baldwin" />\n												Caspar Baldwin											\n												CEO, Abc.inc											\n										I highly recommend this business. The product quality is outstanding, exceeding my expectations every time. I was completely impressed with their professionalism and customer service. Pricing is fair and transparent - definitely value for money.									\n										<img src="http://ikhsanaryaaa.xyz/wp-content/uploads/2024/06/r3-184x204.jpg" alt="Clayton Ayers" />\n												Clayton Ayers											\n												CEO, Abc.inc											\n					More than 200+ companies trusted us worldwide																<a href="https://bslthemes.com" target="_blank">\n							<img width="448" height="252" src="http://ikhsanaryaaa.xyz/wp-content/uploads/2024/06/b1.png" alt="" srcset="https://ikhsanaryaaa.xyz/wp-content/uploads/2024/06/b1.png 448w, https://ikhsanaryaaa.xyz/wp-content/uploads/2024/06/b1-300x169.png 300w, https://ikhsanaryaaa.xyz/wp-content/uploads/2024/06/b1-184x104.png 184w" sizes="(max-width: 448px) 100vw, 448px" />								</a>\n																											<a href="https://bslthemes.com" target="_blank">\n							<img width="448" height="252" src="http://ikhsanaryaaa.xyz/wp-content/uploads/2024/06/b2.png" alt="" srcset="https://ikhsanaryaaa.xyz/wp-content/uploads/2024/06/b2.png 448w, https://ikhsanaryaaa.xyz/wp-content/uploads/2024/06/b2-300x169.png 300w, https://ikhsanaryaaa.xyz/wp-content/uploads/2024/06/b2-184x104.png 184w" sizes="(max-width: 448px) 100vw, 448px" />								</a>\n																											<a href="https://bslthemes.com" target="_blank">\n							<img width="448" height="252" src="http://ikhsanaryaaa.xyz/wp-content/uploads/2024/06/b3.png" alt="" srcset="https://ikhsanaryaaa.xyz/wp-content/uploads/2024/06/b3.png 448w, https://ikhsanaryaaa.xyz/wp-content/uploads/2024/06/b3-300x169.png 300w, https://ikhsanaryaaa.xyz/wp-content/uploads/2024/06/b3-184x104.png 184w" sizes="(max-width: 448px) 100vw, 448px" />								</a>\n																											<a href="https://bslthemes.com" target="_blank">\n							<img width="448" height="252" src="http://ikhsanaryaaa.xyz/wp-content/uploads/2024/06/b4.png" alt="" srcset="https://ikhsanaryaaa.xyz/wp-content/uploads/2024/06/b4.png 448w, https://ikhsanaryaaa.xyz/wp-content/uploads/2024/06/b4-300x169.png 300w, https://ikhsanaryaaa.xyz/wp-content/uploads/2024/06/b4-184x104.png 184w" sizes="(max-width: 448px) 100vw, 448px" />								</a>\n																											<a href="https://bslthemes.com" target="_blank">\n							<img width="448" height="252" src="http://ikhsanaryaaa.xyz/wp-content/uploads/2024/06/b1.png" alt="" srcset="https://ikhsanaryaaa.xyz/wp-content/uploads/2024/06/b1.png 448w, https://ikhsanaryaaa.xyz/wp-content/uploads/2024/06/b1-300x169.png 300w, https://ikhsanaryaaa.xyz/wp-content/uploads/2024/06/b1-184x104.png 184w" sizes="(max-width: 448px) 100vw, 448px" />								</a>\n																											<a href="https://bslthemes.com" target="_blank">\n							<img width="448" height="252" src="http://ikhsanaryaaa.xyz/wp-content/uploads/2024/06/b2.png" alt="" srcset="https://ikhsanaryaaa.xyz/wp-content/uploads/2024/06/b2.png 448w, https://ikhsanaryaaa.xyz/wp-content/uploads/2024/06/b2-300x169.png 300w, https://ikhsanaryaaa.xyz/wp-content/uploads/2024/06/b2-184x104.png 184w" sizes="(max-width: 448px) 100vw, 448px" />								</a>', 'Resume', '', 'inherit', 'closed', 'closed', '', '1681-revision-v1', '', '', '2025-10-21 22:34:53', '2025-10-21 22:34:53', '', 1681, 'https://ikhsanaryaaa.xyz/?p=3259', 0, 'revision', '', 0),
(3270, 1, '2025-10-22 14:17:43', '2025-10-22 14:17:43', '', 'Icon_2', '', 'inherit', 'open', 'closed', '', 'icon_2', '', '', '2025-10-22 14:17:43', '2025-10-22 14:17:43', '', 0, 'http://ikhsanaryaaa.xyz/wp-content/uploads/2025/10/Icon_2.png', 0, 'attachment', 'image/png', 0),
(3271, 1, '2025-10-22 14:17:45', '2025-10-22 14:17:45', '', 'Icon_1', '', 'inherit', 'open', 'closed', '', 'icon_1', '', '', '2025-10-22 14:17:45', '2025-10-22 14:17:45', '', 0, 'http://ikhsanaryaaa.xyz/wp-content/uploads/2025/10/Icon_1.png', 0, 'attachment', 'image/png', 0),
(3272, 1, '2025-10-22 14:17:48', '2025-10-22 14:17:48', '', 'Icon_12', '', 'inherit', 'open', 'closed', '', 'icon_12', '', '', '2025-10-22 14:17:48', '2025-10-22 14:17:48', '', 0, 'http://ikhsanaryaaa.xyz/wp-content/uploads/2025/10/Icon_12.png', 0, 'attachment', 'image/png', 0),
(3273, 1, '2025-10-22 14:17:51', '2025-10-22 14:17:51', '', 'Icon_11', '', 'inherit', 'open', 'closed', '', 'icon_11', '', '', '2025-10-22 14:17:51', '2025-10-22 14:17:51', '', 0, 'http://ikhsanaryaaa.xyz/wp-content/uploads/2025/10/Icon_11.png', 0, 'attachment', 'image/png', 0),
(3274, 1, '2025-10-22 14:17:53', '2025-10-22 14:17:53', '', 'Icon_10', '', 'inherit', 'open', 'closed', '', 'icon_10', '', '', '2025-10-22 14:17:53', '2025-10-22 14:17:53', '', 0, 'http://ikhsanaryaaa.xyz/wp-content/uploads/2025/10/Icon_10.png', 0, 'attachment', 'image/png', 0),
(3275, 1, '2025-10-22 14:17:55', '2025-10-22 14:17:55', '', 'Icon_9', '', 'inherit', 'open', 'closed', '', 'icon_9', '', '', '2025-10-22 14:17:55', '2025-10-22 14:17:55', '', 0, 'http://ikhsanaryaaa.xyz/wp-content/uploads/2025/10/Icon_9.png', 0, 'attachment', 'image/png', 0),
(3276, 1, '2025-10-22 14:17:57', '2025-10-22 14:17:57', '', 'Icon_8', '', 'inherit', 'open', 'closed', '', 'icon_8', '', '', '2025-10-22 14:17:57', '2025-10-22 14:17:57', '', 0, 'http://ikhsanaryaaa.xyz/wp-content/uploads/2025/10/Icon_8.png', 0, 'attachment', 'image/png', 0),
(3277, 1, '2025-10-22 14:18:00', '2025-10-22 14:18:00', '', 'Icon_7', '', 'inherit', 'open', 'closed', '', 'icon_7', '', '', '2025-10-22 14:18:00', '2025-10-22 14:18:00', '', 0, 'http://ikhsanaryaaa.xyz/wp-content/uploads/2025/10/Icon_7.png', 0, 'attachment', 'image/png', 0),
(3278, 1, '2025-10-22 14:18:03', '2025-10-22 14:18:03', '', 'Icon_6', '', 'inherit', 'open', 'closed', '', 'icon_6', '', '', '2025-10-22 14:18:03', '2025-10-22 14:18:03', '', 0, 'http://ikhsanaryaaa.xyz/wp-content/uploads/2025/10/Icon_6.png', 0, 'attachment', 'image/png', 0),
(3279, 1, '2025-10-22 14:18:07', '2025-10-22 14:18:07', '', 'Icon_5', '', 'inherit', 'open', 'closed', '', 'icon_5', '', '', '2025-10-22 14:18:07', '2025-10-22 14:18:07', '', 0, 'http://ikhsanaryaaa.xyz/wp-content/uploads/2025/10/Icon_5.png', 0, 'attachment', 'image/png', 0),
(3280, 1, '2025-10-22 14:18:11', '2025-10-22 14:18:11', '', 'Icon_4', '', 'inherit', 'open', 'closed', '', 'icon_4', '', '', '2025-10-22 14:18:11', '2025-10-22 14:18:11', '', 0, 'http://ikhsanaryaaa.xyz/wp-content/uploads/2025/10/Icon_4.png', 0, 'attachment', 'image/png', 0),
(3281, 1, '2025-10-22 14:18:16', '2025-10-22 14:18:16', '', 'Icon_3', '', 'inherit', 'open', 'closed', '', 'icon_3', '', '', '2025-10-22 14:18:16', '2025-10-22 14:18:16', '', 0, 'http://ikhsanaryaaa.xyz/wp-content/uploads/2025/10/Icon_3.png', 0, 'attachment', 'image/png', 0),
(3283, 1, '2025-10-22 14:45:36', '2025-10-22 14:45:36', '', 'indonesian', '', 'inherit', 'open', 'closed', '', 'indonesian', '', '', '2025-10-22 14:45:36', '2025-10-22 14:45:36', '', 1502, 'http://ikhsanaryaaa.xyz/wp-content/uploads/2025/10/indonesian.png', 0, 'attachment', 'image/png', 0),
(3284, 1, '2025-10-22 14:45:51', '2025-10-22 14:45:51', '', 'Arab', '', 'inherit', 'open', 'closed', '', 'arab', '', '', '2025-10-22 14:45:51', '2025-10-22 14:45:51', '', 1502, 'http://ikhsanaryaaa.xyz/wp-content/uploads/2025/10/Arab.png', 0, 'attachment', 'image/png', 0),
(3285, 1, '2025-10-22 14:48:37', '2025-10-22 14:48:37', '<!-- Heading -->\n						<!-- title -->\n			<h2>\n				Skills\n			</h2>\n		<!-- skill item -->\n						<img src="https://bslthemes.com/import/ryancv/ml-engineer/2025/04/python-184x184.png" alt="Python 2.x, 3.x" />\n						Python 2.x, 3.x\n				90%							\n		<!-- skill item -->\n						<img src="https://bslthemes.com/import/ryancv/ml-engineer/2025/04/atom-184x184.png" alt="React" />\n						React\n				75%							\n		<!-- skill item -->\n						<img src="https://bslthemes.com/import/ryancv/ml-engineer/2025/04/risks2-184x184.png" alt="Anomaly Detection" />\n						Anomaly Detection\n				75%							\n		<!-- skill item -->\n						<img src="https://bslthemes.com/import/ryancv/ml-engineer/2025/04/database-184x184.png" alt="SQL, MongoDB" />\n						SQL, MongoDB\n				85%							\n		<!-- Heading -->\n						<!-- subtitle -->\n								<svg aria-hidden="true" viewBox="0 0 640 512" xmlns="http://www.w3.org/2000/svg"><path d="M512.1 191l-8.2 14.3c-3 5.3-9.4 7.5-15.1 5.4-11.8-4.4-22.6-10.7-32.1-18.6-4.6-3.8-5.8-10.5-2.8-15.7l8.2-14.3c-6.9-8-12.3-17.3-15.9-27.4h-16.5c-6 0-11.2-4.3-12.2-10.3-2-12-2.1-24.6 0-37.1 1-6 6.2-10.4 12.2-10.4h16.5c3.6-10.1 9-19.4 15.9-27.4l-8.2-14.3c-3-5.2-1.9-11.9 2.8-15.7 9.5-7.9 20.4-14.2 32.1-18.6 5.7-2.1 12.1.1 15.1 5.4l8.2 14.3c10.5-1.9 21.2-1.9 31.7 0L552 6.3c3-5.3 9.4-7.5 15.1-5.4 11.8 4.4 22.6 10.7 32.1 18.6 4.6 3.8 5.8 10.5 2.8 15.7l-8.2 14.3c6.9 8 12.3 17.3 15.9 27.4h16.5c6 0 11.2 4.3 12.2 10.3 2 12 2.1 24.6 0 37.1-1 6-6.2 10.4-12.2 10.4h-16.5c-3.6 10.1-9 19.4-15.9 27.4l8.2 14.3c3 5.2 1.9 11.9-2.8 15.7-9.5 7.9-20.4 14.2-32.1 18.6-5.7 2.1-12.1-.1-15.1-5.4l-8.2-14.3c-10.4 1.9-21.2 1.9-31.7 0zm-10.5-58.8c38.5 29.6 82.4-14.3 52.8-52.8-38.5-29.7-82.4 14.3-52.8 52.8zM386.3 286.1l33.7 16.8c10.1 5.8 14.5 18.1 10.5 29.1-8.9 24.2-26.4 46.4-42.6 65.8-7.4 8.9-20.2 11.1-30.3 5.3l-29.1-16.8c-16 13.7-34.6 24.6-54.9 31.7v33.6c0 11.6-8.3 21.6-19.7 23.6-24.6 4.2-50.4 4.4-75.9 0-11.5-2-20-11.9-20-23.6V418c-20.3-7.2-38.9-18-54.9-31.7L74 403c-10 5.8-22.9 3.6-30.3-5.3-16.2-19.4-33.3-41.6-42.2-65.7-4-10.9.4-23.2 10.5-29.1l33.3-16.8c-3.9-20.9-3.9-42.4 0-63.4L12 205.8c-10.1-5.8-14.6-18.1-10.5-29 8.9-24.2 26-46.4 42.2-65.8 7.4-8.9 20.2-11.1 30.3-5.3l29.1 16.8c16-13.7 34.6-24.6 54.9-31.7V57.1c0-11.5 8.2-21.5 19.6-23.5 24.6-4.2 50.5-4.4 76-.1 11.5 2 20 11.9 20 23.6v33.6c20.3 7.2 38.9 18 54.9 31.7l29.1-16.8c10-5.8 22.9-3.6 30.3 5.3 16.2 19.4 33.2 41.6 42.1 65.8 4 10.9.1 23.2-10 29.1l-33.7 16.8c3.9 21 3.9 42.5 0 63.5zm-117.6 21.1c59.2-77-28.7-164.9-105.7-105.7-59.2 77 28.7 164.9 105.7 105.7zm243.4 182.7l-8.2 14.3c-3 5.3-9.4 7.5-15.1 5.4-11.8-4.4-22.6-10.7-32.1-18.6-4.6-3.8-5.8-10.5-2.8-15.7l8.2-14.3c-6.9-8-12.3-17.3-15.9-27.4h-16.5c-6 0-11.2-4.3-12.2-10.3-2-12-2.1-24.6 0-37.1 1-6 6.2-10.4 12.2-10.4h16.5c3.6-10.1 9-19.4 15.9-27.4l-8.2-14.3c-3-5.2-1.9-11.9 2.8-15.7 9.5-7.9 20.4-14.2 32.1-18.6 5.7-2.1 12.1.1 15.1 5.4l8.2 14.3c10.5-1.9 21.2-1.9 31.7 0l8.2-14.3c3-5.3 9.4-7.5 15.1-5.4 11.8 4.4 22.6 10.7 32.1 18.6 4.6 3.8 5.8 10.5 2.8 15.7l-8.2 14.3c6.9 8 12.3 17.3 15.9 27.4h16.5c6 0 11.2 4.3 12.2 10.3 2 12 2.1 24.6 0 37.1-1 6-6.2 10.4-12.2 10.4h-16.5c-3.6 10.1-9 19.4-15.9 27.4l8.2 14.3c3 5.2 1.9 11.9-2.8 15.7-9.5 7.9-20.4 14.2-32.1 18.6-5.7 2.1-12.1-.1-15.1-5.4l-8.2-14.3c-10.4 1.9-21.2 1.9-31.7 0zM501.6 431c38.5 29.6 82.4-14.3 52.8-52.8-38.5-29.6-82.4 14.3-52.8 52.8z"></path></svg>								Tools &amp; Platforms\n		<!-- skill item -->\n								<ul>\n										<li>\n								TensorFlow							\n														90%\n											</li>\n										<li>\n								NumPy							\n														75%\n											</li>\n										<li>\n								PyTorch							\n														85%\n											</li>\n										<li>\n								Microsoft Azure							\n														95%\n											</li>\n										<li>\n								Keras							\n														70%\n											</li>\n										<li>\n								Visual Studio							\n														90%\n											</li>\n										<li>\n								GCP							\n														75%\n											</li>\n										<li>\n								ChatGPT							\n														80%\n											</li>\n									</ul>\n		<!-- Heading -->\n						<!-- subtitle -->\n								<svg aria-hidden="true" viewBox="0 0 640 512" xmlns="http://www.w3.org/2000/svg"><path d="M152.1 236.2c-3.5-12.1-7.8-33.2-7.8-33.2h-.5s-4.3 21.1-7.8 33.2l-11.1 37.5H163zM616 96H336v320h280c13.3 0 24-10.7 24-24V120c0-13.3-10.7-24-24-24zm-24 120c0 6.6-5.4 12-12 12h-11.4c-6.9 23.6-21.7 47.4-42.7 69.9 8.4 6.4 17.1 12.5 26.1 18 5.5 3.4 7.3 10.5 4.1 16.2l-7.9 13.9c-3.4 5.9-10.9 7.8-16.7 4.3-12.6-7.8-24.5-16.1-35.4-24.9-10.9 8.7-22.7 17.1-35.4 24.9-5.8 3.5-13.3 1.6-16.7-4.3l-7.9-13.9c-3.2-5.6-1.4-12.8 4.2-16.2 9.3-5.7 18-11.7 26.1-18-7.9-8.4-14.9-17-21-25.7-4-5.7-2.2-13.6 3.7-17.1l6.5-3.9 7.3-4.3c5.4-3.2 12.4-1.7 16 3.4 5 7 10.8 14 17.4 20.9 13.5-14.2 23.8-28.9 30-43.2H412c-6.6 0-12-5.4-12-12v-16c0-6.6 5.4-12 12-12h64v-16c0-6.6 5.4-12 12-12h16c6.6 0 12 5.4 12 12v16h64c6.6 0 12 5.4 12 12zM0 120v272c0 13.3 10.7 24 24 24h280V96H24c-13.3 0-24 10.7-24 24zm58.9 216.1L116.4 167c1.7-4.9 6.2-8.1 11.4-8.1h32.5c5.1 0 9.7 3.3 11.4 8.1l57.5 169.1c2.6 7.8-3.1 15.9-11.4 15.9h-22.9a12 12 0 0 1-11.5-8.6l-9.4-31.9h-60.2l-9.1 31.8c-1.5 5.1-6.2 8.7-11.5 8.7H70.3c-8.2 0-14-8.1-11.4-15.9z"></path></svg>								Languages\n		<!-- skill item -->\n								<ul>\n										<li>\n								English							\n																					90%\n											</li>\n										<li>\n								Spanish							\n																					60%\n											</li>\n										<li>\n								Italian							\n																					30%\n											</li>\n										<li>\n								French							\n																					70%\n											</li>\n									</ul>\n		<!-- Heading -->\n						<!-- subtitle -->\n								<svg aria-hidden="true" viewBox="0 0 512 512" xmlns="http://www.w3.org/2000/svg"><path d="M48 48a48 48 0 1 0 48 48 48 48 0 0 0-48-48zm0 160a48 48 0 1 0 48 48 48 48 0 0 0-48-48zm0 160a48 48 0 1 0 48 48 48 48 0 0 0-48-48zm448 16H176a16 16 0 0 0-16 16v32a16 16 0 0 0 16 16h320a16 16 0 0 0 16-16v-32a16 16 0 0 0-16-16zm0-320H176a16 16 0 0 0-16 16v32a16 16 0 0 0 16 16h320a16 16 0 0 0 16-16V80a16 16 0 0 0-16-16zm0 160H176a16 16 0 0 0-16 16v32a16 16 0 0 0 16 16h320a16 16 0 0 0 16-16v-32a16 16 0 0 0-16-16z"></path></svg>								Soft skills\n		<!-- skill item -->\n								<ul>\n										<li>\n								Deep Learning, Neural Networks							\n											</li>\n										<li>\n								Support Vector Machines							\n											</li>\n										<li>\n								Cross-Functional Collaboration							\n											</li>\n										<li>\n								Time management							\n											</li>\n										<li>\n								Critical thinking							\n											</li>\n										<li>\n								Communication							\n											</li>\n										<li>\n								Project budgeting							\n											</li>\n										<li>\n								Business analysis							\n											</li>\n									</ul>', 'Skills', '', 'inherit', 'closed', 'closed', '', '1502-revision-v1', '', '', '2025-10-22 14:48:37', '2025-10-22 14:48:37', '', 1502, 'https://ikhsanaryaaa.xyz/?p=3285', 0, 'revision', '', 0),
(3286, 1, '2025-10-22 14:48:37', '2025-10-22 14:48:37', '<!-- Heading -->\n						<!-- title -->\n			<h2>\n				Skills\n			</h2>\n		<!-- skill item -->\n						<img src="https://bslthemes.com/import/ryancv/ml-engineer/2025/04/python-184x184.png" alt="Python 2.x, 3.x" />\n						Python 2.x, 3.x\n				90%							\n		<!-- skill item -->\n						<img src="https://bslthemes.com/import/ryancv/ml-engineer/2025/04/atom-184x184.png" alt="React" />\n						React\n				75%							\n		<!-- skill item -->\n						<img src="https://bslthemes.com/import/ryancv/ml-engineer/2025/04/risks2-184x184.png" alt="Anomaly Detection" />\n						Anomaly Detection\n				75%							\n		<!-- skill item -->\n						<img src="https://bslthemes.com/import/ryancv/ml-engineer/2025/04/database-184x184.png" alt="SQL, MongoDB" />\n						SQL, MongoDB\n				85%							\n		<!-- Heading -->\n						<!-- subtitle -->\n								<svg aria-hidden="true" viewBox="0 0 640 512" xmlns="http://www.w3.org/2000/svg"><path d="M512.1 191l-8.2 14.3c-3 5.3-9.4 7.5-15.1 5.4-11.8-4.4-22.6-10.7-32.1-18.6-4.6-3.8-5.8-10.5-2.8-15.7l8.2-14.3c-6.9-8-12.3-17.3-15.9-27.4h-16.5c-6 0-11.2-4.3-12.2-10.3-2-12-2.1-24.6 0-37.1 1-6 6.2-10.4 12.2-10.4h16.5c3.6-10.1 9-19.4 15.9-27.4l-8.2-14.3c-3-5.2-1.9-11.9 2.8-15.7 9.5-7.9 20.4-14.2 32.1-18.6 5.7-2.1 12.1.1 15.1 5.4l8.2 14.3c10.5-1.9 21.2-1.9 31.7 0L552 6.3c3-5.3 9.4-7.5 15.1-5.4 11.8 4.4 22.6 10.7 32.1 18.6 4.6 3.8 5.8 10.5 2.8 15.7l-8.2 14.3c6.9 8 12.3 17.3 15.9 27.4h16.5c6 0 11.2 4.3 12.2 10.3 2 12 2.1 24.6 0 37.1-1 6-6.2 10.4-12.2 10.4h-16.5c-3.6 10.1-9 19.4-15.9 27.4l8.2 14.3c3 5.2 1.9 11.9-2.8 15.7-9.5 7.9-20.4 14.2-32.1 18.6-5.7 2.1-12.1-.1-15.1-5.4l-8.2-14.3c-10.4 1.9-21.2 1.9-31.7 0zm-10.5-58.8c38.5 29.6 82.4-14.3 52.8-52.8-38.5-29.7-82.4 14.3-52.8 52.8zM386.3 286.1l33.7 16.8c10.1 5.8 14.5 18.1 10.5 29.1-8.9 24.2-26.4 46.4-42.6 65.8-7.4 8.9-20.2 11.1-30.3 5.3l-29.1-16.8c-16 13.7-34.6 24.6-54.9 31.7v33.6c0 11.6-8.3 21.6-19.7 23.6-24.6 4.2-50.4 4.4-75.9 0-11.5-2-20-11.9-20-23.6V418c-20.3-7.2-38.9-18-54.9-31.7L74 403c-10 5.8-22.9 3.6-30.3-5.3-16.2-19.4-33.3-41.6-42.2-65.7-4-10.9.4-23.2 10.5-29.1l33.3-16.8c-3.9-20.9-3.9-42.4 0-63.4L12 205.8c-10.1-5.8-14.6-18.1-10.5-29 8.9-24.2 26-46.4 42.2-65.8 7.4-8.9 20.2-11.1 30.3-5.3l29.1 16.8c16-13.7 34.6-24.6 54.9-31.7V57.1c0-11.5 8.2-21.5 19.6-23.5 24.6-4.2 50.5-4.4 76-.1 11.5 2 20 11.9 20 23.6v33.6c20.3 7.2 38.9 18 54.9 31.7l29.1-16.8c10-5.8 22.9-3.6 30.3 5.3 16.2 19.4 33.2 41.6 42.1 65.8 4 10.9.1 23.2-10 29.1l-33.7 16.8c3.9 21 3.9 42.5 0 63.5zm-117.6 21.1c59.2-77-28.7-164.9-105.7-105.7-59.2 77 28.7 164.9 105.7 105.7zm243.4 182.7l-8.2 14.3c-3 5.3-9.4 7.5-15.1 5.4-11.8-4.4-22.6-10.7-32.1-18.6-4.6-3.8-5.8-10.5-2.8-15.7l8.2-14.3c-6.9-8-12.3-17.3-15.9-27.4h-16.5c-6 0-11.2-4.3-12.2-10.3-2-12-2.1-24.6 0-37.1 1-6 6.2-10.4 12.2-10.4h16.5c3.6-10.1 9-19.4 15.9-27.4l-8.2-14.3c-3-5.2-1.9-11.9 2.8-15.7 9.5-7.9 20.4-14.2 32.1-18.6 5.7-2.1 12.1.1 15.1 5.4l8.2 14.3c10.5-1.9 21.2-1.9 31.7 0l8.2-14.3c3-5.3 9.4-7.5 15.1-5.4 11.8 4.4 22.6 10.7 32.1 18.6 4.6 3.8 5.8 10.5 2.8 15.7l-8.2 14.3c6.9 8 12.3 17.3 15.9 27.4h16.5c6 0 11.2 4.3 12.2 10.3 2 12 2.1 24.6 0 37.1-1 6-6.2 10.4-12.2 10.4h-16.5c-3.6 10.1-9 19.4-15.9 27.4l8.2 14.3c3 5.2 1.9 11.9-2.8 15.7-9.5 7.9-20.4 14.2-32.1 18.6-5.7 2.1-12.1-.1-15.1-5.4l-8.2-14.3c-10.4 1.9-21.2 1.9-31.7 0zM501.6 431c38.5 29.6 82.4-14.3 52.8-52.8-38.5-29.6-82.4 14.3-52.8 52.8z"></path></svg>								Tools &amp; Platforms\n		<!-- skill item -->\n								<ul>\n										<li>\n								TensorFlow							\n														90%\n											</li>\n										<li>\n								NumPy							\n														75%\n											</li>\n										<li>\n								PyTorch							\n														85%\n											</li>\n										<li>\n								Microsoft Azure							\n														95%\n											</li>\n										<li>\n								Keras							\n														70%\n											</li>\n										<li>\n								Visual Studio							\n														90%\n											</li>\n										<li>\n								GCP							\n														75%\n											</li>\n										<li>\n								ChatGPT							\n														80%\n											</li>\n									</ul>\n		<!-- Heading -->\n						<!-- subtitle -->\n								<svg aria-hidden="true" viewBox="0 0 640 512" xmlns="http://www.w3.org/2000/svg"><path d="M152.1 236.2c-3.5-12.1-7.8-33.2-7.8-33.2h-.5s-4.3 21.1-7.8 33.2l-11.1 37.5H163zM616 96H336v320h280c13.3 0 24-10.7 24-24V120c0-13.3-10.7-24-24-24zm-24 120c0 6.6-5.4 12-12 12h-11.4c-6.9 23.6-21.7 47.4-42.7 69.9 8.4 6.4 17.1 12.5 26.1 18 5.5 3.4 7.3 10.5 4.1 16.2l-7.9 13.9c-3.4 5.9-10.9 7.8-16.7 4.3-12.6-7.8-24.5-16.1-35.4-24.9-10.9 8.7-22.7 17.1-35.4 24.9-5.8 3.5-13.3 1.6-16.7-4.3l-7.9-13.9c-3.2-5.6-1.4-12.8 4.2-16.2 9.3-5.7 18-11.7 26.1-18-7.9-8.4-14.9-17-21-25.7-4-5.7-2.2-13.6 3.7-17.1l6.5-3.9 7.3-4.3c5.4-3.2 12.4-1.7 16 3.4 5 7 10.8 14 17.4 20.9 13.5-14.2 23.8-28.9 30-43.2H412c-6.6 0-12-5.4-12-12v-16c0-6.6 5.4-12 12-12h64v-16c0-6.6 5.4-12 12-12h16c6.6 0 12 5.4 12 12v16h64c6.6 0 12 5.4 12 12zM0 120v272c0 13.3 10.7 24 24 24h280V96H24c-13.3 0-24 10.7-24 24zm58.9 216.1L116.4 167c1.7-4.9 6.2-8.1 11.4-8.1h32.5c5.1 0 9.7 3.3 11.4 8.1l57.5 169.1c2.6 7.8-3.1 15.9-11.4 15.9h-22.9a12 12 0 0 1-11.5-8.6l-9.4-31.9h-60.2l-9.1 31.8c-1.5 5.1-6.2 8.7-11.5 8.7H70.3c-8.2 0-14-8.1-11.4-15.9z"></path></svg>								Languages\n		<!-- skill item -->\n								<ul>\n										<li>\n								English							\n																					90%\n											</li>\n										<li>\n								Spanish							\n																					60%\n											</li>\n										<li>\n								Italian							\n																					30%\n											</li>\n										<li>\n								French							\n																					70%\n											</li>\n									</ul>\n		<!-- Heading -->\n						<!-- subtitle -->\n								<svg aria-hidden="true" viewBox="0 0 512 512" xmlns="http://www.w3.org/2000/svg"><path d="M48 48a48 48 0 1 0 48 48 48 48 0 0 0-48-48zm0 160a48 48 0 1 0 48 48 48 48 0 0 0-48-48zm0 160a48 48 0 1 0 48 48 48 48 0 0 0-48-48zm448 16H176a16 16 0 0 0-16 16v32a16 16 0 0 0 16 16h320a16 16 0 0 0 16-16v-32a16 16 0 0 0-16-16zm0-320H176a16 16 0 0 0-16 16v32a16 16 0 0 0 16 16h320a16 16 0 0 0 16-16V80a16 16 0 0 0-16-16zm0 160H176a16 16 0 0 0-16 16v32a16 16 0 0 0 16 16h320a16 16 0 0 0 16-16v-32a16 16 0 0 0-16-16z"></path></svg>								Soft skills\n		<!-- skill item -->\n								<ul>\n										<li>\n								Deep Learning, Neural Networks							\n											</li>\n										<li>\n								Support Vector Machines							\n											</li>\n										<li>\n								Cross-Functional Collaboration							\n											</li>\n										<li>\n								Time management							\n											</li>\n										<li>\n								Critical thinking							\n											</li>\n										<li>\n								Communication							\n											</li>\n										<li>\n								Project budgeting							\n											</li>\n										<li>\n								Business analysis							\n											</li>\n									</ul>', 'Skills', '', 'inherit', 'closed', 'closed', '', '1502-revision-v1', '', '', '2025-10-22 14:48:37', '2025-10-22 14:48:37', '', 1502, 'https://ikhsanaryaaa.xyz/?p=3286', 0, 'revision', '', 0),
(3287, 1, '2025-10-22 14:48:38', '2025-10-22 14:48:38', '<!-- Heading -->\n						<!-- title -->\n			<h2>\n				Skills\n			</h2>\n		<!-- skill item -->\n						<img src="http://ikhsanaryaaa.xyz/wp-content/uploads/2025/04/python-184x184.png" alt="Visual Design" />\n						Visual Design\n				90%							\n		<!-- skill item -->\n						<img src="http://ikhsanaryaaa.xyz/wp-content/uploads/2025/04/atom-184x184.png" alt="Photography" />\n						Photography\n				85%							\n		<!-- skill item -->\n						<img src="http://ikhsanaryaaa.xyz/wp-content/uploads/2025/04/risks2-184x184.png" alt="Creativity" />\n						Creativity\n				85%							\n		<!-- skill item -->\n						<img src="http://ikhsanaryaaa.xyz/wp-content/uploads/2025/04/database-184x184.png" alt="Problem Solving" />\n						Problem Solving\n				80%							\n		<!-- Heading -->\n						<!-- subtitle -->\n								<svg aria-hidden="true" viewBox="0 0 640 512" xmlns="http://www.w3.org/2000/svg"><path d="M512.1 191l-8.2 14.3c-3 5.3-9.4 7.5-15.1 5.4-11.8-4.4-22.6-10.7-32.1-18.6-4.6-3.8-5.8-10.5-2.8-15.7l8.2-14.3c-6.9-8-12.3-17.3-15.9-27.4h-16.5c-6 0-11.2-4.3-12.2-10.3-2-12-2.1-24.6 0-37.1 1-6 6.2-10.4 12.2-10.4h16.5c3.6-10.1 9-19.4 15.9-27.4l-8.2-14.3c-3-5.2-1.9-11.9 2.8-15.7 9.5-7.9 20.4-14.2 32.1-18.6 5.7-2.1 12.1.1 15.1 5.4l8.2 14.3c10.5-1.9 21.2-1.9 31.7 0L552 6.3c3-5.3 9.4-7.5 15.1-5.4 11.8 4.4 22.6 10.7 32.1 18.6 4.6 3.8 5.8 10.5 2.8 15.7l-8.2 14.3c6.9 8 12.3 17.3 15.9 27.4h16.5c6 0 11.2 4.3 12.2 10.3 2 12 2.1 24.6 0 37.1-1 6-6.2 10.4-12.2 10.4h-16.5c-3.6 10.1-9 19.4-15.9 27.4l8.2 14.3c3 5.2 1.9 11.9-2.8 15.7-9.5 7.9-20.4 14.2-32.1 18.6-5.7 2.1-12.1-.1-15.1-5.4l-8.2-14.3c-10.4 1.9-21.2 1.9-31.7 0zm-10.5-58.8c38.5 29.6 82.4-14.3 52.8-52.8-38.5-29.7-82.4 14.3-52.8 52.8zM386.3 286.1l33.7 16.8c10.1 5.8 14.5 18.1 10.5 29.1-8.9 24.2-26.4 46.4-42.6 65.8-7.4 8.9-20.2 11.1-30.3 5.3l-29.1-16.8c-16 13.7-34.6 24.6-54.9 31.7v33.6c0 11.6-8.3 21.6-19.7 23.6-24.6 4.2-50.4 4.4-75.9 0-11.5-2-20-11.9-20-23.6V418c-20.3-7.2-38.9-18-54.9-31.7L74 403c-10 5.8-22.9 3.6-30.3-5.3-16.2-19.4-33.3-41.6-42.2-65.7-4-10.9.4-23.2 10.5-29.1l33.3-16.8c-3.9-20.9-3.9-42.4 0-63.4L12 205.8c-10.1-5.8-14.6-18.1-10.5-29 8.9-24.2 26-46.4 42.2-65.8 7.4-8.9 20.2-11.1 30.3-5.3l29.1 16.8c16-13.7 34.6-24.6 54.9-31.7V57.1c0-11.5 8.2-21.5 19.6-23.5 24.6-4.2 50.5-4.4 76-.1 11.5 2 20 11.9 20 23.6v33.6c20.3 7.2 38.9 18 54.9 31.7l29.1-16.8c10-5.8 22.9-3.6 30.3 5.3 16.2 19.4 33.2 41.6 42.1 65.8 4 10.9.1 23.2-10 29.1l-33.7 16.8c3.9 21 3.9 42.5 0 63.5zm-117.6 21.1c59.2-77-28.7-164.9-105.7-105.7-59.2 77 28.7 164.9 105.7 105.7zm243.4 182.7l-8.2 14.3c-3 5.3-9.4 7.5-15.1 5.4-11.8-4.4-22.6-10.7-32.1-18.6-4.6-3.8-5.8-10.5-2.8-15.7l8.2-14.3c-6.9-8-12.3-17.3-15.9-27.4h-16.5c-6 0-11.2-4.3-12.2-10.3-2-12-2.1-24.6 0-37.1 1-6 6.2-10.4 12.2-10.4h16.5c3.6-10.1 9-19.4 15.9-27.4l-8.2-14.3c-3-5.2-1.9-11.9 2.8-15.7 9.5-7.9 20.4-14.2 32.1-18.6 5.7-2.1 12.1.1 15.1 5.4l8.2 14.3c10.5-1.9 21.2-1.9 31.7 0l8.2-14.3c3-5.3 9.4-7.5 15.1-5.4 11.8 4.4 22.6 10.7 32.1 18.6 4.6 3.8 5.8 10.5 2.8 15.7l-8.2 14.3c6.9 8 12.3 17.3 15.9 27.4h16.5c6 0 11.2 4.3 12.2 10.3 2 12 2.1 24.6 0 37.1-1 6-6.2 10.4-12.2 10.4h-16.5c-3.6 10.1-9 19.4-15.9 27.4l8.2 14.3c3 5.2 1.9 11.9-2.8 15.7-9.5 7.9-20.4 14.2-32.1 18.6-5.7 2.1-12.1-.1-15.1-5.4l-8.2-14.3c-10.4 1.9-21.2 1.9-31.7 0zM501.6 431c38.5 29.6 82.4-14.3 52.8-52.8-38.5-29.6-82.4 14.3-52.8 52.8z"></path></svg>								Tools\n		<!-- skill item -->\n								<ul>\n										<li>\n								Blender							\n														85%\n											</li>\n										<li>\n								Adobe Photoshop							\n														88%\n											</li>\n										<li>\n								Adobe Lightroom							\n														80%\n											</li>\n										<li>\n								Adobe InDesign							\n														80%\n											</li>\n										<li>\n								Substance 3D Painter							\n														80%\n											</li>\n										<li>\n								Adobe Illustrator							\n														75%\n											</li>\n										<li>\n								Adobe Premiere Pro							\n														90%\n											</li>\n										<li>\n								Adobe After Effects							\n														70%\n											</li>\n										<li>\n								Unity							\n														50%\n											</li>\n										<li>\n								Microsoft Office							\n														85%\n											</li>\n										<li>\n								Visual Studio							\n														50%\n											</li>\n										<li>\n								Camera Operation							\n														90%\n											</li>\n									</ul>\n		<!-- Heading -->\n						<!-- subtitle -->\n								<svg aria-hidden="true" viewBox="0 0 640 512" xmlns="http://www.w3.org/2000/svg"><path d="M152.1 236.2c-3.5-12.1-7.8-33.2-7.8-33.2h-.5s-4.3 21.1-7.8 33.2l-11.1 37.5H163zM616 96H336v320h280c13.3 0 24-10.7 24-24V120c0-13.3-10.7-24-24-24zm-24 120c0 6.6-5.4 12-12 12h-11.4c-6.9 23.6-21.7 47.4-42.7 69.9 8.4 6.4 17.1 12.5 26.1 18 5.5 3.4 7.3 10.5 4.1 16.2l-7.9 13.9c-3.4 5.9-10.9 7.8-16.7 4.3-12.6-7.8-24.5-16.1-35.4-24.9-10.9 8.7-22.7 17.1-35.4 24.9-5.8 3.5-13.3 1.6-16.7-4.3l-7.9-13.9c-3.2-5.6-1.4-12.8 4.2-16.2 9.3-5.7 18-11.7 26.1-18-7.9-8.4-14.9-17-21-25.7-4-5.7-2.2-13.6 3.7-17.1l6.5-3.9 7.3-4.3c5.4-3.2 12.4-1.7 16 3.4 5 7 10.8 14 17.4 20.9 13.5-14.2 23.8-28.9 30-43.2H412c-6.6 0-12-5.4-12-12v-16c0-6.6 5.4-12 12-12h64v-16c0-6.6 5.4-12 12-12h16c6.6 0 12 5.4 12 12v16h64c6.6 0 12 5.4 12 12zM0 120v272c0 13.3 10.7 24 24 24h280V96H24c-13.3 0-24 10.7-24 24zm58.9 216.1L116.4 167c1.7-4.9 6.2-8.1 11.4-8.1h32.5c5.1 0 9.7 3.3 11.4 8.1l57.5 169.1c2.6 7.8-3.1 15.9-11.4 15.9h-22.9a12 12 0 0 1-11.5-8.6l-9.4-31.9h-60.2l-9.1 31.8c-1.5 5.1-6.2 8.7-11.5 8.7H70.3c-8.2 0-14-8.1-11.4-15.9z"></path></svg>								Languages\n		<!-- skill item -->\n								<ul>\n										<li>\n								Indonesian							\n																					90%\n											</li>\n										<li>\n								English							\n																					55%\n											</li>\n										<li>\n								Arabic							\n																					35%\n											</li>\n									</ul>\n		<!-- Heading -->\n						<!-- subtitle -->\n								<svg aria-hidden="true" viewBox="0 0 512 512" xmlns="http://www.w3.org/2000/svg"><path d="M48 48a48 48 0 1 0 48 48 48 48 0 0 0-48-48zm0 160a48 48 0 1 0 48 48 48 48 0 0 0-48-48zm0 160a48 48 0 1 0 48 48 48 48 0 0 0-48-48zm448 16H176a16 16 0 0 0-16 16v32a16 16 0 0 0 16 16h320a16 16 0 0 0 16-16v-32a16 16 0 0 0-16-16zm0-320H176a16 16 0 0 0-16 16v32a16 16 0 0 0 16 16h320a16 16 0 0 0 16-16V80a16 16 0 0 0-16-16zm0 160H176a16 16 0 0 0-16 16v32a16 16 0 0 0 16 16h320a16 16 0 0 0 16-16v-32a16 16 0 0 0-16-16z"></path></svg>								Soft skills\n		<!-- skill item -->\n								<ul>\n										<li>\n								Teamwork							\n											</li>\n										<li>\n								Collaboration							\n											</li>\n										<li>\n								Critical thinking							\n											</li>\n										<li>\n								Communication							\n											</li>\n										<li>\n								Business analysis							\n											</li>\n										<li>\n								Time management							\n											</li>\n									</ul>', 'Skills', '', 'inherit', 'closed', 'closed', '', '1502-revision-v1', '', '', '2025-10-22 14:48:38', '2025-10-22 14:48:38', '', 1502, 'https://ikhsanaryaaa.xyz/?p=3287', 0, 'revision', '', 0),
(3288, 1, '2025-10-22 14:54:13', '2025-10-22 14:54:13', '', 'Icon__4', '', 'inherit', 'open', 'closed', '', 'icon__4', '', '', '2025-10-22 14:54:13', '2025-10-22 14:54:13', '', 0, 'http://ikhsanaryaaa.xyz/wp-content/uploads/2025/10/Icon__4.png', 0, 'attachment', 'image/png', 0),
(3289, 1, '2025-10-22 14:54:19', '2025-10-22 14:54:19', '', 'Icon__3', '', 'inherit', 'open', 'closed', '', 'icon__3', '', '', '2025-10-22 14:54:19', '2025-10-22 14:54:19', '', 0, 'http://ikhsanaryaaa.xyz/wp-content/uploads/2025/10/Icon__3.png', 0, 'attachment', 'image/png', 0),
(3290, 1, '2025-10-22 14:54:23', '2025-10-22 14:54:23', '', 'Icon__2', '', 'inherit', 'open', 'closed', '', 'icon__2', '', '', '2025-10-22 14:54:23', '2025-10-22 14:54:23', '', 0, 'http://ikhsanaryaaa.xyz/wp-content/uploads/2025/10/Icon__2.png', 0, 'attachment', 'image/png', 0),
(3291, 1, '2025-10-22 14:54:26', '2025-10-22 14:54:26', '', 'Icon__1', '', 'inherit', 'open', 'closed', '', 'icon__1', '', '', '2025-10-22 14:54:26', '2025-10-22 14:54:26', '', 0, 'http://ikhsanaryaaa.xyz/wp-content/uploads/2025/10/Icon__1.png', 0, 'attachment', 'image/png', 0),
(3292, 1, '2025-10-22 14:55:49', '2025-10-22 14:55:49', '<!-- Heading -->\n						<!-- title -->\n			<h2>\n				Skills\n			</h2>\n		<!-- skill item -->\n						<img src="http://ikhsanaryaaa.xyz/wp-content/uploads/2025/04/python-184x184.png" alt="Visual Design" />\n						Visual Design\n				90%							\n		<!-- skill item -->\n						<img src="http://ikhsanaryaaa.xyz/wp-content/uploads/2025/04/atom-184x184.png" alt="Photography" />\n						Photography\n				85%							\n		<!-- skill item -->\n						<img src="http://ikhsanaryaaa.xyz/wp-content/uploads/2025/04/risks2-184x184.png" alt="Creativity" />\n						Creativity\n				85%							\n		<!-- skill item -->\n						<img src="http://ikhsanaryaaa.xyz/wp-content/uploads/2025/04/database-184x184.png" alt="Problem Solving" />\n						Problem Solving\n				80%							\n		<!-- Heading -->\n						<!-- subtitle -->\n								<svg aria-hidden="true" viewBox="0 0 640 512" xmlns="http://www.w3.org/2000/svg"><path d="M512.1 191l-8.2 14.3c-3 5.3-9.4 7.5-15.1 5.4-11.8-4.4-22.6-10.7-32.1-18.6-4.6-3.8-5.8-10.5-2.8-15.7l8.2-14.3c-6.9-8-12.3-17.3-15.9-27.4h-16.5c-6 0-11.2-4.3-12.2-10.3-2-12-2.1-24.6 0-37.1 1-6 6.2-10.4 12.2-10.4h16.5c3.6-10.1 9-19.4 15.9-27.4l-8.2-14.3c-3-5.2-1.9-11.9 2.8-15.7 9.5-7.9 20.4-14.2 32.1-18.6 5.7-2.1 12.1.1 15.1 5.4l8.2 14.3c10.5-1.9 21.2-1.9 31.7 0L552 6.3c3-5.3 9.4-7.5 15.1-5.4 11.8 4.4 22.6 10.7 32.1 18.6 4.6 3.8 5.8 10.5 2.8 15.7l-8.2 14.3c6.9 8 12.3 17.3 15.9 27.4h16.5c6 0 11.2 4.3 12.2 10.3 2 12 2.1 24.6 0 37.1-1 6-6.2 10.4-12.2 10.4h-16.5c-3.6 10.1-9 19.4-15.9 27.4l8.2 14.3c3 5.2 1.9 11.9-2.8 15.7-9.5 7.9-20.4 14.2-32.1 18.6-5.7 2.1-12.1-.1-15.1-5.4l-8.2-14.3c-10.4 1.9-21.2 1.9-31.7 0zm-10.5-58.8c38.5 29.6 82.4-14.3 52.8-52.8-38.5-29.7-82.4 14.3-52.8 52.8zM386.3 286.1l33.7 16.8c10.1 5.8 14.5 18.1 10.5 29.1-8.9 24.2-26.4 46.4-42.6 65.8-7.4 8.9-20.2 11.1-30.3 5.3l-29.1-16.8c-16 13.7-34.6 24.6-54.9 31.7v33.6c0 11.6-8.3 21.6-19.7 23.6-24.6 4.2-50.4 4.4-75.9 0-11.5-2-20-11.9-20-23.6V418c-20.3-7.2-38.9-18-54.9-31.7L74 403c-10 5.8-22.9 3.6-30.3-5.3-16.2-19.4-33.3-41.6-42.2-65.7-4-10.9.4-23.2 10.5-29.1l33.3-16.8c-3.9-20.9-3.9-42.4 0-63.4L12 205.8c-10.1-5.8-14.6-18.1-10.5-29 8.9-24.2 26-46.4 42.2-65.8 7.4-8.9 20.2-11.1 30.3-5.3l29.1 16.8c16-13.7 34.6-24.6 54.9-31.7V57.1c0-11.5 8.2-21.5 19.6-23.5 24.6-4.2 50.5-4.4 76-.1 11.5 2 20 11.9 20 23.6v33.6c20.3 7.2 38.9 18 54.9 31.7l29.1-16.8c10-5.8 22.9-3.6 30.3 5.3 16.2 19.4 33.2 41.6 42.1 65.8 4 10.9.1 23.2-10 29.1l-33.7 16.8c3.9 21 3.9 42.5 0 63.5zm-117.6 21.1c59.2-77-28.7-164.9-105.7-105.7-59.2 77 28.7 164.9 105.7 105.7zm243.4 182.7l-8.2 14.3c-3 5.3-9.4 7.5-15.1 5.4-11.8-4.4-22.6-10.7-32.1-18.6-4.6-3.8-5.8-10.5-2.8-15.7l8.2-14.3c-6.9-8-12.3-17.3-15.9-27.4h-16.5c-6 0-11.2-4.3-12.2-10.3-2-12-2.1-24.6 0-37.1 1-6 6.2-10.4 12.2-10.4h16.5c3.6-10.1 9-19.4 15.9-27.4l-8.2-14.3c-3-5.2-1.9-11.9 2.8-15.7 9.5-7.9 20.4-14.2 32.1-18.6 5.7-2.1 12.1.1 15.1 5.4l8.2 14.3c10.5-1.9 21.2-1.9 31.7 0l8.2-14.3c3-5.3 9.4-7.5 15.1-5.4 11.8 4.4 22.6 10.7 32.1 18.6 4.6 3.8 5.8 10.5 2.8 15.7l-8.2 14.3c6.9 8 12.3 17.3 15.9 27.4h16.5c6 0 11.2 4.3 12.2 10.3 2 12 2.1 24.6 0 37.1-1 6-6.2 10.4-12.2 10.4h-16.5c-3.6 10.1-9 19.4-15.9 27.4l8.2 14.3c3 5.2 1.9 11.9-2.8 15.7-9.5 7.9-20.4 14.2-32.1 18.6-5.7 2.1-12.1-.1-15.1-5.4l-8.2-14.3c-10.4 1.9-21.2 1.9-31.7 0zM501.6 431c38.5 29.6 82.4-14.3 52.8-52.8-38.5-29.6-82.4 14.3-52.8 52.8z"></path></svg>								Tools\n		<!-- skill item -->\n								<ul>\n										<li>\n								Blender							\n														85%\n											</li>\n										<li>\n								Adobe Photoshop							\n														88%\n											</li>\n										<li>\n								Adobe Lightroom							\n														80%\n											</li>\n										<li>\n								Adobe InDesign							\n														80%\n											</li>\n										<li>\n								Substance 3D Painter							\n														80%\n											</li>\n										<li>\n								Adobe Illustrator							\n														75%\n											</li>\n										<li>\n								Adobe Premiere Pro							\n														90%\n											</li>\n										<li>\n								Adobe After Effects							\n														70%\n											</li>\n										<li>\n								Unity							\n														50%\n											</li>\n										<li>\n								Microsoft Office							\n														85%\n											</li>\n										<li>\n								Visual Studio							\n														50%\n											</li>\n										<li>\n								Camera Operation							\n														90%\n											</li>\n									</ul>\n		<!-- Heading -->\n						<!-- subtitle -->\n								<svg aria-hidden="true" viewBox="0 0 640 512" xmlns="http://www.w3.org/2000/svg"><path d="M152.1 236.2c-3.5-12.1-7.8-33.2-7.8-33.2h-.5s-4.3 21.1-7.8 33.2l-11.1 37.5H163zM616 96H336v320h280c13.3 0 24-10.7 24-24V120c0-13.3-10.7-24-24-24zm-24 120c0 6.6-5.4 12-12 12h-11.4c-6.9 23.6-21.7 47.4-42.7 69.9 8.4 6.4 17.1 12.5 26.1 18 5.5 3.4 7.3 10.5 4.1 16.2l-7.9 13.9c-3.4 5.9-10.9 7.8-16.7 4.3-12.6-7.8-24.5-16.1-35.4-24.9-10.9 8.7-22.7 17.1-35.4 24.9-5.8 3.5-13.3 1.6-16.7-4.3l-7.9-13.9c-3.2-5.6-1.4-12.8 4.2-16.2 9.3-5.7 18-11.7 26.1-18-7.9-8.4-14.9-17-21-25.7-4-5.7-2.2-13.6 3.7-17.1l6.5-3.9 7.3-4.3c5.4-3.2 12.4-1.7 16 3.4 5 7 10.8 14 17.4 20.9 13.5-14.2 23.8-28.9 30-43.2H412c-6.6 0-12-5.4-12-12v-16c0-6.6 5.4-12 12-12h64v-16c0-6.6 5.4-12 12-12h16c6.6 0 12 5.4 12 12v16h64c6.6 0 12 5.4 12 12zM0 120v272c0 13.3 10.7 24 24 24h280V96H24c-13.3 0-24 10.7-24 24zm58.9 216.1L116.4 167c1.7-4.9 6.2-8.1 11.4-8.1h32.5c5.1 0 9.7 3.3 11.4 8.1l57.5 169.1c2.6 7.8-3.1 15.9-11.4 15.9h-22.9a12 12 0 0 1-11.5-8.6l-9.4-31.9h-60.2l-9.1 31.8c-1.5 5.1-6.2 8.7-11.5 8.7H70.3c-8.2 0-14-8.1-11.4-15.9z"></path></svg>								Languages\n		<!-- skill item -->\n								<ul>\n										<li>\n								Indonesian							\n																					90%\n											</li>\n										<li>\n								English							\n																					55%\n											</li>\n										<li>\n								Arabic							\n																					35%\n											</li>\n									</ul>\n		<!-- Heading -->\n						<!-- subtitle -->\n								<svg aria-hidden="true" viewBox="0 0 512 512" xmlns="http://www.w3.org/2000/svg"><path d="M48 48a48 48 0 1 0 48 48 48 48 0 0 0-48-48zm0 160a48 48 0 1 0 48 48 48 48 0 0 0-48-48zm0 160a48 48 0 1 0 48 48 48 48 0 0 0-48-48zm448 16H176a16 16 0 0 0-16 16v32a16 16 0 0 0 16 16h320a16 16 0 0 0 16-16v-32a16 16 0 0 0-16-16zm0-320H176a16 16 0 0 0-16 16v32a16 16 0 0 0 16 16h320a16 16 0 0 0 16-16V80a16 16 0 0 0-16-16zm0 160H176a16 16 0 0 0-16 16v32a16 16 0 0 0 16 16h320a16 16 0 0 0 16-16v-32a16 16 0 0 0-16-16z"></path></svg>								Soft skills\n		<!-- skill item -->\n								<ul>\n										<li>\n								Teamwork							\n											</li>\n										<li>\n								Collaboration							\n											</li>\n										<li>\n								Critical thinking							\n											</li>\n										<li>\n								Communication							\n											</li>\n										<li>\n								Business analysis							\n											</li>\n										<li>\n								Time management							\n											</li>\n									</ul>', 'Skills', '', 'inherit', 'closed', 'closed', '', '1502-revision-v1', '', '', '2025-10-22 14:55:49', '2025-10-22 14:55:49', '', 1502, 'https://ikhsanaryaaa.xyz/?p=3292', 0, 'revision', '', 0),
(3293, 1, '2025-10-22 14:55:50', '2025-10-22 14:55:50', '<!-- Heading -->\n						<!-- title -->\n			<h2>\n				Skills\n			</h2>\n		<!-- skill item -->\n						<img src="http://ikhsanaryaaa.xyz/wp-content/uploads/2025/04/python-184x184.png" alt="Visual Design" />\n						Visual Design\n				90%							\n		<!-- skill item -->\n						<img src="http://ikhsanaryaaa.xyz/wp-content/uploads/2025/04/atom-184x184.png" alt="Photography" />\n						Photography\n				85%							\n		<!-- skill item -->\n						<img src="http://ikhsanaryaaa.xyz/wp-content/uploads/2025/04/risks2-184x184.png" alt="Creativity" />\n						Creativity\n				85%							\n		<!-- skill item -->\n						<img src="http://ikhsanaryaaa.xyz/wp-content/uploads/2025/04/database-184x184.png" alt="Problem Solving" />\n						Problem Solving\n				80%							\n		<!-- Heading -->\n						<!-- subtitle -->\n								<svg aria-hidden="true" viewBox="0 0 640 512" xmlns="http://www.w3.org/2000/svg"><path d="M512.1 191l-8.2 14.3c-3 5.3-9.4 7.5-15.1 5.4-11.8-4.4-22.6-10.7-32.1-18.6-4.6-3.8-5.8-10.5-2.8-15.7l8.2-14.3c-6.9-8-12.3-17.3-15.9-27.4h-16.5c-6 0-11.2-4.3-12.2-10.3-2-12-2.1-24.6 0-37.1 1-6 6.2-10.4 12.2-10.4h16.5c3.6-10.1 9-19.4 15.9-27.4l-8.2-14.3c-3-5.2-1.9-11.9 2.8-15.7 9.5-7.9 20.4-14.2 32.1-18.6 5.7-2.1 12.1.1 15.1 5.4l8.2 14.3c10.5-1.9 21.2-1.9 31.7 0L552 6.3c3-5.3 9.4-7.5 15.1-5.4 11.8 4.4 22.6 10.7 32.1 18.6 4.6 3.8 5.8 10.5 2.8 15.7l-8.2 14.3c6.9 8 12.3 17.3 15.9 27.4h16.5c6 0 11.2 4.3 12.2 10.3 2 12 2.1 24.6 0 37.1-1 6-6.2 10.4-12.2 10.4h-16.5c-3.6 10.1-9 19.4-15.9 27.4l8.2 14.3c3 5.2 1.9 11.9-2.8 15.7-9.5 7.9-20.4 14.2-32.1 18.6-5.7 2.1-12.1-.1-15.1-5.4l-8.2-14.3c-10.4 1.9-21.2 1.9-31.7 0zm-10.5-58.8c38.5 29.6 82.4-14.3 52.8-52.8-38.5-29.7-82.4 14.3-52.8 52.8zM386.3 286.1l33.7 16.8c10.1 5.8 14.5 18.1 10.5 29.1-8.9 24.2-26.4 46.4-42.6 65.8-7.4 8.9-20.2 11.1-30.3 5.3l-29.1-16.8c-16 13.7-34.6 24.6-54.9 31.7v33.6c0 11.6-8.3 21.6-19.7 23.6-24.6 4.2-50.4 4.4-75.9 0-11.5-2-20-11.9-20-23.6V418c-20.3-7.2-38.9-18-54.9-31.7L74 403c-10 5.8-22.9 3.6-30.3-5.3-16.2-19.4-33.3-41.6-42.2-65.7-4-10.9.4-23.2 10.5-29.1l33.3-16.8c-3.9-20.9-3.9-42.4 0-63.4L12 205.8c-10.1-5.8-14.6-18.1-10.5-29 8.9-24.2 26-46.4 42.2-65.8 7.4-8.9 20.2-11.1 30.3-5.3l29.1 16.8c16-13.7 34.6-24.6 54.9-31.7V57.1c0-11.5 8.2-21.5 19.6-23.5 24.6-4.2 50.5-4.4 76-.1 11.5 2 20 11.9 20 23.6v33.6c20.3 7.2 38.9 18 54.9 31.7l29.1-16.8c10-5.8 22.9-3.6 30.3 5.3 16.2 19.4 33.2 41.6 42.1 65.8 4 10.9.1 23.2-10 29.1l-33.7 16.8c3.9 21 3.9 42.5 0 63.5zm-117.6 21.1c59.2-77-28.7-164.9-105.7-105.7-59.2 77 28.7 164.9 105.7 105.7zm243.4 182.7l-8.2 14.3c-3 5.3-9.4 7.5-15.1 5.4-11.8-4.4-22.6-10.7-32.1-18.6-4.6-3.8-5.8-10.5-2.8-15.7l8.2-14.3c-6.9-8-12.3-17.3-15.9-27.4h-16.5c-6 0-11.2-4.3-12.2-10.3-2-12-2.1-24.6 0-37.1 1-6 6.2-10.4 12.2-10.4h16.5c3.6-10.1 9-19.4 15.9-27.4l-8.2-14.3c-3-5.2-1.9-11.9 2.8-15.7 9.5-7.9 20.4-14.2 32.1-18.6 5.7-2.1 12.1.1 15.1 5.4l8.2 14.3c10.5-1.9 21.2-1.9 31.7 0l8.2-14.3c3-5.3 9.4-7.5 15.1-5.4 11.8 4.4 22.6 10.7 32.1 18.6 4.6 3.8 5.8 10.5 2.8 15.7l-8.2 14.3c6.9 8 12.3 17.3 15.9 27.4h16.5c6 0 11.2 4.3 12.2 10.3 2 12 2.1 24.6 0 37.1-1 6-6.2 10.4-12.2 10.4h-16.5c-3.6 10.1-9 19.4-15.9 27.4l8.2 14.3c3 5.2 1.9 11.9-2.8 15.7-9.5 7.9-20.4 14.2-32.1 18.6-5.7 2.1-12.1-.1-15.1-5.4l-8.2-14.3c-10.4 1.9-21.2 1.9-31.7 0zM501.6 431c38.5 29.6 82.4-14.3 52.8-52.8-38.5-29.6-82.4 14.3-52.8 52.8z"></path></svg>								Tools\n		<!-- skill item -->\n								<ul>\n										<li>\n								Blender							\n														85%\n											</li>\n										<li>\n								Adobe Photoshop							\n														88%\n											</li>\n										<li>\n								Adobe Lightroom							\n														80%\n											</li>\n										<li>\n								Adobe InDesign							\n														80%\n											</li>\n										<li>\n								Substance 3D Painter							\n														80%\n											</li>\n										<li>\n								Adobe Illustrator							\n														75%\n											</li>\n										<li>\n								Adobe Premiere Pro							\n														90%\n											</li>\n										<li>\n								Adobe After Effects							\n														70%\n											</li>\n										<li>\n								Unity							\n														50%\n											</li>\n										<li>\n								Microsoft Office							\n														85%\n											</li>\n										<li>\n								Visual Studio							\n														50%\n											</li>\n										<li>\n								Camera Operation							\n														90%\n											</li>\n									</ul>\n		<!-- Heading -->\n						<!-- subtitle -->\n								<svg aria-hidden="true" viewBox="0 0 640 512" xmlns="http://www.w3.org/2000/svg"><path d="M152.1 236.2c-3.5-12.1-7.8-33.2-7.8-33.2h-.5s-4.3 21.1-7.8 33.2l-11.1 37.5H163zM616 96H336v320h280c13.3 0 24-10.7 24-24V120c0-13.3-10.7-24-24-24zm-24 120c0 6.6-5.4 12-12 12h-11.4c-6.9 23.6-21.7 47.4-42.7 69.9 8.4 6.4 17.1 12.5 26.1 18 5.5 3.4 7.3 10.5 4.1 16.2l-7.9 13.9c-3.4 5.9-10.9 7.8-16.7 4.3-12.6-7.8-24.5-16.1-35.4-24.9-10.9 8.7-22.7 17.1-35.4 24.9-5.8 3.5-13.3 1.6-16.7-4.3l-7.9-13.9c-3.2-5.6-1.4-12.8 4.2-16.2 9.3-5.7 18-11.7 26.1-18-7.9-8.4-14.9-17-21-25.7-4-5.7-2.2-13.6 3.7-17.1l6.5-3.9 7.3-4.3c5.4-3.2 12.4-1.7 16 3.4 5 7 10.8 14 17.4 20.9 13.5-14.2 23.8-28.9 30-43.2H412c-6.6 0-12-5.4-12-12v-16c0-6.6 5.4-12 12-12h64v-16c0-6.6 5.4-12 12-12h16c6.6 0 12 5.4 12 12v16h64c6.6 0 12 5.4 12 12zM0 120v272c0 13.3 10.7 24 24 24h280V96H24c-13.3 0-24 10.7-24 24zm58.9 216.1L116.4 167c1.7-4.9 6.2-8.1 11.4-8.1h32.5c5.1 0 9.7 3.3 11.4 8.1l57.5 169.1c2.6 7.8-3.1 15.9-11.4 15.9h-22.9a12 12 0 0 1-11.5-8.6l-9.4-31.9h-60.2l-9.1 31.8c-1.5 5.1-6.2 8.7-11.5 8.7H70.3c-8.2 0-14-8.1-11.4-15.9z"></path></svg>								Languages\n		<!-- skill item -->\n								<ul>\n										<li>\n								Indonesian							\n																					90%\n											</li>\n										<li>\n								English							\n																					55%\n											</li>\n										<li>\n								Arabic							\n																					35%\n											</li>\n									</ul>\n		<!-- Heading -->\n						<!-- subtitle -->\n								<svg aria-hidden="true" viewBox="0 0 512 512" xmlns="http://www.w3.org/2000/svg"><path d="M48 48a48 48 0 1 0 48 48 48 48 0 0 0-48-48zm0 160a48 48 0 1 0 48 48 48 48 0 0 0-48-48zm0 160a48 48 0 1 0 48 48 48 48 0 0 0-48-48zm448 16H176a16 16 0 0 0-16 16v32a16 16 0 0 0 16 16h320a16 16 0 0 0 16-16v-32a16 16 0 0 0-16-16zm0-320H176a16 16 0 0 0-16 16v32a16 16 0 0 0 16 16h320a16 16 0 0 0 16-16V80a16 16 0 0 0-16-16zm0 160H176a16 16 0 0 0-16 16v32a16 16 0 0 0 16 16h320a16 16 0 0 0 16-16v-32a16 16 0 0 0-16-16z"></path></svg>								Soft skills\n		<!-- skill item -->\n								<ul>\n										<li>\n								Teamwork							\n											</li>\n										<li>\n								Collaboration							\n											</li>\n										<li>\n								Critical thinking							\n											</li>\n										<li>\n								Communication							\n											</li>\n										<li>\n								Business analysis							\n											</li>\n										<li>\n								Time management							\n											</li>\n									</ul>', 'Skills', '', 'inherit', 'closed', 'closed', '', '1502-revision-v1', '', '', '2025-10-22 14:55:50', '2025-10-22 14:55:50', '', 1502, 'https://ikhsanaryaaa.xyz/?p=3293', 0, 'revision', '', 0),
(3294, 1, '2025-10-22 14:55:50', '2025-10-22 14:55:50', '<!-- Heading -->\n						<!-- title -->\n			<h2>\n				Skills\n			</h2>\n		<!-- skill item -->\n						<img src="http://ikhsanaryaaa.xyz/wp-content/uploads/2025/10/Icon__1-184x184.png" alt="Visual Design" />\n						Visual Design\n				90%							\n		<!-- skill item -->\n						<img src="http://ikhsanaryaaa.xyz/wp-content/uploads/2025/10/Icon__4-184x184.png" alt="Photography" />\n						Photography\n				85%							\n		<!-- skill item -->\n						<img src="http://ikhsanaryaaa.xyz/wp-content/uploads/2025/10/Icon__2-184x184.png" alt="Creativity" />\n						Creativity\n				85%							\n		<!-- skill item -->\n						<img src="http://ikhsanaryaaa.xyz/wp-content/uploads/2025/10/Icon__3-184x184.png" alt="Problem Solving" />\n						Problem Solving\n				80%							\n		<!-- Heading -->\n						<!-- subtitle -->\n								<svg aria-hidden="true" viewBox="0 0 640 512" xmlns="http://www.w3.org/2000/svg"><path d="M512.1 191l-8.2 14.3c-3 5.3-9.4 7.5-15.1 5.4-11.8-4.4-22.6-10.7-32.1-18.6-4.6-3.8-5.8-10.5-2.8-15.7l8.2-14.3c-6.9-8-12.3-17.3-15.9-27.4h-16.5c-6 0-11.2-4.3-12.2-10.3-2-12-2.1-24.6 0-37.1 1-6 6.2-10.4 12.2-10.4h16.5c3.6-10.1 9-19.4 15.9-27.4l-8.2-14.3c-3-5.2-1.9-11.9 2.8-15.7 9.5-7.9 20.4-14.2 32.1-18.6 5.7-2.1 12.1.1 15.1 5.4l8.2 14.3c10.5-1.9 21.2-1.9 31.7 0L552 6.3c3-5.3 9.4-7.5 15.1-5.4 11.8 4.4 22.6 10.7 32.1 18.6 4.6 3.8 5.8 10.5 2.8 15.7l-8.2 14.3c6.9 8 12.3 17.3 15.9 27.4h16.5c6 0 11.2 4.3 12.2 10.3 2 12 2.1 24.6 0 37.1-1 6-6.2 10.4-12.2 10.4h-16.5c-3.6 10.1-9 19.4-15.9 27.4l8.2 14.3c3 5.2 1.9 11.9-2.8 15.7-9.5 7.9-20.4 14.2-32.1 18.6-5.7 2.1-12.1-.1-15.1-5.4l-8.2-14.3c-10.4 1.9-21.2 1.9-31.7 0zm-10.5-58.8c38.5 29.6 82.4-14.3 52.8-52.8-38.5-29.7-82.4 14.3-52.8 52.8zM386.3 286.1l33.7 16.8c10.1 5.8 14.5 18.1 10.5 29.1-8.9 24.2-26.4 46.4-42.6 65.8-7.4 8.9-20.2 11.1-30.3 5.3l-29.1-16.8c-16 13.7-34.6 24.6-54.9 31.7v33.6c0 11.6-8.3 21.6-19.7 23.6-24.6 4.2-50.4 4.4-75.9 0-11.5-2-20-11.9-20-23.6V418c-20.3-7.2-38.9-18-54.9-31.7L74 403c-10 5.8-22.9 3.6-30.3-5.3-16.2-19.4-33.3-41.6-42.2-65.7-4-10.9.4-23.2 10.5-29.1l33.3-16.8c-3.9-20.9-3.9-42.4 0-63.4L12 205.8c-10.1-5.8-14.6-18.1-10.5-29 8.9-24.2 26-46.4 42.2-65.8 7.4-8.9 20.2-11.1 30.3-5.3l29.1 16.8c16-13.7 34.6-24.6 54.9-31.7V57.1c0-11.5 8.2-21.5 19.6-23.5 24.6-4.2 50.5-4.4 76-.1 11.5 2 20 11.9 20 23.6v33.6c20.3 7.2 38.9 18 54.9 31.7l29.1-16.8c10-5.8 22.9-3.6 30.3 5.3 16.2 19.4 33.2 41.6 42.1 65.8 4 10.9.1 23.2-10 29.1l-33.7 16.8c3.9 21 3.9 42.5 0 63.5zm-117.6 21.1c59.2-77-28.7-164.9-105.7-105.7-59.2 77 28.7 164.9 105.7 105.7zm243.4 182.7l-8.2 14.3c-3 5.3-9.4 7.5-15.1 5.4-11.8-4.4-22.6-10.7-32.1-18.6-4.6-3.8-5.8-10.5-2.8-15.7l8.2-14.3c-6.9-8-12.3-17.3-15.9-27.4h-16.5c-6 0-11.2-4.3-12.2-10.3-2-12-2.1-24.6 0-37.1 1-6 6.2-10.4 12.2-10.4h16.5c3.6-10.1 9-19.4 15.9-27.4l-8.2-14.3c-3-5.2-1.9-11.9 2.8-15.7 9.5-7.9 20.4-14.2 32.1-18.6 5.7-2.1 12.1.1 15.1 5.4l8.2 14.3c10.5-1.9 21.2-1.9 31.7 0l8.2-14.3c3-5.3 9.4-7.5 15.1-5.4 11.8 4.4 22.6 10.7 32.1 18.6 4.6 3.8 5.8 10.5 2.8 15.7l-8.2 14.3c6.9 8 12.3 17.3 15.9 27.4h16.5c6 0 11.2 4.3 12.2 10.3 2 12 2.1 24.6 0 37.1-1 6-6.2 10.4-12.2 10.4h-16.5c-3.6 10.1-9 19.4-15.9 27.4l8.2 14.3c3 5.2 1.9 11.9-2.8 15.7-9.5 7.9-20.4 14.2-32.1 18.6-5.7 2.1-12.1-.1-15.1-5.4l-8.2-14.3c-10.4 1.9-21.2 1.9-31.7 0zM501.6 431c38.5 29.6 82.4-14.3 52.8-52.8-38.5-29.6-82.4 14.3-52.8 52.8z"></path></svg>								Tools\n		<!-- skill item -->\n								<ul>\n										<li>\n								Blender							\n														85%\n											</li>\n										<li>\n								Adobe Photoshop							\n														88%\n											</li>\n										<li>\n								Adobe Lightroom							\n														80%\n											</li>\n										<li>\n								Adobe InDesign							\n														80%\n											</li>\n										<li>\n								Substance 3D Painter							\n														80%\n											</li>\n										<li>\n								Adobe Illustrator							\n														75%\n											</li>\n										<li>\n								Adobe Premiere Pro							\n														90%\n											</li>\n										<li>\n								Adobe After Effects							\n														70%\n											</li>\n										<li>\n								Unity							\n														50%\n											</li>\n										<li>\n								Microsoft Office							\n														85%\n											</li>\n										<li>\n								Visual Studio							\n														50%\n											</li>\n										<li>\n								Camera Operation							\n														90%\n											</li>\n									</ul>\n		<!-- Heading -->\n						<!-- subtitle -->\n								<svg aria-hidden="true" viewBox="0 0 640 512" xmlns="http://www.w3.org/2000/svg"><path d="M152.1 236.2c-3.5-12.1-7.8-33.2-7.8-33.2h-.5s-4.3 21.1-7.8 33.2l-11.1 37.5H163zM616 96H336v320h280c13.3 0 24-10.7 24-24V120c0-13.3-10.7-24-24-24zm-24 120c0 6.6-5.4 12-12 12h-11.4c-6.9 23.6-21.7 47.4-42.7 69.9 8.4 6.4 17.1 12.5 26.1 18 5.5 3.4 7.3 10.5 4.1 16.2l-7.9 13.9c-3.4 5.9-10.9 7.8-16.7 4.3-12.6-7.8-24.5-16.1-35.4-24.9-10.9 8.7-22.7 17.1-35.4 24.9-5.8 3.5-13.3 1.6-16.7-4.3l-7.9-13.9c-3.2-5.6-1.4-12.8 4.2-16.2 9.3-5.7 18-11.7 26.1-18-7.9-8.4-14.9-17-21-25.7-4-5.7-2.2-13.6 3.7-17.1l6.5-3.9 7.3-4.3c5.4-3.2 12.4-1.7 16 3.4 5 7 10.8 14 17.4 20.9 13.5-14.2 23.8-28.9 30-43.2H412c-6.6 0-12-5.4-12-12v-16c0-6.6 5.4-12 12-12h64v-16c0-6.6 5.4-12 12-12h16c6.6 0 12 5.4 12 12v16h64c6.6 0 12 5.4 12 12zM0 120v272c0 13.3 10.7 24 24 24h280V96H24c-13.3 0-24 10.7-24 24zm58.9 216.1L116.4 167c1.7-4.9 6.2-8.1 11.4-8.1h32.5c5.1 0 9.7 3.3 11.4 8.1l57.5 169.1c2.6 7.8-3.1 15.9-11.4 15.9h-22.9a12 12 0 0 1-11.5-8.6l-9.4-31.9h-60.2l-9.1 31.8c-1.5 5.1-6.2 8.7-11.5 8.7H70.3c-8.2 0-14-8.1-11.4-15.9z"></path></svg>								Languages\n		<!-- skill item -->\n								<ul>\n										<li>\n								Indonesian							\n																					90%\n											</li>\n										<li>\n								English							\n																					55%\n											</li>\n										<li>\n								Arabic							\n																					35%\n											</li>\n									</ul>\n		<!-- Heading -->\n						<!-- subtitle -->\n								<svg aria-hidden="true" viewBox="0 0 512 512" xmlns="http://www.w3.org/2000/svg"><path d="M48 48a48 48 0 1 0 48 48 48 48 0 0 0-48-48zm0 160a48 48 0 1 0 48 48 48 48 0 0 0-48-48zm0 160a48 48 0 1 0 48 48 48 48 0 0 0-48-48zm448 16H176a16 16 0 0 0-16 16v32a16 16 0 0 0 16 16h320a16 16 0 0 0 16-16v-32a16 16 0 0 0-16-16zm0-320H176a16 16 0 0 0-16 16v32a16 16 0 0 0 16 16h320a16 16 0 0 0 16-16V80a16 16 0 0 0-16-16zm0 160H176a16 16 0 0 0-16 16v32a16 16 0 0 0 16 16h320a16 16 0 0 0 16-16v-32a16 16 0 0 0-16-16z"></path></svg>								Soft skills\n		<!-- skill item -->\n								<ul>\n										<li>\n								Teamwork							\n											</li>\n										<li>\n								Collaboration							\n											</li>\n										<li>\n								Critical thinking							\n											</li>\n										<li>\n								Communication							\n											</li>\n										<li>\n								Business analysis							\n											</li>\n										<li>\n								Time management							\n											</li>\n									</ul>', 'Skills', '', 'inherit', 'closed', 'closed', '', '1502-revision-v1', '', '', '2025-10-22 14:55:50', '2025-10-22 14:55:50', '', 1502, 'https://ikhsanaryaaa.xyz/?p=3294', 0, 'revision', '', 0);
INSERT INTO `iam_dbposts` VALUES
(3295, 1, '2025-10-22 20:52:39', '2025-10-22 20:52:39', '<!-- Heading -->\n						<!-- title -->\n			<h2>\n				SERVICES\n			</h2>\n		<!-- services item -->\n						<img src="https://bslthemes.com/import/ryancv/ml-engineer/2025/04/serv-1g-184x184.png" alt="Artificial Intelligence for IT Operations" />\n							4 Developers\n							Artificial Intelligence for IT Operations\n					<p>Artificial intelligence, machine learning, monitoring and big data analytics to automate. Detect, diagnose, and resolve issues more efficiently than traditional methods.</p>				\n												<a href="#contact-form">\n					Get Started\n				</a>\n		<!-- services item -->\n						<img src="https://bslthemes.com/import/ryancv/ml-engineer/2025/04/serv-2g-184x151.png" alt="Generative AI Software Development" />\n							5 Developers\n							Generative AI Software Development\n					<p>We offer generative AI solutions to a variety of needs, including adaptive design, content, image generation, and rapid prototyping, allowing you to improve productivity.</p>				\n												<a href="#contact-form">\n					Get Started\n				</a>\n		<!-- services item -->\n						<img src="https://bslthemes.com/import/ryancv/ml-engineer/2025/04/serv-3g-184x184.png" alt="Learning Engineer for Social Media Platforms" />\n							3 Developers\n							Learning Engineer for Social Media Platforms\n					<p>Develop and optimize AI-powered solutions for major social media platforms like Instagram, Twitter, TikTok. Work on building intelligent models for content, analysis and moderation.</p>				\n												<a href="#contact-form">\n					Get Started\n				</a>\n		<!-- services item -->\n						<img src="https://bslthemes.com/import/ryancv/ml-engineer/2025/04/serv-4g-184x190.png" alt="AI ChatBot for Customer Support" />\n							2 Developers\n							AI ChatBot for Customer Support\n					<p>Design and implement an AI-based customer service chatbot. Automated the customer service chatbot using NLP techniques, reducing and improving response time by 50%.</p>				\n												<a href="#contact-form">\n					Get Started\n				</a>\n		<!-- Heading -->\n						<!-- subtitle -->\n								<svg aria-hidden="true" viewBox="0 0 576 512" xmlns="http://www.w3.org/2000/svg"><path d="M271.06,144.3l54.27,14.3a8.59,8.59,0,0,1,6.63,8.1c0,4.6-4.09,8.4-9.12,8.4h-35.6a30,30,0,0,1-11.19-2.2c-5.24-2.2-11.28-1.7-15.3,2l-19,17.5a11.68,11.68,0,0,0-2.25,2.66,11.42,11.42,0,0,0,3.88,15.74,83.77,83.77,0,0,0,34.51,11.5V240c0,8.8,7.83,16,17.37,16h17.37c9.55,0,17.38-7.2,17.38-16V222.4c32.93-3.6,57.84-31,53.5-63-3.15-23-22.46-41.3-46.56-47.7L282.68,97.4a8.59,8.59,0,0,1-6.63-8.1c0-4.6,4.09-8.4,9.12-8.4h35.6A30,30,0,0,1,332,83.1c5.23,2.2,11.28,1.7,15.3-2l19-17.5A11.31,11.31,0,0,0,368.47,61a11.43,11.43,0,0,0-3.84-15.78,83.82,83.82,0,0,0-34.52-11.5V16c0-8.8-7.82-16-17.37-16H295.37C285.82,0,278,7.2,278,16V33.6c-32.89,3.6-57.85,31-53.51,63C227.63,119.6,247,137.9,271.06,144.3ZM565.27,328.1c-11.8-10.7-30.2-10-42.6,0L430.27,402a63.64,63.64,0,0,1-40,14H272a16,16,0,0,1,0-32h78.29c15.9,0,30.71-10.9,33.25-26.6a31.2,31.2,0,0,0,.46-5.46A32,32,0,0,0,352,320H192a117.66,117.66,0,0,0-74.1,26.29L71.4,384H16A16,16,0,0,0,0,400v96a16,16,0,0,0,16,16H372.77a64,64,0,0,0,40-14L564,377a32,32,0,0,0,1.28-48.9Z"></path></svg>								Pricing\n									<!-- title -->\n			<h3>\n				Amazing Pricing For Your Projects\n			</h3>\n		<!-- Price Tables -->\n						per hour / 2 dev					\n						$49					\n												<a href="#contact-form">\n							Order Now						\n				</a>\n						<ul>\n 	<li>Learning Engineer for Social Media.</li>\n 	<li>Generative AI Software Development.</li>\n 	<li>Artificial Intelligence for IT Operations.</li>\n 	<li>Customer Support Chatbot.</li>\n</ul>					\n		<!-- Price Tables -->\n						per day / 4 dev					\n						$159					\n												<a href="#contact-form">\n							Order Now						\n				</a>\n						<ul><li>Learning Engineer for Social Media.</li><li>Generative AI Software Development.</li><li>Artificial Intelligence for IT Operations.</li><li>Customer Support Chatbot.</li></ul>', 'Services', '', 'inherit', 'closed', 'closed', '', '1595-revision-v1', '', '', '2025-10-22 20:52:39', '2025-10-22 20:52:39', '', 1595, 'https://ikhsanaryaaa.xyz/?p=3295', 0, 'revision', '', 0),
(3296, 1, '2025-10-22 20:52:39', '2025-10-22 20:52:39', '<!-- Heading -->\n						<!-- title -->\n			<h2>\n				SERVICES\n			</h2>\n		<!-- services item -->\n						<img src="https://bslthemes.com/import/ryancv/ml-engineer/2025/04/serv-1g-184x184.png" alt="Artificial Intelligence for IT Operations" />\n							4 Developers\n							Artificial Intelligence for IT Operations\n					<p>Artificial intelligence, machine learning, monitoring and big data analytics to automate. Detect, diagnose, and resolve issues more efficiently than traditional methods.</p>				\n												<a href="#contact-form">\n					Get Started\n				</a>\n		<!-- services item -->\n						<img src="https://bslthemes.com/import/ryancv/ml-engineer/2025/04/serv-2g-184x151.png" alt="Generative AI Software Development" />\n							5 Developers\n							Generative AI Software Development\n					<p>We offer generative AI solutions to a variety of needs, including adaptive design, content, image generation, and rapid prototyping, allowing you to improve productivity.</p>				\n												<a href="#contact-form">\n					Get Started\n				</a>\n		<!-- services item -->\n						<img src="https://bslthemes.com/import/ryancv/ml-engineer/2025/04/serv-3g-184x184.png" alt="Learning Engineer for Social Media Platforms" />\n							3 Developers\n							Learning Engineer for Social Media Platforms\n					<p>Develop and optimize AI-powered solutions for major social media platforms like Instagram, Twitter, TikTok. Work on building intelligent models for content, analysis and moderation.</p>				\n												<a href="#contact-form">\n					Get Started\n				</a>\n		<!-- services item -->\n						<img src="https://bslthemes.com/import/ryancv/ml-engineer/2025/04/serv-4g-184x190.png" alt="AI ChatBot for Customer Support" />\n							2 Developers\n							AI ChatBot for Customer Support\n					<p>Design and implement an AI-based customer service chatbot. Automated the customer service chatbot using NLP techniques, reducing and improving response time by 50%.</p>				\n												<a href="#contact-form">\n					Get Started\n				</a>\n		<!-- Heading -->\n						<!-- subtitle -->\n								<svg aria-hidden="true" viewBox="0 0 576 512" xmlns="http://www.w3.org/2000/svg"><path d="M271.06,144.3l54.27,14.3a8.59,8.59,0,0,1,6.63,8.1c0,4.6-4.09,8.4-9.12,8.4h-35.6a30,30,0,0,1-11.19-2.2c-5.24-2.2-11.28-1.7-15.3,2l-19,17.5a11.68,11.68,0,0,0-2.25,2.66,11.42,11.42,0,0,0,3.88,15.74,83.77,83.77,0,0,0,34.51,11.5V240c0,8.8,7.83,16,17.37,16h17.37c9.55,0,17.38-7.2,17.38-16V222.4c32.93-3.6,57.84-31,53.5-63-3.15-23-22.46-41.3-46.56-47.7L282.68,97.4a8.59,8.59,0,0,1-6.63-8.1c0-4.6,4.09-8.4,9.12-8.4h35.6A30,30,0,0,1,332,83.1c5.23,2.2,11.28,1.7,15.3-2l19-17.5A11.31,11.31,0,0,0,368.47,61a11.43,11.43,0,0,0-3.84-15.78,83.82,83.82,0,0,0-34.52-11.5V16c0-8.8-7.82-16-17.37-16H295.37C285.82,0,278,7.2,278,16V33.6c-32.89,3.6-57.85,31-53.51,63C227.63,119.6,247,137.9,271.06,144.3ZM565.27,328.1c-11.8-10.7-30.2-10-42.6,0L430.27,402a63.64,63.64,0,0,1-40,14H272a16,16,0,0,1,0-32h78.29c15.9,0,30.71-10.9,33.25-26.6a31.2,31.2,0,0,0,.46-5.46A32,32,0,0,0,352,320H192a117.66,117.66,0,0,0-74.1,26.29L71.4,384H16A16,16,0,0,0,0,400v96a16,16,0,0,0,16,16H372.77a64,64,0,0,0,40-14L564,377a32,32,0,0,0,1.28-48.9Z"></path></svg>								Pricing\n									<!-- title -->\n			<h3>\n				Amazing Pricing For Your Projects\n			</h3>\n		<!-- Price Tables -->\n						per hour / 2 dev					\n						$49					\n												<a href="#contact-form">\n							Order Now						\n				</a>\n						<ul>\n 	<li>Learning Engineer for Social Media.</li>\n 	<li>Generative AI Software Development.</li>\n 	<li>Artificial Intelligence for IT Operations.</li>\n 	<li>Customer Support Chatbot.</li>\n</ul>					\n		<!-- Price Tables -->\n						per day / 4 dev					\n						$159					\n												<a href="#contact-form">\n							Order Now						\n				</a>\n						<ul><li>Learning Engineer for Social Media.</li><li>Generative AI Software Development.</li><li>Artificial Intelligence for IT Operations.</li><li>Customer Support Chatbot.</li></ul>', 'Services', '', 'inherit', 'closed', 'closed', '', '1595-revision-v1', '', '', '2025-10-22 20:52:39', '2025-10-22 20:52:39', '', 1595, 'https://ikhsanaryaaa.xyz/?p=3296', 0, 'revision', '', 0),
(3297, 1, '2025-10-22 20:52:39', '2025-10-22 20:52:39', '<!-- Heading -->\n						<!-- title -->\n			<h2>\n				SERVICES\n			</h2>\n		<!-- services item -->\n						<img src="http://ikhsanaryaaa.xyz/wp-content/uploads/2025/04/serv-1g-184x184.png" alt="Artificial Intelligence for IT Operations" />\n							4 Developers\n							Artificial Intelligence for IT Operations\n					<p>Artificial intelligence, machine learning, monitoring and big data analytics to automate. Detect, diagnose, and resolve issues more efficiently than traditional methods.</p>				\n												<a href="#contact-form">\n					Get Started\n				</a>\n		<!-- services item -->\n						<img src="http://ikhsanaryaaa.xyz/wp-content/uploads/2025/04/serv-2g-184x151.png" alt="Generative AI Software Development" />\n							5 Developers\n							Generative AI Software Development\n					<p>We offer generative AI solutions to a variety of needs, including adaptive design, content, image generation, and rapid prototyping, allowing you to improve productivity.</p>				\n												<a href="#contact-form">\n					Get Started\n				</a>\n		<!-- services item -->\n						<img src="" alt="Learning Engineer for Social Media Platforms" />\n							3 Developers\n							Learning Engineer for Social Media Platforms\n					<p>Develop and optimize AI-powered solutions for major social media platforms like Instagram, Twitter, TikTok. Work on building intelligent models for content, analysis and moderation.</p>				\n												<a href="#contact-form">\n					Get Started\n				</a>\n		<!-- services item -->\n						<img src="http://ikhsanaryaaa.xyz/wp-content/uploads/2025/04/serv-4g-184x190.png" alt="AI ChatBot for Customer Support" />\n							2 Developers\n							AI ChatBot for Customer Support\n					<p>Design and implement an AI-based customer service chatbot. Automated the customer service chatbot using NLP techniques, reducing and improving response time by 50%.</p>				\n												<a href="#contact-form">\n					Get Started\n				</a>\n		<!-- Heading -->\n						<!-- subtitle -->\n								<svg aria-hidden="true" viewBox="0 0 576 512" xmlns="http://www.w3.org/2000/svg"><path d="M271.06,144.3l54.27,14.3a8.59,8.59,0,0,1,6.63,8.1c0,4.6-4.09,8.4-9.12,8.4h-35.6a30,30,0,0,1-11.19-2.2c-5.24-2.2-11.28-1.7-15.3,2l-19,17.5a11.68,11.68,0,0,0-2.25,2.66,11.42,11.42,0,0,0,3.88,15.74,83.77,83.77,0,0,0,34.51,11.5V240c0,8.8,7.83,16,17.37,16h17.37c9.55,0,17.38-7.2,17.38-16V222.4c32.93-3.6,57.84-31,53.5-63-3.15-23-22.46-41.3-46.56-47.7L282.68,97.4a8.59,8.59,0,0,1-6.63-8.1c0-4.6,4.09-8.4,9.12-8.4h35.6A30,30,0,0,1,332,83.1c5.23,2.2,11.28,1.7,15.3-2l19-17.5A11.31,11.31,0,0,0,368.47,61a11.43,11.43,0,0,0-3.84-15.78,83.82,83.82,0,0,0-34.52-11.5V16c0-8.8-7.82-16-17.37-16H295.37C285.82,0,278,7.2,278,16V33.6c-32.89,3.6-57.85,31-53.51,63C227.63,119.6,247,137.9,271.06,144.3ZM565.27,328.1c-11.8-10.7-30.2-10-42.6,0L430.27,402a63.64,63.64,0,0,1-40,14H272a16,16,0,0,1,0-32h78.29c15.9,0,30.71-10.9,33.25-26.6a31.2,31.2,0,0,0,.46-5.46A32,32,0,0,0,352,320H192a117.66,117.66,0,0,0-74.1,26.29L71.4,384H16A16,16,0,0,0,0,400v96a16,16,0,0,0,16,16H372.77a64,64,0,0,0,40-14L564,377a32,32,0,0,0,1.28-48.9Z"></path></svg>								Pricing\n									<!-- title -->\n			<h3>\n				Amazing Pricing For Your Projects\n			</h3>\n		<!-- Price Tables -->\n						per hour / 2 dev					\n						$49					\n												<a href="#contact-form">\n							Order Now						\n				</a>\n						<ul>\n 	<li>Learning Engineer for Social Media.</li>\n 	<li>Generative AI Software Development.</li>\n 	<li>Artificial Intelligence for IT Operations.</li>\n 	<li>Customer Support Chatbot.</li>\n</ul>					\n		<!-- Price Tables -->\n						per day / 4 dev					\n						$159					\n												<a href="#contact-form">\n							Order Now						\n				</a>\n						<ul><li>Learning Engineer for Social Media.</li><li>Generative AI Software Development.</li><li>Artificial Intelligence for IT Operations.</li><li>Customer Support Chatbot.</li></ul>', 'Services', '', 'inherit', 'closed', 'closed', '', '1595-revision-v1', '', '', '2025-10-22 20:52:39', '2025-10-22 20:52:39', '', 1595, 'https://ikhsanaryaaa.xyz/?p=3297', 0, 'revision', '', 0),
(3299, 1, '2025-10-22 21:00:28', '2025-10-22 21:00:28', '<!-- Hero -->\n								Hello, I’m\n										Ikhsan Arya Mahendra\n										Visual Artist\n										Multimedia Designer\n									<h1>\n				3D Designer and Creative Enthusiast Based in Bekasi, Indonesian.\n			</h1>\n				<p>With over <strong>5 years</strong> of experience in visual design, I dedicate myself for art of <strong>digital creativity</strong>. Having a vision to transform ideas into compelling visuals, I specialize in creating innovative <strong>digital experiences</strong>.</p>\n		<!-- Numbers -->\n						<h6>\n				6+\n			</h6>\n									<p>\n				Years of <br>Experience\n			</p>\n		<!-- Numbers -->\n						<h6>\n				37\n			</h6>\n									<p>\n				Completed <br>Projects\n			</p>', 'Home', '', 'inherit', 'closed', 'closed', '', '40-revision-v1', '', '', '2025-10-22 21:00:28', '2025-10-22 21:00:28', '', 40, 'https://ikhsanaryaaa.xyz/?p=3299', 0, 'revision', '', 0),
(3300, 1, '2025-10-22 21:00:28', '2025-10-22 21:00:28', '<!-- Hero -->\n								Hello, I’m\n										Ikhsan Arya Mahendra\n										Visual Artist\n										Multimedia Designer\n									<h1>\n				3D Designer and Creative Enthusiast Based in Bekasi, Indonesian.\n			</h1>\n				<p>With over <strong>5 years</strong> of experience in visual design, I dedicate myself for art of <strong>digital creativity</strong>. Having a vision to transform ideas into compelling visuals, I specialize in creating innovative <strong>digital experiences</strong>.</p>\n		<!-- Numbers -->\n						<h6>\n				6+\n			</h6>\n									<p>\n				Years of <br>Experience\n			</p>\n		<!-- Numbers -->\n						<h6>\n				37\n			</h6>\n									<p>\n				Completed <br>Projects\n			</p>', 'Home', '', 'inherit', 'closed', 'closed', '', '40-revision-v1', '', '', '2025-10-22 21:00:28', '2025-10-22 21:00:28', '', 40, 'https://ikhsanaryaaa.xyz/?p=3300', 0, 'revision', '', 0),
(3301, 1, '2025-10-22 21:00:29', '2025-10-22 21:00:29', '<!-- Hero -->\n								Hello, I’m\n										Ikhsan Arya Mahendra\n										Visual Artist\n										Multimedia Designer\n									<h1>\n				3D Designer and Creative Enthusiast Based in Bekasi, Indonesian.\n			</h1>\n				<p>With over <strong>5 years of experience</strong> in visual design, I am dedicated to the art of digital creativity. I specialize in transforming ideas into compelling visuals and crafting innovative <strong>digital experiences</strong>.</p>\n		<!-- Numbers -->\n						<h6>\n				6+\n			</h6>\n									<p>\n				Years of <br>Experience\n			</p>\n		<!-- Numbers -->\n						<h6>\n				37\n			</h6>\n									<p>\n				Completed <br>Projects\n			</p>', 'Home', '', 'inherit', 'closed', 'closed', '', '40-revision-v1', '', '', '2025-10-22 21:00:29', '2025-10-22 21:00:29', '', 40, 'https://ikhsanaryaaa.xyz/?p=3301', 0, 'revision', '', 0),
(3302, 1, '2025-10-22 21:11:26', '2025-10-22 21:11:26', '<!-- Heading -->\n						<!-- title -->\n			<h2>\n				SERVICES\n			</h2>\n		<!-- services item -->\n						<img src="http://ikhsanaryaaa.xyz/wp-content/uploads/2025/04/serv-1g-184x184.png" alt="Branding" />\n							4 Developers\n							Branding\n					<p>Artificial intelligence, machine learning, monitoring and big data analytics to automate. Detect, diagnose, and resolve issues more efficiently than traditional methods.</p>				\n												<a href="#contact-form">\n					Get Started\n				</a>\n		<!-- services item -->\n						<img src="http://ikhsanaryaaa.xyz/wp-content/uploads/2025/04/serv-2g-184x151.png" alt="Generative AI Software Development" />\n							5 Developers\n							Generative AI Software Development\n					<p>We offer generative AI solutions to a variety of needs, including adaptive design, content, image generation, and rapid prototyping, allowing you to improve productivity.</p>				\n												<a href="#contact-form">\n					Get Started\n				</a>\n		<!-- services item -->\n						<img src="" alt="Learning Engineer for Social Media Platforms" />\n							3 Developers\n							Learning Engineer for Social Media Platforms\n					<p>Develop and optimize AI-powered solutions for major social media platforms like Instagram, Twitter, TikTok. Work on building intelligent models for content, analysis and moderation.</p>				\n												<a href="#contact-form">\n					Get Started\n				</a>\n		<!-- services item -->\n						<img src="http://ikhsanaryaaa.xyz/wp-content/uploads/2025/04/serv-4g-184x190.png" alt="AI ChatBot for Customer Support" />\n							2 Developers\n							AI ChatBot for Customer Support\n					<p>Design and implement an AI-based customer service chatbot. Automated the customer service chatbot using NLP techniques, reducing and improving response time by 50%.</p>				\n												<a href="#contact-form">\n					Get Started\n				</a>\n		<!-- Heading -->\n						<!-- subtitle -->\n								<svg aria-hidden="true" viewBox="0 0 576 512" xmlns="http://www.w3.org/2000/svg"><path d="M271.06,144.3l54.27,14.3a8.59,8.59,0,0,1,6.63,8.1c0,4.6-4.09,8.4-9.12,8.4h-35.6a30,30,0,0,1-11.19-2.2c-5.24-2.2-11.28-1.7-15.3,2l-19,17.5a11.68,11.68,0,0,0-2.25,2.66,11.42,11.42,0,0,0,3.88,15.74,83.77,83.77,0,0,0,34.51,11.5V240c0,8.8,7.83,16,17.37,16h17.37c9.55,0,17.38-7.2,17.38-16V222.4c32.93-3.6,57.84-31,53.5-63-3.15-23-22.46-41.3-46.56-47.7L282.68,97.4a8.59,8.59,0,0,1-6.63-8.1c0-4.6,4.09-8.4,9.12-8.4h35.6A30,30,0,0,1,332,83.1c5.23,2.2,11.28,1.7,15.3-2l19-17.5A11.31,11.31,0,0,0,368.47,61a11.43,11.43,0,0,0-3.84-15.78,83.82,83.82,0,0,0-34.52-11.5V16c0-8.8-7.82-16-17.37-16H295.37C285.82,0,278,7.2,278,16V33.6c-32.89,3.6-57.85,31-53.51,63C227.63,119.6,247,137.9,271.06,144.3ZM565.27,328.1c-11.8-10.7-30.2-10-42.6,0L430.27,402a63.64,63.64,0,0,1-40,14H272a16,16,0,0,1,0-32h78.29c15.9,0,30.71-10.9,33.25-26.6a31.2,31.2,0,0,0,.46-5.46A32,32,0,0,0,352,320H192a117.66,117.66,0,0,0-74.1,26.29L71.4,384H16A16,16,0,0,0,0,400v96a16,16,0,0,0,16,16H372.77a64,64,0,0,0,40-14L564,377a32,32,0,0,0,1.28-48.9Z"></path></svg>								Pricing\n									<!-- title -->\n			<h3>\n				Amazing Pricing For Your Projects\n			</h3>\n		<!-- Price Tables -->\n						per hour / 2 dev					\n						$49					\n												<a href="#contact-form">\n							Order Now						\n				</a>\n						<ul>\n 	<li>Learning Engineer for Social Media.</li>\n 	<li>Generative AI Software Development.</li>\n 	<li>Artificial Intelligence for IT Operations.</li>\n 	<li>Customer Support Chatbot.</li>\n</ul>					\n		<!-- Price Tables -->\n						per day / 4 dev					\n						$159					\n												<a href="#contact-form">\n							Order Now						\n				</a>\n						<ul><li>Learning Engineer for Social Media.</li><li>Generative AI Software Development.</li><li>Artificial Intelligence for IT Operations.</li><li>Customer Support Chatbot.</li></ul>', 'Services', '', 'inherit', 'closed', 'closed', '', '1595-autosave-v1', '', '', '2025-10-22 21:20:04', '2025-10-22 21:20:04', '', 1595, 'https://ikhsanaryaaa.xyz/?p=3302', 0, 'revision', '', 0),
(3305, 1, '2025-10-22 21:32:30', '2025-10-22 21:32:30', '<!-- Heading -->\n						<!-- title -->\n			<h2>\n				CONTACT\n			</h2>\n		<!-- Info List -->\n																<svg aria-hidden="true" viewBox="0 0 448 512" xmlns="http://www.w3.org/2000/svg"><path d="M436 160c6.6 0 12-5.4 12-12v-40c0-6.6-5.4-12-12-12h-20V48c0-26.5-21.5-48-48-48H48C21.5 0 0 21.5 0 48v416c0 26.5 21.5 48 48 48h320c26.5 0 48-21.5 48-48v-48h20c6.6 0 12-5.4 12-12v-40c0-6.6-5.4-12-12-12h-20v-64h20c6.6 0 12-5.4 12-12v-40c0-6.6-5.4-12-12-12h-20v-64h20zm-68 304H48V48h320v416zM208 256c35.3 0 64-28.7 64-64s-28.7-64-64-64-64 28.7-64 64 28.7 64 64 64zm-89.6 128h179.2c12.4 0 22.4-8.6 22.4-19.2v-19.2c0-31.8-30.1-57.6-67.2-57.6-10.8 0-18.7 8-44.8 8-26.9 0-33.4-8-44.8-8-37.1 0-67.2 25.8-67.2 57.6v19.2c0 10.6 10 19.2 22.4 19.2z"></path></svg>																				\n							Phone						\n						+1 840 841 25 69					\n		<!-- Info List -->\n																<svg aria-hidden="true" viewBox="0 0 512 512" xmlns="http://www.w3.org/2000/svg"><path d="M464 64H48C21.49 64 0 85.49 0 112v288c0 26.51 21.49 48 48 48h416c26.51 0 48-21.49 48-48V112c0-26.51-21.49-48-48-48zm0 48v40.805c-22.422 18.259-58.168 46.651-134.587 106.49-16.841 13.247-50.201 45.072-73.413 44.701-23.208.375-56.579-31.459-73.413-44.701C106.18 199.465 70.425 171.067 48 152.805V112h416zM48 400V214.398c22.914 18.251 55.409 43.862 104.938 82.646 21.857 17.205 60.134 55.186 103.062 54.955 42.717.231 80.509-37.199 103.053-54.947 49.528-38.783 82.032-64.401 104.947-82.653V400H48z"></path></svg>																			\n						Ryan@WEBSITE.COM					\n		<!-- Info List -->\n																<svg aria-hidden="true" viewBox="0 0 576 512" xmlns="http://www.w3.org/2000/svg"><path d="M560.02 32c-1.96 0-3.98.37-5.96 1.16L384.01 96H384L212 35.28A64.252 64.252 0 0 0 191.76 32c-6.69 0-13.37 1.05-19.81 3.14L20.12 87.95A32.006 32.006 0 0 0 0 117.66v346.32C0 473.17 7.53 480 15.99 480c1.96 0 3.97-.37 5.96-1.16L192 416l172 60.71a63.98 63.98 0 0 0 40.05.15l151.83-52.81A31.996 31.996 0 0 0 576 394.34V48.02c0-9.19-7.53-16.02-15.98-16.02zM224 90.42l128 45.19v285.97l-128-45.19V90.42zM48 418.05V129.07l128-44.53v286.2l-.64.23L48 418.05zm480-35.13l-128 44.53V141.26l.64-.24L528 93.95v288.97z"></path></svg>																				\n							Address						\n						New York, NY, USA					\n			<iframe loading="lazy"\n					src="https://maps.google.com/maps?q=New%20York%2C%20NY%2C%20USA&#038;t=m&#038;z=15&#038;output=embed&#038;iwloc=near"\n					title="New York, NY, USA"\n					aria-label="New York, NY, USA"\n			></iframe>\n		<!-- Heading -->\n									<!-- title -->\n			<h2>\n				Let''s make your project brilliant!\n			</h2>\n		<!-- Contact Form -->\n						<!-- content -->\n<p role="status" aria-live="polite" aria-atomic="true"></p> <ul></ul>\n<form action="/ml-engineer/wp-admin/admin-ajax.php#wpcf7-f62-o1" method="post" aria-label="Contact form" novalidate="novalidate" data-status="init">\n<input type="hidden" name="_wpcf7" value="62" />\n<input type="hidden" name="_wpcf7_version" value="6.0.3" />\n<input type="hidden" name="_wpcf7_locale" value="en_US" />\n<input type="hidden" name="_wpcf7_unit_tag" value="wpcf7-f62-o1" />\n<input type="hidden" name="_wpcf7_container_post" value="0" />\n<input type="hidden" name="_wpcf7_posted_data_hash" value="" />\n			<p><input size="40" maxlength="400" aria-required="true" aria-invalid="false" placeholder="Full Name" value="" type="text" name="your-name" />\n			</p>\n			<p><input size="40" maxlength="400" aria-required="true" aria-invalid="false" placeholder="Email Address" value="" type="email" name="your-email" />\n			</p>\n			<p><textarea cols="40" rows="10" maxlength="2000" aria-required="true" aria-invalid="false" placeholder="Your Message" name="your-message"></textarea>\n			</p>\n	<p><button type="submit">Send Message</button>\n	</p>\n</form>', 'Contact', '', 'inherit', 'closed', 'closed', '', '53-revision-v1', '', '', '2025-10-22 21:32:30', '2025-10-22 21:32:30', '', 53, 'https://ikhsanaryaaa.xyz/?p=3305', 0, 'revision', '', 0),
(3306, 1, '2025-10-22 21:32:30', '2025-10-22 21:32:30', '<!-- Heading -->\n						<!-- title -->\n			<h2>\n				CONTACT\n			</h2>\n		<!-- Info List -->\n																<svg aria-hidden="true" viewBox="0 0 448 512" xmlns="http://www.w3.org/2000/svg"><path d="M436 160c6.6 0 12-5.4 12-12v-40c0-6.6-5.4-12-12-12h-20V48c0-26.5-21.5-48-48-48H48C21.5 0 0 21.5 0 48v416c0 26.5 21.5 48 48 48h320c26.5 0 48-21.5 48-48v-48h20c6.6 0 12-5.4 12-12v-40c0-6.6-5.4-12-12-12h-20v-64h20c6.6 0 12-5.4 12-12v-40c0-6.6-5.4-12-12-12h-20v-64h20zm-68 304H48V48h320v416zM208 256c35.3 0 64-28.7 64-64s-28.7-64-64-64-64 28.7-64 64 28.7 64 64 64zm-89.6 128h179.2c12.4 0 22.4-8.6 22.4-19.2v-19.2c0-31.8-30.1-57.6-67.2-57.6-10.8 0-18.7 8-44.8 8-26.9 0-33.4-8-44.8-8-37.1 0-67.2 25.8-67.2 57.6v19.2c0 10.6 10 19.2 22.4 19.2z"></path></svg>																				\n							Phone						\n						+1 840 841 25 69					\n		<!-- Info List -->\n																<svg aria-hidden="true" viewBox="0 0 512 512" xmlns="http://www.w3.org/2000/svg"><path d="M464 64H48C21.49 64 0 85.49 0 112v288c0 26.51 21.49 48 48 48h416c26.51 0 48-21.49 48-48V112c0-26.51-21.49-48-48-48zm0 48v40.805c-22.422 18.259-58.168 46.651-134.587 106.49-16.841 13.247-50.201 45.072-73.413 44.701-23.208.375-56.579-31.459-73.413-44.701C106.18 199.465 70.425 171.067 48 152.805V112h416zM48 400V214.398c22.914 18.251 55.409 43.862 104.938 82.646 21.857 17.205 60.134 55.186 103.062 54.955 42.717.231 80.509-37.199 103.053-54.947 49.528-38.783 82.032-64.401 104.947-82.653V400H48z"></path></svg>																			\n						Ryan@WEBSITE.COM					\n		<!-- Info List -->\n																<svg aria-hidden="true" viewBox="0 0 576 512" xmlns="http://www.w3.org/2000/svg"><path d="M560.02 32c-1.96 0-3.98.37-5.96 1.16L384.01 96H384L212 35.28A64.252 64.252 0 0 0 191.76 32c-6.69 0-13.37 1.05-19.81 3.14L20.12 87.95A32.006 32.006 0 0 0 0 117.66v346.32C0 473.17 7.53 480 15.99 480c1.96 0 3.97-.37 5.96-1.16L192 416l172 60.71a63.98 63.98 0 0 0 40.05.15l151.83-52.81A31.996 31.996 0 0 0 576 394.34V48.02c0-9.19-7.53-16.02-15.98-16.02zM224 90.42l128 45.19v285.97l-128-45.19V90.42zM48 418.05V129.07l128-44.53v286.2l-.64.23L48 418.05zm480-35.13l-128 44.53V141.26l.64-.24L528 93.95v288.97z"></path></svg>																				\n							Address						\n						New York, NY, USA					\n			<iframe loading="lazy"\n					src="https://maps.google.com/maps?q=New%20York%2C%20NY%2C%20USA&#038;t=m&#038;z=15&#038;output=embed&#038;iwloc=near"\n					title="New York, NY, USA"\n					aria-label="New York, NY, USA"\n			></iframe>\n		<!-- Heading -->\n									<!-- title -->\n			<h2>\n				Let''s make your project brilliant!\n			</h2>\n		<!-- Contact Form -->\n						<!-- content -->\n<p role="status" aria-live="polite" aria-atomic="true"></p> <ul></ul>\n<form action="/ml-engineer/wp-admin/admin-ajax.php#wpcf7-f62-o1" method="post" aria-label="Contact form" novalidate="novalidate" data-status="init">\n<input type="hidden" name="_wpcf7" value="62" />\n<input type="hidden" name="_wpcf7_version" value="6.0.3" />\n<input type="hidden" name="_wpcf7_locale" value="en_US" />\n<input type="hidden" name="_wpcf7_unit_tag" value="wpcf7-f62-o1" />\n<input type="hidden" name="_wpcf7_container_post" value="0" />\n<input type="hidden" name="_wpcf7_posted_data_hash" value="" />\n			<p><input size="40" maxlength="400" aria-required="true" aria-invalid="false" placeholder="Full Name" value="" type="text" name="your-name" />\n			</p>\n			<p><input size="40" maxlength="400" aria-required="true" aria-invalid="false" placeholder="Email Address" value="" type="email" name="your-email" />\n			</p>\n			<p><textarea cols="40" rows="10" maxlength="2000" aria-required="true" aria-invalid="false" placeholder="Your Message" name="your-message"></textarea>\n			</p>\n	<p><button type="submit">Send Message</button>\n	</p>\n</form>', 'Contact', '', 'inherit', 'closed', 'closed', '', '53-revision-v1', '', '', '2025-10-22 21:32:30', '2025-10-22 21:32:30', '', 53, 'https://ikhsanaryaaa.xyz/?p=3306', 0, 'revision', '', 0),
(3307, 1, '2025-10-22 21:32:30', '2025-10-22 21:32:30', '<!-- Heading -->\n						<!-- title -->\n			<h2>\n				CONTACT\n			</h2>\n		<!-- Info List -->\n																<svg aria-hidden="true" viewBox="0 0 448 512" xmlns="http://www.w3.org/2000/svg"><path d="M436 160c6.6 0 12-5.4 12-12v-40c0-6.6-5.4-12-12-12h-20V48c0-26.5-21.5-48-48-48H48C21.5 0 0 21.5 0 48v416c0 26.5 21.5 48 48 48h320c26.5 0 48-21.5 48-48v-48h20c6.6 0 12-5.4 12-12v-40c0-6.6-5.4-12-12-12h-20v-64h20c6.6 0 12-5.4 12-12v-40c0-6.6-5.4-12-12-12h-20v-64h20zm-68 304H48V48h320v416zM208 256c35.3 0 64-28.7 64-64s-28.7-64-64-64-64 28.7-64 64 28.7 64 64 64zm-89.6 128h179.2c12.4 0 22.4-8.6 22.4-19.2v-19.2c0-31.8-30.1-57.6-67.2-57.6-10.8 0-18.7 8-44.8 8-26.9 0-33.4-8-44.8-8-37.1 0-67.2 25.8-67.2 57.6v19.2c0 10.6 10 19.2 22.4 19.2z"></path></svg>																				\n							Phone						\n						+62 813 9459 5258					\n		<!-- Info List -->\n																<svg aria-hidden="true" viewBox="0 0 512 512" xmlns="http://www.w3.org/2000/svg"><path d="M464 64H48C21.49 64 0 85.49 0 112v288c0 26.51 21.49 48 48 48h416c26.51 0 48-21.49 48-48V112c0-26.51-21.49-48-48-48zm0 48v40.805c-22.422 18.259-58.168 46.651-134.587 106.49-16.841 13.247-50.201 45.072-73.413 44.701-23.208.375-56.579-31.459-73.413-44.701C106.18 199.465 70.425 171.067 48 152.805V112h416zM48 400V214.398c22.914 18.251 55.409 43.862 104.938 82.646 21.857 17.205 60.134 55.186 103.062 54.955 42.717.231 80.509-37.199 103.053-54.947 49.528-38.783 82.032-64.401 104.947-82.653V400H48z"></path></svg>																			\n						ikhsanaryaaa@gmail.com\ncontact@ikhsanaryaaa.xyz					\n		<!-- Info List -->\n																<svg aria-hidden="true" viewBox="0 0 576 512" xmlns="http://www.w3.org/2000/svg"><path d="M560.02 32c-1.96 0-3.98.37-5.96 1.16L384.01 96H384L212 35.28A64.252 64.252 0 0 0 191.76 32c-6.69 0-13.37 1.05-19.81 3.14L20.12 87.95A32.006 32.006 0 0 0 0 117.66v346.32C0 473.17 7.53 480 15.99 480c1.96 0 3.97-.37 5.96-1.16L192 416l172 60.71a63.98 63.98 0 0 0 40.05.15l151.83-52.81A31.996 31.996 0 0 0 576 394.34V48.02c0-9.19-7.53-16.02-15.98-16.02zM224 90.42l128 45.19v285.97l-128-45.19V90.42zM48 418.05V129.07l128-44.53v286.2l-.64.23L48 418.05zm480-35.13l-128 44.53V141.26l.64-.24L528 93.95v288.97z"></path></svg>																				\n							Address						\n						Bekasi, Indonesia					\n			<iframe loading="lazy"\n					src="https://maps.google.com/maps?q=Pengasinan%20Rawalumbu&#038;t=m&#038;z=15&#038;output=embed&#038;iwloc=near"\n					title="Pengasinan Rawalumbu"\n					aria-label="Pengasinan Rawalumbu"\n			></iframe>\n		<!-- Heading -->\n									<!-- title -->\n			<h2>\n				Let''s make your project brilliant!\n			</h2>\n		<!-- Contact Form -->\n						<!-- content -->\n<p role="status" aria-live="polite" aria-atomic="true"></p> <ul></ul>\n<form action="/wp-admin/admin-ajax.php#wpcf7-f62-o1" method="post" aria-label="Contact form" novalidate="novalidate" data-status="init">\n<fieldset><input type="hidden" name="_wpcf7" value="62" /><input type="hidden" name="_wpcf7_version" value="6.1.2" /><input type="hidden" name="_wpcf7_locale" value="en_US" /><input type="hidden" name="_wpcf7_unit_tag" value="wpcf7-f62-o1" /><input type="hidden" name="_wpcf7_container_post" value="0" /><input type="hidden" name="_wpcf7_posted_data_hash" value="" />\n</fieldset>\n			<p><input size="40" maxlength="400" aria-required="true" aria-invalid="false" placeholder="Full Name" value="" type="text" name="your-name" />\n			</p>\n			<p><input size="40" maxlength="400" aria-required="true" aria-invalid="false" placeholder="Email Address" value="" type="email" name="your-email" />\n			</p>\n			<p><textarea cols="40" rows="10" maxlength="2000" aria-required="true" aria-invalid="false" placeholder="Your Message" name="your-message"></textarea>\n			</p>\n	<p><button type="submit">Send Message</button>\n	</p>\n<p style="display: none !important;" data-prefix="_wpcf7_ak_"><label>&#916;<textarea name="_wpcf7_ak_hp_textarea" cols="45" rows="8" maxlength="100"></textarea></label><input type="hidden" id="ak_js_1" name="_wpcf7_ak_js" value="200"/></p>\n</form>', 'Contact', '', 'inherit', 'closed', 'closed', '', '53-revision-v1', '', '', '2025-10-22 21:32:30', '2025-10-22 21:32:30', '', 53, 'https://ikhsanaryaaa.xyz/?p=3307', 0, 'revision', '', 0),
(3308, 1, '2025-10-22 21:36:18', '2025-10-22 21:36:18', '<!-- Heading -->\n						<!-- title -->\n			<h2>\n				CONTACT\n			</h2>\n		<!-- Info List -->\n																<svg aria-hidden="true" viewBox="0 0 448 512" xmlns="http://www.w3.org/2000/svg"><path d="M436 160c6.6 0 12-5.4 12-12v-40c0-6.6-5.4-12-12-12h-20V48c0-26.5-21.5-48-48-48H48C21.5 0 0 21.5 0 48v416c0 26.5 21.5 48 48 48h320c26.5 0 48-21.5 48-48v-48h20c6.6 0 12-5.4 12-12v-40c0-6.6-5.4-12-12-12h-20v-64h20c6.6 0 12-5.4 12-12v-40c0-6.6-5.4-12-12-12h-20v-64h20zm-68 304H48V48h320v416zM208 256c35.3 0 64-28.7 64-64s-28.7-64-64-64-64 28.7-64 64 28.7 64 64 64zm-89.6 128h179.2c12.4 0 22.4-8.6 22.4-19.2v-19.2c0-31.8-30.1-57.6-67.2-57.6-10.8 0-18.7 8-44.8 8-26.9 0-33.4-8-44.8-8-37.1 0-67.2 25.8-67.2 57.6v19.2c0 10.6 10 19.2 22.4 19.2z"></path></svg>																				\n							Phone						\n						+62 813 9459 5258					\n		<!-- Info List -->\n																<svg aria-hidden="true" viewBox="0 0 512 512" xmlns="http://www.w3.org/2000/svg"><path d="M464 64H48C21.49 64 0 85.49 0 112v288c0 26.51 21.49 48 48 48h416c26.51 0 48-21.49 48-48V112c0-26.51-21.49-48-48-48zm0 48v40.805c-22.422 18.259-58.168 46.651-134.587 106.49-16.841 13.247-50.201 45.072-73.413 44.701-23.208.375-56.579-31.459-73.413-44.701C106.18 199.465 70.425 171.067 48 152.805V112h416zM48 400V214.398c22.914 18.251 55.409 43.862 104.938 82.646 21.857 17.205 60.134 55.186 103.062 54.955 42.717.231 80.509-37.199 103.053-54.947 49.528-38.783 82.032-64.401 104.947-82.653V400H48z"></path></svg>																			\n						ikhsanaryaaa@gmail.com\ncontact@ikhsanaryaaa.xyz					\n		<!-- Info List -->\n																<svg aria-hidden="true" viewBox="0 0 576 512" xmlns="http://www.w3.org/2000/svg"><path d="M560.02 32c-1.96 0-3.98.37-5.96 1.16L384.01 96H384L212 35.28A64.252 64.252 0 0 0 191.76 32c-6.69 0-13.37 1.05-19.81 3.14L20.12 87.95A32.006 32.006 0 0 0 0 117.66v346.32C0 473.17 7.53 480 15.99 480c1.96 0 3.97-.37 5.96-1.16L192 416l172 60.71a63.98 63.98 0 0 0 40.05.15l151.83-52.81A31.996 31.996 0 0 0 576 394.34V48.02c0-9.19-7.53-16.02-15.98-16.02zM224 90.42l128 45.19v285.97l-128-45.19V90.42zM48 418.05V129.07l128-44.53v286.2l-.64.23L48 418.05zm480-35.13l-128 44.53V141.26l.64-.24L528 93.95v288.97z"></path></svg>																				\n							Address						\n						Bekasi, Indonesia					\n			<iframe loading="lazy"\n					src="https://maps.google.com/maps?q=Pengasinan%20Rawalumbu&#038;t=m&#038;z=15&#038;output=embed&#038;iwloc=near"\n					title="Pengasinan Rawalumbu"\n					aria-label="Pengasinan Rawalumbu"\n			></iframe>\n		<!-- Heading -->\n									<!-- title -->\n			<h2>\n				Let''s make your project brilliant!\n			</h2>\n		<!-- Contact Form -->\n						<!-- content -->\n<p role="status" aria-live="polite" aria-atomic="true"></p> <ul></ul>\n<form action="/wp-admin/admin-ajax.php#wpcf7-f62-o1" method="post" aria-label="Contact form" novalidate="novalidate" data-status="init">\n<fieldset><input type="hidden" name="_wpcf7" value="62" /><input type="hidden" name="_wpcf7_version" value="6.1.2" /><input type="hidden" name="_wpcf7_locale" value="en_US" /><input type="hidden" name="_wpcf7_unit_tag" value="wpcf7-f62-o1" /><input type="hidden" name="_wpcf7_container_post" value="0" /><input type="hidden" name="_wpcf7_posted_data_hash" value="" />\n</fieldset>\n			<p><input size="40" maxlength="400" aria-required="true" aria-invalid="false" placeholder="Full Name" value="" type="text" name="your-name" />\n			</p>\n			<p><input size="40" maxlength="400" aria-required="true" aria-invalid="false" placeholder="Email Address" value="" type="email" name="your-email" />\n			</p>\n			<p><textarea cols="40" rows="10" maxlength="2000" aria-required="true" aria-invalid="false" placeholder="Your Message" name="your-message"></textarea>\n			</p>\n	<p><button type="submit">Send Message</button>\n	</p>\n<p style="display: none !important;" data-prefix="_wpcf7_ak_"><label>&#916;<textarea name="_wpcf7_ak_hp_textarea" cols="45" rows="8" maxlength="100"></textarea></label><input type="hidden" id="ak_js_1" name="_wpcf7_ak_js" value="200"/></p>\n</form>', 'Contact', '', 'inherit', 'closed', 'closed', '', '53-revision-v1', '', '', '2025-10-22 21:36:18', '2025-10-22 21:36:18', '', 53, 'https://ikhsanaryaaa.xyz/?p=3308', 0, 'revision', '', 0),
(3309, 1, '2025-10-22 21:36:18', '2025-10-22 21:36:18', '<!-- Heading -->\n						<!-- title -->\n			<h2>\n				CONTACT\n			</h2>\n		<!-- Info List -->\n																<svg aria-hidden="true" viewBox="0 0 448 512" xmlns="http://www.w3.org/2000/svg"><path d="M436 160c6.6 0 12-5.4 12-12v-40c0-6.6-5.4-12-12-12h-20V48c0-26.5-21.5-48-48-48H48C21.5 0 0 21.5 0 48v416c0 26.5 21.5 48 48 48h320c26.5 0 48-21.5 48-48v-48h20c6.6 0 12-5.4 12-12v-40c0-6.6-5.4-12-12-12h-20v-64h20c6.6 0 12-5.4 12-12v-40c0-6.6-5.4-12-12-12h-20v-64h20zm-68 304H48V48h320v416zM208 256c35.3 0 64-28.7 64-64s-28.7-64-64-64-64 28.7-64 64 28.7 64 64 64zm-89.6 128h179.2c12.4 0 22.4-8.6 22.4-19.2v-19.2c0-31.8-30.1-57.6-67.2-57.6-10.8 0-18.7 8-44.8 8-26.9 0-33.4-8-44.8-8-37.1 0-67.2 25.8-67.2 57.6v19.2c0 10.6 10 19.2 22.4 19.2z"></path></svg>																				\n							Phone						\n						+62 813 9459 5258					\n		<!-- Info List -->\n																<svg aria-hidden="true" viewBox="0 0 512 512" xmlns="http://www.w3.org/2000/svg"><path d="M464 64H48C21.49 64 0 85.49 0 112v288c0 26.51 21.49 48 48 48h416c26.51 0 48-21.49 48-48V112c0-26.51-21.49-48-48-48zm0 48v40.805c-22.422 18.259-58.168 46.651-134.587 106.49-16.841 13.247-50.201 45.072-73.413 44.701-23.208.375-56.579-31.459-73.413-44.701C106.18 199.465 70.425 171.067 48 152.805V112h416zM48 400V214.398c22.914 18.251 55.409 43.862 104.938 82.646 21.857 17.205 60.134 55.186 103.062 54.955 42.717.231 80.509-37.199 103.053-54.947 49.528-38.783 82.032-64.401 104.947-82.653V400H48z"></path></svg>																			\n						ikhsanaryaaa@gmail.com\ncontact@ikhsanaryaaa.xyz					\n		<!-- Info List -->\n																<svg aria-hidden="true" viewBox="0 0 576 512" xmlns="http://www.w3.org/2000/svg"><path d="M560.02 32c-1.96 0-3.98.37-5.96 1.16L384.01 96H384L212 35.28A64.252 64.252 0 0 0 191.76 32c-6.69 0-13.37 1.05-19.81 3.14L20.12 87.95A32.006 32.006 0 0 0 0 117.66v346.32C0 473.17 7.53 480 15.99 480c1.96 0 3.97-.37 5.96-1.16L192 416l172 60.71a63.98 63.98 0 0 0 40.05.15l151.83-52.81A31.996 31.996 0 0 0 576 394.34V48.02c0-9.19-7.53-16.02-15.98-16.02zM224 90.42l128 45.19v285.97l-128-45.19V90.42zM48 418.05V129.07l128-44.53v286.2l-.64.23L48 418.05zm480-35.13l-128 44.53V141.26l.64-.24L528 93.95v288.97z"></path></svg>																				\n							Address						\n						Bekasi, Indonesia					\n			<iframe loading="lazy"\n					src="https://maps.google.com/maps?q=Pengasinan%20Rawalumbu&#038;t=m&#038;z=15&#038;output=embed&#038;iwloc=near"\n					title="Pengasinan Rawalumbu"\n					aria-label="Pengasinan Rawalumbu"\n			></iframe>\n		<!-- Heading -->\n									<!-- title -->\n			<h2>\n				Let''s make your project brilliant!\n			</h2>\n		<!-- Contact Form -->\n						<!-- content -->\n<p role="status" aria-live="polite" aria-atomic="true"></p> <ul></ul>\n<form action="/wp-admin/admin-ajax.php#wpcf7-f62-o1" method="post" aria-label="Contact form" novalidate="novalidate" data-status="init">\n<fieldset><input type="hidden" name="_wpcf7" value="62" /><input type="hidden" name="_wpcf7_version" value="6.1.2" /><input type="hidden" name="_wpcf7_locale" value="en_US" /><input type="hidden" name="_wpcf7_unit_tag" value="wpcf7-f62-o1" /><input type="hidden" name="_wpcf7_container_post" value="0" /><input type="hidden" name="_wpcf7_posted_data_hash" value="" />\n</fieldset>\n			<p><input size="40" maxlength="400" aria-required="true" aria-invalid="false" placeholder="Full Name" value="" type="text" name="your-name" />\n			</p>\n			<p><input size="40" maxlength="400" aria-required="true" aria-invalid="false" placeholder="Email Address" value="" type="email" name="your-email" />\n			</p>\n			<p><textarea cols="40" rows="10" maxlength="2000" aria-required="true" aria-invalid="false" placeholder="Your Message" name="your-message"></textarea>\n			</p>\n	<p><button type="submit">Send Message</button>\n	</p>\n<p style="display: none !important;" data-prefix="_wpcf7_ak_"><label>&#916;<textarea name="_wpcf7_ak_hp_textarea" cols="45" rows="8" maxlength="100"></textarea></label><input type="hidden" id="ak_js_1" name="_wpcf7_ak_js" value="200"/></p>\n</form>', 'Contact', '', 'inherit', 'closed', 'closed', '', '53-revision-v1', '', '', '2025-10-22 21:36:18', '2025-10-22 21:36:18', '', 53, 'https://ikhsanaryaaa.xyz/?p=3309', 0, 'revision', '', 0),
(3310, 1, '2025-10-22 21:36:18', '2025-10-22 21:36:18', '<!-- Heading -->\n						<!-- title -->\n			<h2>\n				CONTACT\n			</h2>\n		<!-- Info List -->\n																<svg aria-hidden="true" viewBox="0 0 448 512" xmlns="http://www.w3.org/2000/svg"><path d="M436 160c6.6 0 12-5.4 12-12v-40c0-6.6-5.4-12-12-12h-20V48c0-26.5-21.5-48-48-48H48C21.5 0 0 21.5 0 48v416c0 26.5 21.5 48 48 48h320c26.5 0 48-21.5 48-48v-48h20c6.6 0 12-5.4 12-12v-40c0-6.6-5.4-12-12-12h-20v-64h20c6.6 0 12-5.4 12-12v-40c0-6.6-5.4-12-12-12h-20v-64h20zm-68 304H48V48h320v416zM208 256c35.3 0 64-28.7 64-64s-28.7-64-64-64-64 28.7-64 64 28.7 64 64 64zm-89.6 128h179.2c12.4 0 22.4-8.6 22.4-19.2v-19.2c0-31.8-30.1-57.6-67.2-57.6-10.8 0-18.7 8-44.8 8-26.9 0-33.4-8-44.8-8-37.1 0-67.2 25.8-67.2 57.6v19.2c0 10.6 10 19.2 22.4 19.2z"></path></svg>																				\n							Phone						\n						+62 813 9459 5258					\n		<!-- Info List -->\n																<svg aria-hidden="true" viewBox="0 0 512 512" xmlns="http://www.w3.org/2000/svg"><path d="M464 64H48C21.49 64 0 85.49 0 112v288c0 26.51 21.49 48 48 48h416c26.51 0 48-21.49 48-48V112c0-26.51-21.49-48-48-48zm0 48v40.805c-22.422 18.259-58.168 46.651-134.587 106.49-16.841 13.247-50.201 45.072-73.413 44.701-23.208.375-56.579-31.459-73.413-44.701C106.18 199.465 70.425 171.067 48 152.805V112h416zM48 400V214.398c22.914 18.251 55.409 43.862 104.938 82.646 21.857 17.205 60.134 55.186 103.062 54.955 42.717.231 80.509-37.199 103.053-54.947 49.528-38.783 82.032-64.401 104.947-82.653V400H48z"></path></svg>																			\n						ikhsanaryaaa@gmail.com\ncontact@ikhsanaryaaa.xyz					\n		<!-- Info List -->\n																<svg aria-hidden="true" viewBox="0 0 576 512" xmlns="http://www.w3.org/2000/svg"><path d="M560.02 32c-1.96 0-3.98.37-5.96 1.16L384.01 96H384L212 35.28A64.252 64.252 0 0 0 191.76 32c-6.69 0-13.37 1.05-19.81 3.14L20.12 87.95A32.006 32.006 0 0 0 0 117.66v346.32C0 473.17 7.53 480 15.99 480c1.96 0 3.97-.37 5.96-1.16L192 416l172 60.71a63.98 63.98 0 0 0 40.05.15l151.83-52.81A31.996 31.996 0 0 0 576 394.34V48.02c0-9.19-7.53-16.02-15.98-16.02zM224 90.42l128 45.19v285.97l-128-45.19V90.42zM48 418.05V129.07l128-44.53v286.2l-.64.23L48 418.05zm480-35.13l-128 44.53V141.26l.64-.24L528 93.95v288.97z"></path></svg>																				\n							Address						\n						Bekasi, Indonesia					\n			<iframe loading="lazy"\n					src="https://maps.google.com/maps?q=Pengasinan%20Rawalumbu&#038;t=m&#038;z=15&#038;output=embed&#038;iwloc=near"\n					title="Pengasinan Rawalumbu"\n					aria-label="Pengasinan Rawalumbu"\n			></iframe>\n		<!-- Heading -->\n									<!-- title -->\n			<h2>\n				Let''s Talk!\n			</h2>\n		<!-- Contact Form -->\n						<!-- content -->\n<p role="status" aria-live="polite" aria-atomic="true"></p> <ul></ul>\n<form action="/wp-admin/admin-ajax.php#wpcf7-f62-o1" method="post" aria-label="Contact form" novalidate="novalidate" data-status="init">\n<fieldset><input type="hidden" name="_wpcf7" value="62" /><input type="hidden" name="_wpcf7_version" value="6.1.2" /><input type="hidden" name="_wpcf7_locale" value="en_US" /><input type="hidden" name="_wpcf7_unit_tag" value="wpcf7-f62-o1" /><input type="hidden" name="_wpcf7_container_post" value="0" /><input type="hidden" name="_wpcf7_posted_data_hash" value="" />\n</fieldset>\n			<p><input size="40" maxlength="400" aria-required="true" aria-invalid="false" placeholder="Full Name" value="" type="text" name="your-name" />\n			</p>\n			<p><input size="40" maxlength="400" aria-required="true" aria-invalid="false" placeholder="Email Address" value="" type="email" name="your-email" />\n			</p>\n			<p><textarea cols="40" rows="10" maxlength="2000" aria-required="true" aria-invalid="false" placeholder="Your Message" name="your-message"></textarea>\n			</p>\n	<p><button type="submit">Send Message</button>\n	</p>\n<p style="display: none !important;" data-prefix="_wpcf7_ak_"><label>&#916;<textarea name="_wpcf7_ak_hp_textarea" cols="45" rows="8" maxlength="100"></textarea></label><input type="hidden" id="ak_js_1" name="_wpcf7_ak_js" value="238"/></p>\n</form>', 'Contact', '', 'inherit', 'closed', 'closed', '', '53-revision-v1', '', '', '2025-10-22 21:36:18', '2025-10-22 21:36:18', '', 53, 'https://ikhsanaryaaa.xyz/?p=3310', 0, 'revision', '', 0),
(3311, 1, '2025-10-22 21:59:04', '2025-10-22 21:59:04', '<figure class=''gallery-item''>\n				<a data-elementor-open-lightbox="yes" data-elementor-lightbox-slideshow="5920efb2" data-elementor-lightbox-title="Mobile Application #2" data-e-action-hash="#elementor-action%3Aaction%3Dlightbox%26settings%3DeyJpZCI6MTEwMSwidXJsIjoiaHR0cHM6XC9cL3J5YW5jdi5ic2x0aGVtZXMuY29tXC9tbC1lbmdpbmVlclwvd3AtY29udGVudFwvdXBsb2Fkc1wvc2l0ZXNcLzIzXC8yMDIwXC8wNFwvd29yay1yNy5qcGciLCJzbGlkZXNob3ciOiI1OTIwZWZiMiJ9" href=''http://ikhsanaryaaa.xyz/wp-content/uploads/2020/04/work-r7.jpg''><img width="900" height="900" src="http://ikhsanaryaaa.xyz/wp-content/uploads/2020/04/work-r7.jpg" alt="" decoding="async" srcset="http://ikhsanaryaaa.xyz/wp-content/uploads/2020/04/work-r7.jpg 1200w, https://bslthemes.com/import/ryancv/ml-engineer/2020/04/work-r7-300x300.jpg 300w, https://bslthemes.com/import/ryancv/ml-engineer/2020/04/work-r7-1024x1024.jpg 1024w, https://bslthemes.com/import/ryancv/ml-engineer/2020/04/work-r7-150x150.jpg 150w, https://bslthemes.com/import/ryancv/ml-engineer/2020/04/work-r7-768x768.jpg 768w, https://bslthemes.com/import/ryancv/ml-engineer/2020/04/work-r7-184x184.jpg 184w, https://bslthemes.com/import/ryancv/ml-engineer/2020/04/work-r7-280x280.jpg 280w, https://bslthemes.com/import/ryancv/ml-engineer/2020/04/work-r7-560x560.jpg 560w" sizes="(max-width: 900px) 100vw, 900px" /></a>\n			</figure><figure class=''gallery-item''>\n				<a data-elementor-open-lightbox="yes" data-elementor-lightbox-slideshow="5920efb2" data-elementor-lightbox-title="Mobile Application #1" data-e-action-hash="#elementor-action%3Aaction%3Dlightbox%26settings%3DeyJpZCI6MTEwMiwidXJsIjoiaHR0cHM6XC9cL3J5YW5jdi5ic2x0aGVtZXMuY29tXC9tbC1lbmdpbmVlclwvd3AtY29udGVudFwvdXBsb2Fkc1wvc2l0ZXNcLzIzXC8yMDIwXC8wNFwvd29yay1yOC5qcGciLCJzbGlkZXNob3ciOiI1OTIwZWZiMiJ9" href=''http://ikhsanaryaaa.xyz/wp-content/uploads/2020/04/work-r8.jpg''><img width="900" height="900" src="http://ikhsanaryaaa.xyz/wp-content/uploads/2020/04/work-r8.jpg" alt="" decoding="async" srcset="http://ikhsanaryaaa.xyz/wp-content/uploads/2020/04/work-r8.jpg 1200w, https://bslthemes.com/import/ryancv/ml-engineer/2020/04/work-r8-300x300.jpg 300w, https://bslthemes.com/import/ryancv/ml-engineer/2020/04/work-r8-1024x1024.jpg 1024w, https://bslthemes.com/import/ryancv/ml-engineer/2020/04/work-r8-150x150.jpg 150w, https://bslthemes.com/import/ryancv/ml-engineer/2020/04/work-r8-768x768.jpg 768w, https://bslthemes.com/import/ryancv/ml-engineer/2020/04/work-r8-184x184.jpg 184w, https://bslthemes.com/import/ryancv/ml-engineer/2020/04/work-r8-280x280.jpg 280w, https://bslthemes.com/import/ryancv/ml-engineer/2020/04/work-r8-560x560.jpg 560w" sizes="(max-width: 900px) 100vw, 900px" /></a>\n			</figure>\n		<p>An investment mobile application is a digital platform designed to facilitate the buying, selling, and managing of financial assets such as stocks, bonds, cryptocurrencies, and mutual funds from a smartphone or tablet. Real-time market data, portfolio tracking, analysis tools, educational resources, and user-friendly interfaces to enhance the investment experience. These apps often offer features such:</p><ul><li>User-friendly interfaces to enhance the investment experience.</li><li>Follow and replicate the strategies of experienced investors.</li><li>Crucial to protect users'' personal and financial information.</li></ul>		\n			<figure class=''gallery-item''>\n				<a data-elementor-open-lightbox="yes" data-elementor-lightbox-slideshow="21d7ce01" data-elementor-lightbox-title="p1" data-e-action-hash="#elementor-action%3Aaction%3Dlightbox%26settings%3DeyJpZCI6MTYzMiwidXJsIjoiaHR0cHM6XC9cL3J5YW5jdi5ic2x0aGVtZXMuY29tXC9tbC1lbmdpbmVlclwvd3AtY29udGVudFwvdXBsb2Fkc1wvc2l0ZXNcLzIzXC8yMDI0XC8wNVwvcDEuanBnIiwic2xpZGVzaG93IjoiMjFkN2NlMDEifQ%3D%3D" href=''http://ikhsanaryaaa.xyz/wp-content/uploads/2024/05/p1.jpg''><img width="1000" height="800" src="http://ikhsanaryaaa.xyz/wp-content/uploads/2024/05/p1.jpg" alt="" decoding="async" srcset="http://ikhsanaryaaa.xyz/wp-content/uploads/2024/05/p1.jpg 1000w, https://bslthemes.com/import/ryancv/ml-engineer/2024/05/p1-300x240.jpg 300w, https://bslthemes.com/import/ryancv/ml-engineer/2024/05/p1-768x614.jpg 768w, https://bslthemes.com/import/ryancv/ml-engineer/2024/05/p1-184x147.jpg 184w" sizes="(max-width: 1000px) 100vw, 1000px" /></a>\n			</figure>\n		These programs typically offer features like remote viewing, motion detection alerts, video analytics, cloud storage, and user access controls. By fostering a vibrant community, the journal invites readers to engage, share their work.', 'Nesomn', '', 'inherit', 'closed', 'closed', '', '73-revision-v1', '', '', '2025-10-22 21:59:04', '2025-10-22 21:59:04', '', 73, 'https://ikhsanaryaaa.xyz/?p=3311', 0, 'revision', '', 0),
(3312, 1, '2025-10-22 22:04:33', '2025-10-22 22:04:33', '<figure class=''gallery-item''>\n				<a data-elementor-open-lightbox="yes" data-elementor-lightbox-slideshow="5920efb2" data-elementor-lightbox-title="Mobile Application #2" data-e-action-hash="#elementor-action%3Aaction%3Dlightbox%26settings%3DeyJpZCI6MTEwMSwidXJsIjoiaHR0cHM6XC9cL3J5YW5jdi5ic2x0aGVtZXMuY29tXC9tbC1lbmdpbmVlclwvd3AtY29udGVudFwvdXBsb2Fkc1wvc2l0ZXNcLzIzXC8yMDIwXC8wNFwvd29yay1yNy5qcGciLCJzbGlkZXNob3ciOiI1OTIwZWZiMiJ9" href=''http://ikhsanaryaaa.xyz/wp-content/uploads/2020/04/work-r7.jpg''><img width="900" height="900" src="http://ikhsanaryaaa.xyz/wp-content/uploads/2020/04/work-r7.jpg" alt="" decoding="async" srcset="http://ikhsanaryaaa.xyz/wp-content/uploads/2020/04/work-r7.jpg 1200w, https://bslthemes.com/import/ryancv/ml-engineer/2020/04/work-r7-300x300.jpg 300w, https://bslthemes.com/import/ryancv/ml-engineer/2020/04/work-r7-1024x1024.jpg 1024w, https://bslthemes.com/import/ryancv/ml-engineer/2020/04/work-r7-150x150.jpg 150w, https://bslthemes.com/import/ryancv/ml-engineer/2020/04/work-r7-768x768.jpg 768w, https://bslthemes.com/import/ryancv/ml-engineer/2020/04/work-r7-184x184.jpg 184w, https://bslthemes.com/import/ryancv/ml-engineer/2020/04/work-r7-280x280.jpg 280w, https://bslthemes.com/import/ryancv/ml-engineer/2020/04/work-r7-560x560.jpg 560w" sizes="(max-width: 900px) 100vw, 900px" /></a>\n			</figure><figure class=''gallery-item''>\n				<a data-elementor-open-lightbox="yes" data-elementor-lightbox-slideshow="5920efb2" data-elementor-lightbox-title="Mobile Application #1" data-e-action-hash="#elementor-action%3Aaction%3Dlightbox%26settings%3DeyJpZCI6MTEwMiwidXJsIjoiaHR0cHM6XC9cL3J5YW5jdi5ic2x0aGVtZXMuY29tXC9tbC1lbmdpbmVlclwvd3AtY29udGVudFwvdXBsb2Fkc1wvc2l0ZXNcLzIzXC8yMDIwXC8wNFwvd29yay1yOC5qcGciLCJzbGlkZXNob3ciOiI1OTIwZWZiMiJ9" href=''http://ikhsanaryaaa.xyz/wp-content/uploads/2020/04/work-r8.jpg''><img width="900" height="900" src="http://ikhsanaryaaa.xyz/wp-content/uploads/2020/04/work-r8.jpg" alt="" decoding="async" srcset="http://ikhsanaryaaa.xyz/wp-content/uploads/2020/04/work-r8.jpg 1200w, https://bslthemes.com/import/ryancv/ml-engineer/2020/04/work-r8-300x300.jpg 300w, https://bslthemes.com/import/ryancv/ml-engineer/2020/04/work-r8-1024x1024.jpg 1024w, https://bslthemes.com/import/ryancv/ml-engineer/2020/04/work-r8-150x150.jpg 150w, https://bslthemes.com/import/ryancv/ml-engineer/2020/04/work-r8-768x768.jpg 768w, https://bslthemes.com/import/ryancv/ml-engineer/2020/04/work-r8-184x184.jpg 184w, https://bslthemes.com/import/ryancv/ml-engineer/2020/04/work-r8-280x280.jpg 280w, https://bslthemes.com/import/ryancv/ml-engineer/2020/04/work-r8-560x560.jpg 560w" sizes="(max-width: 900px) 100vw, 900px" /></a>\n			</figure>\n		<p>An investment mobile application is a digital platform designed to facilitate the buying, selling, and managing of financial assets such as stocks, bonds, cryptocurrencies, and mutual funds from a smartphone or tablet. Real-time market data, portfolio tracking, analysis tools, educational resources, and user-friendly interfaces to enhance the investment experience. These apps often offer features such:</p><ul><li>User-friendly interfaces to enhance the investment experience.</li><li>Follow and replicate the strategies of experienced investors.</li><li>Crucial to protect users'' personal and financial information.</li></ul>		\n			<figure class=''gallery-item''>\n				<a data-elementor-open-lightbox="yes" data-elementor-lightbox-slideshow="21d7ce01" data-elementor-lightbox-title="p1" data-e-action-hash="#elementor-action%3Aaction%3Dlightbox%26settings%3DeyJpZCI6MTYzMiwidXJsIjoiaHR0cHM6XC9cL3J5YW5jdi5ic2x0aGVtZXMuY29tXC9tbC1lbmdpbmVlclwvd3AtY29udGVudFwvdXBsb2Fkc1wvc2l0ZXNcLzIzXC8yMDI0XC8wNVwvcDEuanBnIiwic2xpZGVzaG93IjoiMjFkN2NlMDEifQ%3D%3D" href=''http://ikhsanaryaaa.xyz/wp-content/uploads/2024/05/p1.jpg''><img width="1000" height="800" src="http://ikhsanaryaaa.xyz/wp-content/uploads/2024/05/p1.jpg" alt="" decoding="async" srcset="http://ikhsanaryaaa.xyz/wp-content/uploads/2024/05/p1.jpg 1000w, https://bslthemes.com/import/ryancv/ml-engineer/2024/05/p1-300x240.jpg 300w, https://bslthemes.com/import/ryancv/ml-engineer/2024/05/p1-768x614.jpg 768w, https://bslthemes.com/import/ryancv/ml-engineer/2024/05/p1-184x147.jpg 184w" sizes="(max-width: 1000px) 100vw, 1000px" /></a>\n			</figure>\n		These programs typically offer features like remote viewing, motion detection alerts, video analytics, cloud storage, and user access controls. By fostering a vibrant community, the journal invites readers to engage, share their work.', 'Nesomn', '', 'inherit', 'closed', 'closed', '', '73-revision-v1', '', '', '2025-10-22 22:04:33', '2025-10-22 22:04:33', '', 73, 'https://ikhsanaryaaa.xyz/?p=3312', 0, 'revision', '', 0);
INSERT INTO `iam_dbposts` VALUES
(3314, 1, '2025-10-23 17:27:12', '2025-10-23 17:27:12', '<!-- Hero -->\n								Hello, I’m\n										Ikhsan Arya Mahendra\n										Visual Artist\n										Multimedia Designer\n									<h1>\n				3D Designer and Creative Enthusiast Based in Bekasi, Indonesian.\n			</h1>\n				<p>With over <strong>5 years of experience</strong> in visual design, I am dedicated to the art of digital creativity. I specialize in transforming ideas into compelling visuals and crafting innovative <strong>digital experiences</strong>.</p>\n		<!-- Numbers -->\n						<h6>\n				6+\n			</h6>\n									<p>\n				Years of <br>Experience\n			</p>\n		<!-- Numbers -->\n						<h6>\n				37\n			</h6>\n									<p>\n				Completed <br>Projects\n			</p>', 'Home', '', 'inherit', 'closed', 'closed', '', '40-revision-v1', '', '', '2025-10-23 17:27:12', '2025-10-23 17:27:12', '', 40, 'https://ikhsanaryaaa.xyz/?p=3314', 0, 'revision', '', 0),
(3315, 1, '2025-10-23 17:27:12', '2025-10-23 17:27:12', '<!-- Hero -->\n								Hello, I’m\n										Ikhsan Arya Mahendra\n										Visual Artist\n										Multimedia Designer\n									<h1>\n				3D Designer and Creative Enthusiast Based in Bekasi, Indonesian.\n			</h1>\n				<p>With over <strong>5 years of experience</strong> in visual design, I am dedicated to the art of digital creativity. I specialize in transforming ideas into compelling visuals and crafting innovative <strong>digital experiences</strong>.</p>\n		<!-- Numbers -->\n						<h6>\n				6+\n			</h6>\n									<p>\n				Years of <br>Experience\n			</p>\n		<!-- Numbers -->\n						<h6>\n				37\n			</h6>\n									<p>\n				Completed <br>Projects\n			</p>', 'Home', '', 'inherit', 'closed', 'closed', '', '40-revision-v1', '', '', '2025-10-23 17:27:12', '2025-10-23 17:27:12', '', 40, 'https://ikhsanaryaaa.xyz/?p=3315', 0, 'revision', '', 0),
(3316, 1, '2025-10-23 17:27:13', '2025-10-23 17:27:13', '<!-- Hero -->\n								Hello, I’m\n										Ikhsan Arya Mahendra\n										Visual Artist\n										Multimedia Designer\n									<h1>\n				3D Designer and Creative Enthusiast Based in Bekasi, Indonesian.\n			</h1>\n				<p>With over <strong>5 years of experience</strong> in visual design, I am dedicated to the art of digital creativity. I specialize in transforming ideas into compelling visuals and crafting innovative <strong>digital experiences</strong>.</p>\n		<!-- Numbers -->\n						<h6>\n				6+\n			</h6>\n									<p>\n				Years of <br>Experience\n			</p>\n		<!-- Numbers -->\n						<h6>\n				37\n			</h6>\n									<p>\n				Completed <br>Projects\n			</p>', 'Home', '', 'inherit', 'closed', 'closed', '', '40-revision-v1', '', '', '2025-10-23 17:27:13', '2025-10-23 17:27:13', '', 40, 'https://ikhsanaryaaa.xyz/?p=3316', 0, 'revision', '', 0);

-- --------------------------------------------------------

--
-- Table structure for table `iam_dbtermmeta`
--

CREATE TABLE `iam_dbtermmeta` (
  `meta_id` bigint(20) unsigned NOT NULL AUTO_INCREMENT,
  `term_id` bigint(20) unsigned NOT NULL DEFAULT 0,
  `meta_key` varchar(255) DEFAULT NULL,
  `meta_value` longtext DEFAULT NULL,
  PRIMARY KEY (`meta_id`),
  KEY `term_id` (`term_id`),
  KEY `meta_key` (`meta_key`(191))
) ENGINE=InnoDB DEFAULT CHARSET=utf8mb4 COLLATE=utf8mb4_unicode_520_ci;

-- --------------------------------------------------------

--
-- Table structure for table `iam_dbterms`
--

CREATE TABLE `iam_dbterms` (
  `term_id` bigint(20) unsigned NOT NULL AUTO_INCREMENT,
  `name` varchar(200) NOT NULL DEFAULT '',
  `slug` varchar(200) NOT NULL DEFAULT '',
  `term_group` bigint(10) NOT NULL DEFAULT 0,
  PRIMARY KEY (`term_id`),
  KEY `slug` (`slug`(191)),
  KEY `name` (`name`(191))
) ENGINE=InnoDB  DEFAULT CHARSET=utf8mb4 COLLATE=utf8mb4_unicode_520_ci;

--
-- Dumping data for table `iam_dbterms`
--

INSERT INTO `iam_dbterms` VALUES
(1, 'Uncategorized', 'uncategorized', 0),
(2, 'simple', 'simple', 0),
(3, 'grouped', 'grouped', 0),
(4, 'variable', 'variable', 0),
(5, 'external', 'external', 0),
(6, 'exclude-from-search', 'exclude-from-search', 0),
(7, 'exclude-from-catalog', 'exclude-from-catalog', 0),
(8, 'featured', 'featured', 0),
(9, 'outofstock', 'outofstock', 0),
(10, 'rated-1', 'rated-1', 0),
(11, 'rated-2', 'rated-2', 0),
(12, 'rated-3', 'rated-3', 0),
(13, 'rated-4', 'rated-4', 0),
(14, 'rated-5', 'rated-5', 0),
(15, 'Uncategorized', 'uncategorized', 0),
(16, 'Code', 'code', 0),
(17, 'Design', 'design', 0),
(18, 'Music', 'music', 0),
(19, 'App', 'app', 0),
(20, 'code', 'code', 0),
(21, 'Dashboard', 'dashboard', 0),
(22, 'html', 'html', 0),
(23, 'Mobile', 'mobile', 0),
(24, 'plugin', 'plugin', 0),
(25, 'Software', 'software', 0),
(26, 'wordpress', 'wordpress', 0),
(27, 'App', 'app', 0),
(28, 'Application', 'application', 0),
(29, 'Brand', 'brand', 0),
(30, 'container', 'container', 0),
(31, 'Design', 'design', 0),
(32, 'Generator', 'generator', 0),
(33, 'Mobile', 'mobile', 0),
(34, 'page', 'page', 0),
(35, 'section', 'section', 0),
(36, 'Software', 'software', 0),
(37, 'Software', 'software', 0),
(38, 'Web', 'web', 0),
(39, 'Website', 'website', 0),
(40, 'Main Menu', 'main-menu', 0);

-- --------------------------------------------------------

--
-- Table structure for table `iam_dbterm_relationships`
--

CREATE TABLE `iam_dbterm_relationships` (
  `object_id` bigint(20) unsigned NOT NULL DEFAULT 0,
  `term_taxonomy_id` bigint(20) unsigned NOT NULL DEFAULT 0,
  `term_order` int(11) NOT NULL DEFAULT 0,
  PRIMARY KEY (`object_id`,`term_taxonomy_id`),
  KEY `term_taxonomy_id` (`term_taxonomy_id`)
) ENGINE=InnoDB DEFAULT CHARSET=utf8mb4 COLLATE=utf8mb4_unicode_520_ci;

--
-- Dumping data for table `iam_dbterm_relationships`
--

INSERT INTO `iam_dbterm_relationships` VALUES
(1, 1, 0),
(71, 29, 0),
(71, 31, 0),
(71, 32, 0),
(71, 38, 0),
(71, 39, 0),
(73, 31, 0),
(77, 29, 0),
(77, 36, 0),
(77, 37, 0),
(80, 29, 0),
(80, 31, 0),
(80, 32, 0),
(82, 27, 0),
(82, 33, 0),
(82, 38, 0),
(82, 39, 0),
(89, 17, 0),
(89, 20, 0),
(89, 22, 0),
(89, 24, 0),
(89, 26, 0),
(92, 16, 0),
(92, 17, 0),
(92, 20, 0),
(92, 22, 0),
(92, 24, 0),
(92, 26, 0),
(94, 17, 0),
(94, 18, 0),
(94, 20, 0),
(94, 22, 0),
(94, 24, 0),
(94, 26, 0),
(96, 16, 0),
(96, 20, 0),
(96, 22, 0),
(96, 24, 0),
(96, 26, 0),
(98, 16, 0),
(98, 20, 0),
(98, 22, 0),
(98, 24, 0),
(98, 26, 0),
(2149, 40, 0),
(2150, 40, 0),
(2153, 40, 0),
(2155, 40, 0),
(2156, 40, 0),
(2158, 40, 0),
(2159, 40, 0),
(2938, 33, 0),
(2938, 36, 0),
(2938, 37, 0),
(2938, 38, 0);

-- --------------------------------------------------------

--
-- Table structure for table `iam_dbterm_taxonomy`
--

CREATE TABLE `iam_dbterm_taxonomy` (
  `term_taxonomy_id` bigint(20) unsigned NOT NULL AUTO_INCREMENT,
  `term_id` bigint(20) unsigned NOT NULL DEFAULT 0,
  `taxonomy` varchar(32) NOT NULL DEFAULT '',
  `description` longtext NOT NULL,
  `parent` bigint(20) unsigned NOT NULL DEFAULT 0,
  `count` bigint(20) NOT NULL DEFAULT 0,
  PRIMARY KEY (`term_taxonomy_id`),
  UNIQUE KEY `term_id_taxonomy` (`term_id`,`taxonomy`),
  KEY `taxonomy` (`taxonomy`)
) ENGINE=InnoDB  DEFAULT CHARSET=utf8mb4 COLLATE=utf8mb4_unicode_520_ci;

--
-- Dumping data for table `iam_dbterm_taxonomy`
--

INSERT INTO `iam_dbterm_taxonomy` VALUES
(1, 1, 'category', '', 0, 1),
(2, 2, 'product_type', '', 0, 0),
(3, 3, 'product_type', '', 0, 0),
(4, 4, 'product_type', '', 0, 0),
(5, 5, 'product_type', '', 0, 0),
(6, 6, 'product_visibility', '', 0, 0),
(7, 7, 'product_visibility', '', 0, 0),
(8, 8, 'product_visibility', '', 0, 0),
(9, 9, 'product_visibility', '', 0, 0),
(10, 10, 'product_visibility', '', 0, 0),
(11, 11, 'product_visibility', '', 0, 0),
(12, 12, 'product_visibility', '', 0, 0),
(13, 13, 'product_visibility', '', 0, 0),
(14, 14, 'product_visibility', '', 0, 0),
(15, 15, 'product_cat', '', 0, 0),
(16, 16, 'category', '', 0, 3),
(17, 17, 'category', '', 0, 3),
(18, 18, 'category', '', 0, 1),
(19, 19, 'post_tag', '', 0, 0),
(20, 20, 'post_tag', '', 0, 5),
(21, 21, 'post_tag', '', 0, 0),
(22, 22, 'post_tag', '', 0, 5),
(23, 23, 'post_tag', '', 0, 0),
(24, 24, 'post_tag', '', 0, 5),
(25, 25, 'post_tag', '', 0, 0),
(26, 26, 'post_tag', '', 0, 5),
(27, 27, 'portfolio_categories', '', 0, 1),
(28, 28, 'portfolio_tags', '', 0, 0),
(29, 29, 'portfolio_tags', '', 0, 3),
(30, 30, 'elementor_library_type', '', 0, 0),
(31, 31, 'portfolio_tags', '', 0, 3),
(32, 32, 'portfolio_categories', '', 0, 2),
(33, 33, 'portfolio_tags', '', 0, 2),
(34, 34, 'elementor_library_type', '', 0, 0),
(35, 35, 'elementor_library_type', '', 0, 0),
(36, 36, 'portfolio_categories', '', 0, 2),
(37, 37, 'portfolio_tags', '', 0, 2),
(38, 38, 'portfolio_tags', '', 0, 3),
(39, 39, 'portfolio_categories', '', 0, 2),
(40, 40, 'nav_menu', '', 0, 7);

-- --------------------------------------------------------

--
-- Table structure for table `iam_dbusermeta`
--

CREATE TABLE `iam_dbusermeta` (
  `umeta_id` bigint(20) unsigned NOT NULL AUTO_INCREMENT,
  `user_id` bigint(20) unsigned NOT NULL DEFAULT 0,
  `meta_key` varchar(255) DEFAULT NULL,
  `meta_value` longtext DEFAULT NULL,
  PRIMARY KEY (`umeta_id`),
  KEY `user_id` (`user_id`),
  KEY `meta_key` (`meta_key`(191))
) ENGINE=InnoDB  DEFAULT CHARSET=utf8mb4 COLLATE=utf8mb4_unicode_520_ci;

--
-- Dumping data for table `iam_dbusermeta`
--

INSERT INTO `iam_dbusermeta` VALUES
(1, 1, 'nickname', 'admin'),
(2, 1, 'first_name', ''),
(3, 1, 'last_name', ''),
(4, 1, 'description', ''),
(5, 1, 'rich_editing', 'true'),
(6, 1, 'syntax_highlighting', 'true'),
(7, 1, 'comment_shortcuts', 'false'),
(8, 1, 'admin_color', 'fresh'),
(9, 1, 'use_ssl', '0'),
(10, 1, 'show_admin_bar_front', 'true'),
(11, 1, 'locale', ''),
(12, 1, 'iam_dbcapabilities', 'a:1:{s:13:"administrator";b:1;}'),
(13, 1, 'iam_dbuser_level', '10'),
(14, 1, 'dismissed_wp_pointers', ''),
(15, 1, 'show_welcome_panel', '1'),
(16, 1, 'session_tokens', 'a:1:{s:64:"62eab7b78cebe7280b0ddd486924652048a063ecc11716004929c9f700406447";a:4:{s:10:"expiration";i:1765737919;s:2:"ip";s:14:"180.244.160.70";s:2:"ua";s:111:"Mozilla/5.0 (Windows NT 10.0; Win64; x64) AppleWebKit/537.36 (KHTML, like Gecko) Chrome/143.0.0.0 Safari/537.36";s:5:"login";i:1765565119;}}'),
(17, 1, 'iam_dbdashboard_quick_press_last_post_id', '3318'),
(18, 1, 'community-events-location', 'a:1:{s:2:"ip";s:13:"180.244.160.0";}'),
(19, 1, '_woocommerce_tracks_anon_id', 'woo:Lo63GaBJRDBHuqzjYe1k9N/J'),
(20, 1, 'wc_last_active', '1765152000'),
(21, 1, 'elementor_admin_notices', 'a:1:{s:20:"ally_pages_promotion";a:2:{s:9:"is_viewed";b:1;s:4:"meta";a:0:{}}}'),
(22, 1, 'elementor_introduction', 'a:1:{s:27:"ai-get-started-announcement";b:1;}'),
(23, 1, 'meta-box-order_product', 'a:3:{s:4:"side";s:84:"submitdiv,postimagediv,woocommerce-product-images,product_catdiv,tagsdiv-product_tag";s:6:"normal";s:55:"woocommerce-product-data,postcustom,slugdiv,postexcerpt";s:8:"advanced";s:0:"";}'),
(25, 1, '_woocommerce_persistent_cart_1', 'a:1:{s:4:"cart";a:0:{}}'),
(26, 1, 'iam_dbuser-settings', 'editor=tinymce&libraryContent=browse'),
(27, 1, 'iam_dbuser-settings-time', '1761082564'),
(28, 1, 'tgmpa_dismissed_notice_tgmpa', '1'),
(29, 1, 'nav_menu_recently_edited', '40'),
(30, 1, 'managenav-menuscolumnshidden', 'a:5:{i:0;s:11:"link-target";i:1;s:11:"css-classes";i:2;s:3:"xfn";i:3;s:11:"description";i:4;s:15:"title-attribute";}'),
(31, 1, 'metaboxhidden_nav-menus', 'a:8:{i:0;s:21:"add-post-type-product";i:1;s:23:"add-post-type-portfolio";i:2;s:12:"add-post_tag";i:3;s:17:"add-product_brand";i:4;s:15:"add-product_cat";i:5;s:15:"add-product_tag";i:6;s:24:"add-portfolio_categories";i:7;s:18:"add-portfolio_tags";}'),
(32, 1, 'last_update', '1761168495'),
(33, 1, 'iam_dbpersisted_preferences', 'a:4:{s:17:"core/edit-widgets";a:2:{s:26:"isComplementaryAreaVisible";b:1;s:12:"welcomeGuide";b:0;}s:9:"_modified";s:24:"2025-10-22T21:28:12.993Z";s:4:"core";a:1:{s:26:"isComplementaryAreaVisible";b:1;}s:14:"core/edit-post";a:1:{s:12:"welcomeGuide";b:0;}}'),
(34, 1, 'elementor_dismissed_editor_notices', 'a:1:{i:0;s:20:"image_optimizer_hint";}');

-- --------------------------------------------------------

--
-- Table structure for table `iam_dbusers`
--

CREATE TABLE `iam_dbusers` (
  `ID` bigint(20) unsigned NOT NULL AUTO_INCREMENT,
  `user_login` varchar(60) NOT NULL DEFAULT '',
  `user_pass` varchar(255) NOT NULL DEFAULT '',
  `user_nicename` varchar(50) NOT NULL DEFAULT '',
  `user_email` varchar(100) NOT NULL DEFAULT '',
  `user_url` varchar(100) NOT NULL DEFAULT '',
  `user_registered` datetime NOT NULL DEFAULT '0000-00-00 00:00:00',
  `user_activation_key` varchar(255) NOT NULL DEFAULT '',
  `user_status` int(11) NOT NULL DEFAULT 0,
  `display_name` varchar(250) NOT NULL DEFAULT '',
  PRIMARY KEY (`ID`),
  KEY `user_login_key` (`user_login`),
  KEY `user_nicename` (`user_nicename`),
  KEY `user_email` (`user_email`)
) ENGINE=InnoDB  DEFAULT CHARSET=utf8mb4 COLLATE=utf8mb4_unicode_520_ci;

--
-- Dumping data for table `iam_dbusers`
--

INSERT INTO `iam_dbusers` VALUES
(1, 'admin', '$wp$2y$10$47fWzeuQg3hipTfbd6a.s.meqd3OCX8H6U3x/9Kz1yz1MYIq27Aii', 'admin', 'admin@ikhsanaryaaa.xyz', 'http://ikhsanaryaaa.xyz', '2025-10-21 20:19:55', '', 0, 'admin');

-- --------------------------------------------------------

--
-- Table structure for table `iam_dbwc_admin_notes`
--

CREATE TABLE `iam_dbwc_admin_notes` (
  `note_id` bigint(20) unsigned NOT NULL AUTO_INCREMENT,
  `name` varchar(255) NOT NULL,
  `type` varchar(20) NOT NULL,
  `locale` varchar(20) NOT NULL,
  `title` longtext NOT NULL,
  `content` longtext NOT NULL,
  `content_data` longtext DEFAULT NULL,
  `status` varchar(200) NOT NULL,
  `source` varchar(200) NOT NULL,
  `date_created` datetime NOT NULL DEFAULT '0000-00-00 00:00:00',
  `date_reminder` datetime DEFAULT NULL,
  `is_snoozable` tinyint(1) NOT NULL DEFAULT 0,
  `layout` varchar(20) NOT NULL DEFAULT '',
  `image` varchar(200) DEFAULT NULL,
  `is_deleted` tinyint(1) NOT NULL DEFAULT 0,
  `is_read` tinyint(1) NOT NULL DEFAULT 0,
  `icon` varchar(200) NOT NULL DEFAULT 'info',
  PRIMARY KEY (`note_id`)
) ENGINE=InnoDB  DEFAULT CHARSET=utf8mb4 COLLATE=utf8mb4_unicode_520_ci;

--
-- Dumping data for table `iam_dbwc_admin_notes`
--

INSERT INTO `iam_dbwc_admin_notes` VALUES
(1, 'wc-refund-returns-page', 'info', 'en_US', 'Setup a Refund and Returns Policy page to boost your store''s credibility.', 'We have created a sample draft Refund and Returns Policy page for you. Please have a look and update it to fit your store.', '{}', 'unactioned', 'woocommerce-core', '2025-10-21 20:29:09', NULL, 0, 'plain', '', 0, 0, 'info'),
(2, 'your-first-product', 'info', 'en_US', 'Your first product', 'That’s huge! You’re well on your way to building a successful online store — now it’s time to think about how you’ll fulfill your orders.<br /><br />Read our shipping guide to learn best practices and options for putting together your shipping strategy. And for WooCommerce stores in the United States, you can print discounted shipping labels via USPS with <a href="https://href.li/?https://woocommerce.com/shipping" target="_blank">WooCommerce Shipping</a>.', '{}', 'pending', 'woocommerce.com', '2025-10-21 20:29:13', NULL, 0, 'plain', '', 0, 0, 'info'),
(3, 'wc-admin-optimizing-the-checkout-flow', 'info', 'en_US', 'Optimizing the checkout flow', 'It’s crucial to get your store’s checkout as smooth as possible to avoid losing sales. Let’s take a look at how you can optimize the checkout experience for your shoppers.', '{}', 'pending', 'woocommerce.com', '2025-10-21 20:29:13', NULL, 0, 'plain', '', 0, 0, 'info'),
(4, 'wc-payments-qualitative-feedback', 'info', 'en_US', 'WooPayments setup - let us know what you think', 'Congrats on enabling WooPayments for your store. Please share your feedback in this 2 minute survey to help us improve the setup process.', '{}', 'pending', 'woocommerce.com', '2025-10-21 20:29:13', NULL, 0, 'plain', '', 0, 0, 'info'),
(5, 'share-your-feedback-on-paypal', 'info', 'en_US', 'Share your feedback on PayPal', 'Share your feedback in this 2 minute survey about how we can make the process of accepting payments more useful for your store.', '{}', 'pending', 'woocommerce.com', '2025-10-21 20:29:13', NULL, 0, 'plain', '', 0, 0, 'info'),
(6, 'google_listings_and_ads_install', 'marketing', 'en_US', 'Drive traffic and sales with Google', 'Reach online shoppers to drive traffic and sales for your store by showcasing products across Google, for free or with ads.', '{}', 'pending', 'woocommerce.com', '2025-10-21 20:29:13', NULL, 0, 'plain', '', 0, 0, 'info'),
(7, 'wc-subscriptions-security-update-3-0-15', 'info', 'en_US', 'WooCommerce Subscriptions security update!', 'We recently released an important security update to WooCommerce Subscriptions. To ensure your site’s data is protected, please upgrade <strong>WooCommerce Subscriptions to version 3.0.15</strong> or later.<br /><br />Click the button below to view and update to the latest Subscriptions version, or log in to <a href="https://woocommerce.com/my-dashboard">WooCommerce.com Dashboard</a> and navigate to your <strong>Downloads</strong> page.<br /><br />We recommend always using the latest version of WooCommerce Subscriptions, and other software running on your site, to ensure maximum security.<br /><br />If you have any questions we are here to help — just <a href="https://woocommerce.com/my-account/create-a-ticket/">open a ticket</a>.', '{}', 'pending', 'woocommerce.com', '2025-10-21 20:29:13', NULL, 0, 'plain', '', 0, 0, 'info'),
(8, 'woocommerce-core-update-5-4-0', 'info', 'en_US', 'Update to WooCommerce 5.4.1 now', 'WooCommerce 5.4.1 addresses a checkout issue discovered in WooCommerce 5.4. We recommend upgrading to WooCommerce 5.4.1 as soon as possible.', '{}', 'pending', 'woocommerce.com', '2025-10-21 20:29:13', NULL, 0, 'plain', '', 0, 0, 'info'),
(9, 'wcpay-promo-2020-11', 'marketing', 'en_US', 'wcpay-promo-2020-11', 'wcpay-promo-2020-11', '{}', 'pending', 'woocommerce.com', '2025-10-21 20:29:13', NULL, 0, 'plain', '', 0, 0, 'info'),
(10, 'wcpay-promo-2020-12', 'marketing', 'en_US', 'wcpay-promo-2020-12', 'wcpay-promo-2020-12', '{}', 'pending', 'woocommerce.com', '2025-10-21 20:29:13', NULL, 0, 'plain', '', 0, 0, 'info'),
(11, 'ppxo-pps-upgrade-paypal-payments-1', 'info', 'en_US', 'Get the latest PayPal extension for WooCommerce', 'Heads up! There’s a new PayPal on the block!<br /><br />Now is a great time to upgrade to our latest <a href="https://woocommerce.com/products/woocommerce-paypal-payments/" target="_blank">PayPal extension</a> to continue to receive support and updates with PayPal.<br /><br />Get access to a full suite of PayPal payment methods, extensive currency and country coverage, and pay later options with the all-new PayPal extension for WooCommerce.', '{}', 'pending', 'woocommerce.com', '2025-10-21 20:29:14', NULL, 0, 'plain', '', 0, 0, 'info'),
(12, 'ppxo-pps-upgrade-paypal-payments-2', 'info', 'en_US', 'Upgrade your PayPal experience!', 'Get access to a full suite of PayPal payment methods, extensive currency and country coverage, offer subscription and recurring payments, and the new PayPal pay later options.<br /><br />Start using our <a href="https://woocommerce.com/products/woocommerce-paypal-payments/" target="_blank">latest PayPal today</a> to continue to receive support and updates.', '{}', 'pending', 'woocommerce.com', '2025-10-21 20:29:14', NULL, 0, 'plain', '', 0, 0, 'info'),
(13, 'woocommerce-core-sqli-july-2021-need-to-update', 'update', 'en_US', 'Action required: Critical vulnerabilities in WooCommerce', 'In response to a critical vulnerability identified on July 13, 2021, we are working with the WordPress Plugins Team to deploy software updates to stores running WooCommerce (versions 3.3 to 5.5) and the WooCommerce Blocks feature plugin (versions 2.5 to 5.5).<br /><br />Our investigation into this vulnerability is ongoing, but <strong>we wanted to let you know now about the importance of updating immediately</strong>.<br /><br />For more information on which actions you should take, as well as answers to FAQs, please urgently review our blog post detailing this issue.', '{}', 'pending', 'woocommerce.com', '2025-10-21 20:29:14', NULL, 0, 'plain', '', 0, 0, 'info'),
(14, 'woocommerce-blocks-sqli-july-2021-need-to-update', 'update', 'en_US', 'Action required: Critical vulnerabilities in WooCommerce Blocks', 'In response to a critical vulnerability identified on July 13, 2021, we are working with the WordPress Plugins Team to deploy software updates to stores running WooCommerce (versions 3.3 to 5.5) and the WooCommerce Blocks feature plugin (versions 2.5 to 5.5).<br /><br />Our investigation into this vulnerability is ongoing, but <strong>we wanted to let you know now about the importance of updating immediately</strong>.<br /><br />For more information on which actions you should take, as well as answers to FAQs, please urgently review our blog post detailing this issue.', '{}', 'pending', 'woocommerce.com', '2025-10-21 20:29:14', NULL, 0, 'plain', '', 0, 0, 'info'),
(15, 'woocommerce-core-sqli-july-2021-store-patched', 'update', 'en_US', 'Solved: Critical vulnerabilities patched in WooCommerce', 'In response to a critical vulnerability identified on July 13, 2021, we worked with the WordPress Plugins Team to deploy software updates to stores running WooCommerce (versions 3.3 to 5.5) and the WooCommerce Blocks feature plugin (versions 2.5 to 5.5).<br /><br /><strong>Your store has been updated to the latest secure version(s)</strong>. For more information and answers to FAQs, please review our blog post detailing this issue.', '{}', 'pending', 'woocommerce.com', '2025-10-21 20:29:14', NULL, 0, 'plain', '', 0, 0, 'info'),
(16, 'woocommerce-blocks-sqli-july-2021-store-patched', 'update', 'en_US', 'Solved: Critical vulnerabilities patched in WooCommerce Blocks', 'In response to a critical vulnerability identified on July 13, 2021, we worked with the WordPress Plugins Team to deploy software updates to stores running WooCommerce (versions 3.3 to 5.5) and the WooCommerce Blocks feature plugin (versions 2.5 to 5.5).<br /><br /><strong>Your store has been updated to the latest secure version(s)</strong>. For more information and answers to FAQs, please review our blog post detailing this issue.', '{}', 'pending', 'woocommerce.com', '2025-10-21 20:29:14', NULL, 0, 'plain', '', 0, 0, 'info'),
(17, 'habit-moment-survey', 'marketing', 'en_US', 'We’re all ears! Share your experience so far with WooCommerce', 'We’d love your input to shape the future of WooCommerce together. Feel free to share any feedback, ideas or suggestions that you have.', '{}', 'pending', 'woocommerce.com', '2025-10-21 20:29:14', NULL, 0, 'plain', '', 0, 0, 'info'),
(18, 'woocommerce-core-paypal-march-2022-updated', 'update', 'en_US', 'Security auto-update of WooCommerce', '<strong>Your store has been updated to the latest secure version of WooCommerce</strong>. We worked with WordPress to deploy PayPal Standard security updates for stores running WooCommerce (version 3.5 to 6.3). It’s recommended to disable PayPal Standard, and use <a href="https://woocommerce.com/products/woocommerce-paypal-payments/" target="_blank">PayPal Payments</a> to accept PayPal.', '{}', 'pending', 'woocommerce.com', '2025-10-21 20:29:14', NULL, 0, 'plain', '', 0, 0, 'info'),
(19, 'woocommerce-core-paypal-march-2022-updated-nopp', 'update', 'en_US', 'Security auto-update of WooCommerce', '<strong>Your store has been updated to the latest secure version of WooCommerce</strong>. We worked with WordPress to deploy security updates related to PayPal Standard payment gateway for stores running WooCommerce (version 3.5 to 6.3).', '{}', 'pending', 'woocommerce.com', '2025-10-21 20:29:14', NULL, 0, 'plain', '', 0, 0, 'info'),
(20, 'pinterest_03_2022_update', 'marketing', 'en_US', 'Your Pinterest for WooCommerce plugin is out of date!', 'Update to the latest version of Pinterest for WooCommerce to continue using this plugin and keep your store connected with Pinterest. To update, visit <strong>Plugins &gt; Installed Plugins</strong>, and click on “update now” under Pinterest for WooCommerce.', '{}', 'pending', 'woocommerce.com', '2025-10-21 20:29:14', NULL, 0, 'plain', '', 0, 0, 'info'),
(21, 'store_setup_survey_survey_q2_2022', 'survey', 'en_US', 'How is your store setup going?', 'Our goal is to make sure you have all the right tools to start setting up your store in the smoothest way possible.\r\nWe’d love to know if we hit our mark and how we can improve. To collect your thoughts, we made a 2-minute survey.', '{}', 'unactioned', 'woocommerce.com', '2025-10-28 21:02:34', NULL, 0, 'plain', '', 0, 0, 'info'),
(22, 'needs-update-eway-payment-gateway-rin-2022-12-20', 'update', 'en_US', 'Security vulnerability patched in WooCommerce Eway Gateway', 'In response to a potential vulnerability identified in WooCommerce Eway Gateway versions 3.1.0 to 3.5.0, we’ve worked to deploy security fixes and have released an updated version.\r\nNo external exploits have been detected, but we recommend you update to your latest supported version 3.1.26, 3.2.3, 3.3.1, 3.4.6, or 3.5.1', '{}', 'pending', 'woocommerce.com', '2025-10-21 20:29:14', NULL, 0, 'plain', '', 0, 0, 'info'),
(23, 'updated-eway-payment-gateway-rin-2022-12-20', 'update', 'en_US', 'WooCommerce Eway Gateway has been automatically updated', 'Your store is now running the latest secure version of WooCommerce Eway Gateway. We worked with the WordPress Plugins team to deploy a software update to stores running WooCommerce Eway Gateway (versions 3.1.0 to 3.5.0) in response to a security vulnerability that was discovered.', '{}', 'pending', 'woocommerce.com', '2025-10-21 20:29:14', NULL, 0, 'plain', '', 0, 0, 'info'),
(24, 'ecomm-wc-navigation-survey-2023', 'info', 'en_US', 'Navigating WooCommerce on WordPress.com', 'We are improving the WooCommerce navigation on WordPress.com and would love your help to make it better! Please share your experience with us in this 2-minute survey.', '{}', 'pending', 'woocommerce.com', '2025-10-21 20:29:14', NULL, 0, 'plain', '', 0, 0, 'info'),
(25, 'woopay-beta-merchantrecruitment-04MAY23', 'info', 'en_US', 'Increase conversions with WooPay — our fastest checkout yet', 'WooPay, a new express checkout feature built into WooCommerce Payments, is now available —and we’re inviting you to be one of the first to try it. \r\n<br><br>\r\nBoost conversions by offering your customers a simple, secure way to pay with a single click.\r\n<br><br>\r\nGet started in seconds.', '{}', 'pending', 'woocommerce.com', '2025-10-21 20:29:14', NULL, 0, 'plain', '', 0, 0, 'info'),
(26, 'woocommerce-wcpay-march-2023-update-needed', 'update', 'en_US', 'Action required: Security update for WooCommerce Payments', '<strong>Your store requires a security update for WooCommerce Payments</strong>. Please update to the latest version of WooCommerce Payments immediately to address a potential vulnerability discovered on March 22. For more information on how to update, visit this WooCommerce Developer Blog Post.', '{}', 'pending', 'woocommerce.com', '2025-10-21 20:29:14', NULL, 0, 'plain', '', 0, 0, 'info'),
(27, 'tap_to_pay_iphone_q2_2023_no_wcpay', 'marketing', 'en_US', 'Accept in-person contactless payments on your iPhone', 'Tap to Pay on iPhone and WooCommerce Payments is quick, secure, and simple to set up — no extra terminals or card readers are needed. Accept contactless debit and credit cards, Apple Pay, and other NFC digital wallets in person.', '{}', 'pending', 'woocommerce.com', '2025-10-21 20:29:14', NULL, 0, 'plain', '', 0, 0, 'info'),
(28, 'woocommerce-WCPreOrders-april-2023-update-needed', 'update', 'en_US', 'Action required: Security update of WooCommerce Pre-Orders extension', '<strong>Your store requires a security update for the WooCommerce Pre-Orders extension</strong>. Please update the WooCommerce Pre-Orders extension immediately to address a potential vulnerability discovered on April 11.', '{}', 'pending', 'woocommerce.com', '2025-10-21 20:29:14', NULL, 0, 'plain', '', 0, 0, 'info'),
(29, 'woopay-beta-merchantrecruitment-update-04MAY23', 'info', 'en_US', 'Increase conversions with WooPay — our fastest checkout yet', 'WooPay, a new express checkout feature built into WooCommerce Payments, is now available — and you’re invited to try it. \r\n<br /><br />\r\nBoost conversions by offering your customers a simple, secure way to pay with a single click.\r\n<br /><br />\r\nUpdate WooCommerce Payments to get started.', '{}', 'pending', 'woocommerce.com', '2025-10-21 20:29:14', NULL, 0, 'plain', '', 0, 0, 'info'),
(30, 'woopay-beta-existingmerchants-noaction-27APR23', 'info', 'en_US', 'WooPay is back!', 'Thanks for previously trying WooPay, the express checkout feature built into WooCommerce Payments. We’re excited to announce that WooPay availability has resumed. No action is required on your part.\r\n<br /><br />\r\nYou can now continue boosting conversions by offering your customers a simple, secure way to pay with a single click.', '{}', 'pending', 'woocommerce.com', '2025-10-21 20:29:14', NULL, 0, 'plain', '', 0, 0, 'info'),
(31, 'woopay-beta-existingmerchants-update-27APR23', 'info', 'en_US', 'WooPay is back!', 'Thanks for previously trying WooPay, the express checkout feature built into WooCommerce Payments. We’re excited to announce that WooPay availability has resumed.\r\n<br /><br />\r\n\r\nUpdate to the latest WooCommerce Payments version to continue boosting conversions by offering your customers a simple, secure way to pay with a single click.', '{}', 'pending', 'woocommerce.com', '2025-10-21 20:29:14', NULL, 0, 'plain', '', 0, 0, 'info'),
(32, 'woopay-beta-merchantrecruitment-short-04MAY23', 'info', 'en_US', 'Increase conversions with WooPay — our fastest checkout yet', 'Be one of the first to try WooPay, a new express checkout feature for WooCommerce Payments. \r\n<br><br>\r\nBoost conversions by letting customers pay with a single click.', '{}', 'pending', 'woocommerce.com', '2025-10-21 20:29:14', NULL, 0, 'plain', '', 0, 0, 'info'),
(33, 'woopay-beta-merchantrecruitment-short-update-04MAY23', 'info', 'en_US', 'Increase conversions with WooPay — our fastest checkout yet', 'Be one of the first to try WooPay, our new express checkout feature. <br>Boost conversions by letting customers pay with a single click. <br><br>Update to the latest version of WooCommerce Payments to get started.', '{}', 'pending', 'woocommerce.com', '2025-10-21 20:29:14', NULL, 0, 'plain', '', 0, 0, 'info'),
(34, 'woopay-beta-merchantrecruitment-short-09MAY23', 'info', 'en_US', 'Increase conversions with WooPay — our fastest checkout yet', 'Be one of the first to try WooPay, a new express checkout feature for WooCommerce Payments. \r\n<br><br>\r\nBoost conversions by letting customers pay with a single click.', '{}', 'pending', 'woocommerce.com', '2025-10-21 20:29:14', NULL, 0, 'plain', '', 0, 0, 'info'),
(35, 'woopay-beta-merchantrecruitment-short-update-09MAY23', 'info', 'en_US', 'Increase conversions with WooPay — our fastest checkout yet', 'Be one of the first to try WooPay, our new express checkout feature. <br>Boost conversions by letting customers pay with a single click. <br><br>Update to the latest version of WooCommerce Payments to get started.', '{}', 'pending', 'woocommerce.com', '2025-10-21 20:29:14', NULL, 0, 'plain', '', 0, 0, 'info'),
(36, 'woocommerce-WCSubscriptions-June-2023-updated-needed', 'marketing', 'en_US', 'Action required: Security update of WooCommerce Subscriptions', '<strong>Your store requires a security update for the WooCommerce Subscriptions plugin</strong>. Please update the WooCommerce Subscriptions plugin immediately to address a potential vulnerability.', '{}', 'pending', 'woocommerce.com', '2025-10-21 20:29:14', NULL, 0, 'plain', '', 0, 0, 'info'),
(37, 'woocommerce-WCReturnsWarranty-June-2023-updated-needed', 'update', 'en_US', 'Action required: Security update of WooCommerce Returns and Warranty Requests extension', '<strong>Your store requires a security update for the Returns and Warranty Requests extension</strong>.  Please update to the latest version of the WooCommerce Returns and Warranty Requests extension immediately to address a potential vulnerability discovered on May 31.', '{}', 'pending', 'woocommerce.com', '2025-10-21 20:29:14', NULL, 0, 'plain', '', 0, 0, 'info'),
(38, 'woocommerce-WCOPC-June-2023-updated-needed', 'update', 'en_US', 'Action required: Security update of WooCommerce One Page Checkout', '<strong>Your shop requires a security update to address a vulnerability in the WooCommerce One Page Checkout extension</strong>. The fix for this vulnerability was released for this extension on June 13th. Please update immediately.', '{}', 'pending', 'woocommerce.com', '2025-10-21 20:29:14', NULL, 0, 'plain', '', 0, 0, 'info'),
(39, 'woocommerce-WCGC-July-2023-update-needed', 'update', 'en_US', 'Action required: Security update of WooCommerce GoCardless Extension', '<strong>Your shop requires a security update to address a vulnerability in the WooCommerce GoCardless extension</strong>. The fix for this vulnerability was released on July 4th. Please update immediately.', '{}', 'pending', 'woocommerce.com', '2025-10-21 20:29:14', NULL, 0, 'plain', '', 0, 0, 'info'),
(40, 'woocommerce-shipping-fedex-api-outage-2023-07-16', 'warning', 'en_US', 'Scheduled FedEx API outage — July 2023', 'On July 16 there will be a full outage of the FedEx API from 04:00 to 08:00 AM UTC. Due to planned maintenance by FedEx, you''ll be unable to provide FedEx shipping rates during this time. Follow the link below for more information and recommendations on how to minimize impact.', '{}', 'pending', 'woocommerce.com', '2025-10-21 20:29:14', NULL, 0, 'plain', '', 0, 0, 'info'),
(41, 'wcship-2023-07-hazmat-update-needed', 'update', 'en_US', 'Action required: USPS HAZMAT compliance update for WooCommerce Shipping & Tax extension', '<strong>Your store requires an update for the WooCommerce Shipping extension</strong>. Please update to the latest version of the WooCommerce Shipping &amp; Tax extension immediately to ensure compliance with new USPS HAZMAT rules currently in effect.', '{}', 'pending', 'woocommerce.com', '2025-10-21 20:29:14', NULL, 0, 'plain', '', 0, 0, 'info'),
(42, 'woocommerce-WCStripe-Aug-2023-update-needed', 'update', 'en_US', 'Action required: Security update for WooCommerce Stripe plugin', '<strong>Your shop requires an important security update for the  WooCommerce Stripe plugin</strong>. The fix for this vulnerability was released on July 31. Please update immediately.', '{}', 'pending', 'woocommerce.com', '2025-10-21 20:29:14', NULL, 0, 'plain', '', 0, 0, 'info'),
(43, 'woocommerce-WCStripe-Aug-2023-security-updated', 'update', 'en_US', 'Security update of WooCommerce Stripe plugin', '<strong>Your store has been updated to the latest secure version of the WooCommerce Stripe plugin</strong>. This update was released on July 31.', '{}', 'pending', 'woocommerce.com', '2025-10-21 20:29:14', NULL, 0, 'plain', '', 0, 0, 'info'),
(44, 'woocommerce-WooPayments-Aug-2023-security-updated', 'update', 'en_US', 'Security update of WooPayments (WooCommerce Payments) plugin', '<strong>Your store has been updated to the more secure version of WooPayments (WooCommerce Payments)</strong>. This update was released on July 31.', '{}', 'pending', 'woocommerce.com', '2025-10-21 20:29:14', NULL, 0, 'plain', '', 0, 0, 'info'),
(45, 'avalara_q3-2023_noAvaTax', 'marketing', 'en_US', 'Automatically calculate VAT in real time', 'Take the effort out of determining tax rates and sell confidently across borders with automated tax management from Avalara AvaTax— including built-in VAT calculation when you sell into or across the EU and UK. Save time and stay compliant when you let Avalara do the heavy lifting.', '{}', 'pending', 'woocommerce.com', '2025-10-21 20:29:14', NULL, 0, 'plain', '', 0, 0, 'info'),
(46, 'woocommerce-usermeta-Sept2023-productvendors', 'update', 'en_US', 'Your store requires a security update', '<strong>Your shop needs an update to address a vulnerability in WooCommerce.</strong> The fix was released on Sept 15. Please update WooCommerce to the latest version immediately. <a href="https://developer.woocommerce.com/2023/09/16/woocommerce-vulnerability-reintroduced-from-7-0-1/" />Read our developer update</a> for more information.', '{}', 'pending', 'woocommerce.com', '2025-10-21 20:29:14', NULL, 0, 'plain', '', 0, 0, 'info'),
(47, 'woocommerce-STRIPE-Oct-2023-update-needed', 'update', 'en_US', 'Action required: Security update for WooCommerce Stripe Gateway', '<strong>Your shop requires a security update to address a vulnerability in the WooCommerce Stripe Gateway</strong>. The fix for this vulnerability was released on October 17. Please update immediately.', '{}', 'pending', 'woocommerce.com', '2025-10-21 20:29:14', NULL, 0, 'plain', '', 0, 0, 'info'),
(48, 'amazon-mcf-reviews-2023-12-07', 'marketing', 'en_US', 'Enjoying Amazon MCF for WooCommerce?', 'We''re Never Settle, the developers behind Amazon MCF for WooCommerce, and would be deeply honored to have your review. Reviews help immensely as other users can learn how MCF can solve their needs too! Not happy or need help? Please reach out for support and we’d love to make things right!', '{}', 'pending', 'woocommerce.com', '2025-10-21 20:29:14', NULL, 0, 'plain', '', 0, 0, 'info'),
(49, 'remove_estimated_deposits_2024', 'marketing', 'en_US', 'Estimated deposits are going away', 'To provide more accurate deposit information and support the expansion of instant deposits, estimated deposit details will no longer be available in WooPayments. We recommend upgrading to the latest version of WooPayments for more detailed balance status information.', '{}', 'pending', 'woocommerce.com', '2025-10-21 20:29:14', NULL, 0, 'plain', '', 0, 0, 'info'),
(50, 'sirt-woo-2024-11-xss-admin', 'update', 'en_US', 'An important update is required for WooCommerce', 'This update addresses a security vulnerability that could allow unauthorized access to administrative privileges on your site. <a href="https://developer.woocommerce.com/2024/12/03/woocommerce-9-4-3-and-woocommerce-9-3-4-available-now/">Learn more</a>.\r\n<br><br>\r\n<strong>Please ensure your site is updated to the latest version to stay secure.</strong>', '{}', 'pending', 'woocommerce.com', '2025-10-21 20:29:14', NULL, 0, 'plain', '', 0, 0, 'info'),
(51, 'paypal-braintree-sdk-depreciation-2025-02-20', 'update', 'en_US', 'Update required for your PayPal Braintree extension', 'To continue securely accepting payments, you must update your PayPal Braintree extension to version 3.2.4 or newer before June 30, 2025. Your current extension version will not support payment processing after this date due to an SSL certificate update.', '{}', 'pending', 'woocommerce.com', '2025-10-21 20:29:14', NULL, 0, 'plain', '', 0, 0, 'info'),
(52, 'uk-vat-notice-2025-04-30', 'warning', 'en_US', 'UK VAT numbers are no longer supported', 'Due to recent HM Revenue &amp; Customs (HMRC) VAT API changes, your EU VAT Number for WooCommerce extension can no longer validate UK VAT numbers. HMRC now requires merchants to register an API key, which this extension does not currently support. We recommend EU/UK VAT Validation Manager for WooCommerce as a replacement', '{}', 'pending', 'woocommerce.com', '2025-10-21 20:29:14', NULL, 0, 'plain', '', 0, 0, 'info'),
(53, 'payson-retirement-2025', 'update', 'en_US', 'Payson Form Retirement', 'Svea Bank is discontinuing the Payson service; the last date for transactions is August 31, 2025. As a result, the Payson Form extension has been removed from WooCommerce.com. Documentation remains available.', '{}', 'pending', 'woocommerce.com', '2025-10-21 20:29:15', NULL, 0, 'plain', '', 0, 0, 'info'),
(54, 'paypal-braintree-sdk-depreciation-2025-05-30', 'update', 'en_US', 'Action required: Update the PayPal Braintree extension', 'Your PayPal Braintree extension is using an outdated SDK and will stop processing payments after June 30, 2025, due to a root SSL certificate expiration. To avoid service disruption, update to version 3.2.4 or newer immediately.', '{}', 'pending', 'woocommerce.com', '2025-10-21 20:29:15', NULL, 0, 'plain', '', 0, 0, 'info'),
(55, 'pinterest_q4_2025', 'marketing', 'en_US', 'Maximize conversions with Pinterest', 'Connect your store to Pinterest via the Conversions API, now part of our official extension. Target the right shoppers, track performance, and optimize campaigns for more sales. Sync your catalog and create your first ad today.', '{}', 'pending', 'woocommerce.com', '2025-10-22 20:29:56', NULL, 0, 'plain', '', 0, 0, 'info'),
(56, 'wc-admin-mobile-app', 'info', 'en_US', 'Install Woo mobile app', 'Install the WooCommerce mobile app to manage orders, receive sales notifications, and view key metrics — wherever you are.', '{}', 'unactioned', 'woocommerce-admin', '2025-10-23 20:44:20', NULL, 0, 'plain', '', 0, 0, 'info'),
(57, 'wc-admin-onboarding-payments-reminder', 'info', 'en_US', 'Start accepting payments on your store!', 'Take payments with the provider that’s right for you - choose from 100+ payment gateways for WooCommerce.', '{}', 'unactioned', 'woocommerce-admin', '2025-10-26 20:53:25', NULL, 0, 'plain', '', 0, 0, 'info'),
(58, 'wc-admin-usage-tracking-opt-in', 'info', 'en_US', 'Help WooCommerce improve with usage tracking', 'Gathering usage data allows us to improve WooCommerce. Your store will be considered as we evaluate new features, judge the quality of an update, or determine if an improvement makes sense. You can always visit the <a href="https://ikhsanaryaaa.xyz/wp-admin/admin.php?page=wc-settings&#038;tab=advanced&#038;section=woocommerce_com" target="_blank">Settings</a> and choose to stop sharing data. <a href="https://woocommerce.com/usage-tracking?utm_medium=product" target="_blank">Read more</a> about what data we collect.', '{}', 'unactioned', 'woocommerce-admin', '2025-10-28 21:02:33', NULL, 0, 'plain', '', 0, 0, 'info'),
(59, 'wc-admin-woocommerce-payments', 'marketing', 'en_US', 'Try the new way to get paid', 'Securely accept credit and debit cards on your site. Manage transactions without leaving your WordPress dashboard. Only with <strong>WooPayments</strong>.<br><br>By clicking "Get started", you agree to our <a href="https://wordpress.com/tos/" target="_blank">Terms of Service</a>', '{}', 'unactioned', 'woocommerce-admin', '2025-10-28 21:02:33', NULL, 0, 'plain', '', 0, 0, 'info'),
(60, 'paypaladvantage_q4_2025', 'marketing', 'en_US', 'PayPal Checkout offer: Get 40% back on fees for 3 months', 'Download and activate PayPal Payments in your WooCommerce admin, then complete your first transaction by 15 December 2025 to get 40% back on PayPal transaction fees — up to £2,000 for 3 months. PayPal Checkout works with your existing checkout. See terms: paypal.com/uk/campaign/paypalmerchantpromotion/terms.', '{}', 'pending', 'woocommerce.com', '2025-11-04 22:52:28', NULL, 0, 'plain', '', 0, 0, 'info'),
(61, 'reddit_q4_2025', 'marketing', 'en_US', 'New: Reach high-intent shoppers on Reddit', 'Sync your catalog and pixel with Reddit for WooCommerce. Launch your ads faster on Reddit and connect with their 400M+ weekly active users and shoppers who turn to this platform for authentic conversations and recommendations.', '{}', 'pending', 'woocommerce.com', '2025-11-14 02:18:15', NULL, 0, 'plain', '', 0, 0, 'info'),
(62, 'bfcm_general_sale_q4_2025', 'marketing', 'en_US', 'Save up to 40% on extensions and themes', 'For a limited time, take up to 40% off nearly everything in our Marketplace. It’s the perfect moment to give your store a holiday boost and level up for 2026. Sale ends December 2, 2025, at 14:00 UTC.', '{}', 'pending', 'woocommerce.com', '2025-11-20 03:20:40', NULL, 0, 'plain', '', 0, 0, 'info'),
(63, 'paypal-carding-recaptcha-dec-25', 'update', 'en_US', 'Activate PayPal fraud management', 'PayPal detected increased suspicious card activity in market. Please enable fraud protection in your PayPal Payment settings by enabling CAPTCHA for PayPal Payments.', '{}', 'pending', 'woocommerce.com', '2025-12-04 07:10:47', NULL, 0, 'plain', '', 0, 0, 'info'),
(64, 'Googleupdate_q4_2025', 'marketing', 'en_US', 'Make every ad dollar count this holiday season', 'Google for WooCommerce now includes Budget Recommendations. Install the latest version and get personalized suggestions on where to optimize campaign budgets to reach more holiday shoppers this season.', '{}', 'pending', 'woocommerce.com', '2025-12-05 07:14:24', NULL, 0, 'plain', '', 0, 0, 'info'),
(65, 'holiday_shipping_deadlines_WCST_2025', 'marketing', 'en_US', 'Holiday shipping deadlines', 'Ensure your packages arrive before December 25. Verify your exact ship-by date for your destination, carrier, and mail class.', '{}', 'pending', 'woocommerce.com', '2025-12-12 10:05:13', NULL, 0, 'plain', '', 0, 0, 'info'),
(66, 'holiday_shipping_deadlines_WCS_2025', 'marketing', 'en_US', 'Holiday shipping deadlines', 'Ensure your packages arrive before December 25. Verify your exact ship-by date for your destination, carrier, and mail class.', '{}', 'pending', 'woocommerce.com', '2025-12-12 10:05:13', NULL, 0, 'plain', '', 0, 0, 'info'),
(67, 'snap_q4_2025', 'marketing', 'en_US', 'New: Reach a new audience on Snapchat', '88% of Snapchatters love to shop, and 40% aren''t active on other social platforms. Connect with them and grow your business using Snapchat for WooCommerce, our new official extension. Sync your products, launch ad campaigns, and track results — all from your Woo dashboard.', '{}', 'pending', 'woocommerce.com', '2025-12-19 13:46:23', NULL, 0, 'plain', '', 0, 0, 'info'),
(68, 'stripe_agenticcommerce_3PDS_q4_2025', 'marketing', 'en_US', 'Get more from Stripe with the official extension', 'Switch to the official extension co-developed with Stripe for the latest features and best performance. Get access to personalized checkout options, early support for AI shopping through Stripe’s <a href="https://woocommerce.com/posts/stripe-agentic-commerce-suite-for-woocommerce/">Agentic Commerce Suite</a>, and more.', '{}', 'pending', 'woocommerce.com', '2025-12-19 13:46:23', NULL, 0, 'plain', '', 0, 0, 'info');

-- --------------------------------------------------------

--
-- Table structure for table `iam_dbwc_admin_note_actions`
--

CREATE TABLE `iam_dbwc_admin_note_actions` (
  `action_id` bigint(20) unsigned NOT NULL AUTO_INCREMENT,
  `note_id` bigint(20) unsigned NOT NULL,
  `name` varchar(255) NOT NULL,
  `label` varchar(255) NOT NULL,
  `query` longtext NOT NULL,
  `status` varchar(255) NOT NULL,
  `actioned_text` varchar(255) NOT NULL,
  `nonce_action` varchar(255) DEFAULT NULL,
  `nonce_name` varchar(255) DEFAULT NULL,
  PRIMARY KEY (`action_id`),
  KEY `note_id` (`note_id`)
) ENGINE=InnoDB  DEFAULT CHARSET=utf8mb4 COLLATE=utf8mb4_unicode_520_ci;

--
-- Dumping data for table `iam_dbwc_admin_note_actions`
--

INSERT INTO `iam_dbwc_admin_note_actions` VALUES
(1, 1, 'notify-refund-returns-page', 'Edit page', 'http://ikhsanaryaaa.xyz/wp-admin/post.php?post=13&action=edit', 'actioned', '', NULL, NULL),
(311, 56, 'learn-more', 'Learn more', 'https://woocommerce.com/mobile/?utm_medium=product', 'actioned', '', NULL, NULL),
(546, 57, 'view-payment-gateways', 'Learn more', 'https://woocommerce.com/product-category/woocommerce-extensions/payment-gateways/?utm_medium=product', 'actioned', '', NULL, NULL),
(703, 58, 'tracking-opt-in', 'Activate usage tracking', '', 'actioned', 'Usage tracking activated', NULL, NULL),
(783, 55, 'pinterest_q4_2025', 'Get started with Pinterest', 'https://woocommerce.com/products/pinterest-for-woocommerce/?utm_source=inbox_note&utm_medium=product&utm_campaign=pinterest_q4_2025', 'actioned', '', NULL, NULL),
(1803, 60, 'paypaladvantage_q4_2025', 'Activate PayPal Today', 'https://woocommerce.com/products/woocommerce-paypal-payments/?utm_source=inbox_note&utm_medium=product&utm_campaign=paypaladvantage_q4_2025', 'unactioned', '', NULL, NULL),
(2355, 61, 'reddit_q4_2025', 'Get started with Reddit', 'https://woocommerce.com/products/reddit/?utm_source=inbox_note&utm_medium=product&utm_campaign=reddit_q4_2025', 'unactioned', '', NULL, NULL),
(2910, 62, 'bfcm_general_sale_q4_2025', 'Boost your store for less', 'https://woocommerce.com/products/?utm_source=inbox_note&utm_medium=product&utm_campaign=bfcm_general_sale_q4_2025', 'actioned', '', NULL, NULL),
(4021, 64, 'Google_q4_2025', 'Update Now', 'http://ikhsanaryaaa.xyz/wp-admin/update-core.php', 'unactioned', '', NULL, NULL),
(4427, 65, 'holiday_shipping_deadlines_WCST_2025_button', 'Learn More', 'https://woocommerce.com/document/woocommerce-shipping/?utm_source=inbox_note&utm_medium=product&utm_campaign=holiday_shipping_deadlines_WCST_2025_button#2025-holiday-shipping-deadlines', 'unactioned', '', NULL, NULL),
(4428, 66, 'holiday_shipping_deadlines_WCS_2025_button', 'Learn More', 'https://woocommerce.com/document/woocommerce-shipping/?utm_source=inbox_note&utm_medium=product&utm_campaign=holiday_shipping_deadlines_WCS_2025_button#2025-holiday-shipping-deadlines', 'unactioned', '', NULL, NULL),
(4915, 59, 'learn-more', 'Learn more', 'https://woocommerce.com/payments/?utm_medium=product', 'unactioned', '', NULL, NULL),
(4916, 59, 'get-started', 'Get started', 'http://ikhsanaryaaa.xyz/wp-admin/admin.php?page=wc-admin&action=setup-woocommerce-payments', 'actioned', '', 'setup-woocommerce-payments', ''),
(4917, 2, 'learn-more', 'Learn more', 'https://woocommerce.com/posts/ecommerce-shipping-solutions-guide/?utm_source=inbox_note&utm_medium=product&utm_campaign=learn-more', 'actioned', '', NULL, NULL),
(4918, 3, 'optimizing-the-checkout-flow', 'Learn more', 'https://woocommerce.com/posts/optimizing-woocommerce-checkout?utm_source=inbox_note&utm_medium=product&utm_campaign=optimizing-the-checkout-flow', 'actioned', '', NULL, NULL),
(4919, 4, 'qualitative-feedback-from-new-users', 'Share feedback', 'https://automattic.survey.fm/woopayments-new-user-feedback', 'actioned', '', NULL, NULL),
(4920, 5, 'share-feedback', 'Share feedback', 'http://automattic.survey.fm/paypal-feedback', 'unactioned', '', NULL, NULL),
(4921, 6, 'get-started', 'Get started', 'https://woocommerce.com/products/google-listings-and-ads?utm_source=inbox_note&utm_medium=product&utm_campaign=get-started', 'actioned', '', NULL, NULL),
(4922, 7, 'update-wc-subscriptions-3-0-15', 'View latest version', 'http://ikhsanaryaaa.xyz/wp-admin/&page=wc-addons&section=helper', 'actioned', '', NULL, NULL),
(4923, 8, 'update-wc-core-5-4-0', 'How to update WooCommerce', 'https://docs.woocommerce.com/document/how-to-update-woocommerce/', 'actioned', '', NULL, NULL),
(4924, 11, 'ppxo-pps-install-paypal-payments-1', 'View upgrade guide', 'https://docs.woocommerce.com/document/woocommerce-paypal-payments/paypal-payments-upgrade-guide/', 'actioned', '', NULL, NULL),
(4925, 12, 'ppxo-pps-install-paypal-payments-2', 'View upgrade guide', 'https://docs.woocommerce.com/document/woocommerce-paypal-payments/paypal-payments-upgrade-guide/', 'actioned', '', NULL, NULL),
(4926, 13, 'learn-more', 'Learn more', 'https://woocommerce.com/posts/critical-vulnerability-detected-july-2021/?utm_source=inbox_note&utm_medium=product&utm_campaign=learn-more', 'unactioned', '', NULL, NULL),
(4927, 13, 'dismiss', 'Dismiss', '', 'actioned', '', NULL, NULL),
(4928, 14, 'learn-more', 'Learn more', 'https://woocommerce.com/posts/critical-vulnerability-detected-july-2021/?utm_source=inbox_note&utm_medium=product&utm_campaign=learn-more', 'unactioned', '', NULL, NULL),
(4929, 14, 'dismiss', 'Dismiss', '', 'actioned', '', NULL, NULL),
(4930, 15, 'learn-more', 'Learn more', 'https://woocommerce.com/posts/critical-vulnerability-detected-july-2021/?utm_source=inbox_note&utm_medium=product&utm_campaign=learn-more', 'unactioned', '', NULL, NULL),
(4931, 15, 'dismiss', 'Dismiss', '', 'actioned', '', NULL, NULL),
(4932, 16, 'learn-more', 'Learn more', 'https://woocommerce.com/posts/critical-vulnerability-detected-july-2021/?utm_source=inbox_note&utm_medium=product&utm_campaign=learn-more', 'unactioned', '', NULL, NULL),
(4933, 16, 'dismiss', 'Dismiss', '', 'actioned', '', NULL, NULL),
(4934, 17, 'share-feedback', 'Share feedback', 'https://automattic.survey.fm/store-management', 'unactioned', '', NULL, NULL),
(4935, 18, 'learn-more', 'Learn more', 'https://developer.woocommerce.com/2022/03/10/woocommerce-3-5-10-6-3-1-security-releases/', 'unactioned', '', NULL, NULL),
(4936, 18, 'woocommerce-core-paypal-march-2022-dismiss', 'Dismiss', '', 'actioned', '', NULL, NULL),
(4937, 19, 'learn-more', 'Learn more', 'https://developer.woocommerce.com/2022/03/10/woocommerce-3-5-10-6-3-1-security-releases/', 'unactioned', '', NULL, NULL),
(4938, 19, 'dismiss', 'Dismiss', '', 'actioned', '', NULL, NULL),
(4939, 20, 'pinterest_03_2022_update', 'Update Instructions', 'https://woocommerce.com/document/pinterest-for-woocommerce/?utm_source=inbox_note&utm_medium=product&utm_campaign=pinterest_03_2022_update#section-3', 'actioned', '', NULL, NULL),
(4940, 21, 'store_setup_survey_survey_q2_2022_share_your_thoughts', 'Tell us how it’s going', 'https://automattic.survey.fm/store-setup-survey-2022', 'actioned', '', NULL, NULL),
(4941, 22, 'needs-update-eway-payment-gateway-rin-action-button-2022-12-20', 'See available updates', 'http://ikhsanaryaaa.xyz/wp-admin/update-core.php', 'unactioned', '', NULL, NULL),
(4942, 22, 'needs-update-eway-payment-gateway-rin-dismiss-button-2022-12-20', 'Dismiss', '#', 'actioned', '', NULL, NULL),
(4943, 23, 'updated-eway-payment-gateway-rin-action-button-2022-12-20', 'See all updates', 'http://ikhsanaryaaa.xyz/wp-admin/update-core.php', 'unactioned', '', NULL, NULL),
(4944, 23, 'updated-eway-payment-gateway-rin-dismiss-button-2022-12-20', 'Dismiss', '#', 'actioned', '', NULL, NULL),
(4945, 24, 'share-navigation-survey-feedback', 'Share feedback', 'https://automattic.survey.fm/new-ecommerce-plan-navigation', 'actioned', '', NULL, NULL),
(4946, 25, 'woopay-beta-merchantrecruitment-activate-04MAY23', 'Activate WooPay', 'http://ikhsanaryaaa.xyz/wp-admin/admin.php?page=wc-settings&tab=checkout&section=woocommerce_payments&method=platform_checkout', 'actioned', '', NULL, NULL),
(4947, 25, 'woopay-beta-merchantrecruitment-activate-learnmore-04MAY23', 'Learn More', 'https://woocommerce.com/woopay-businesses/?utm_source=inbox_note&utm_medium=product&utm_campaign=woopay-beta-merchantrecruitment-activate-learnmore-04MAY23', 'unactioned', '', NULL, NULL),
(4948, 26, 'woocommerce-wcpay-march-2023-update-needed-button', 'See Blog Post', 'https://developer.woocommerce.com/2023/03/23/critical-vulnerability-detected-in-woocommerce-payments-what-you-need-to-know', 'unactioned', '', NULL, NULL),
(4949, 26, 'woocommerce-wcpay-march-2023-update-needed-dismiss-button', 'Dismiss', '#', 'actioned', '', NULL, NULL),
(4950, 27, 'tap_to_pay_iphone_q2_2023_no_wcpay', 'Simplify my payments', 'https://woocommerce.com/products/woocommerce-payments/?utm_source=inbox_note&utm_medium=product&utm_campaign=tap_to_pay_iphone_q2_2023_no_wcpay', 'actioned', '', NULL, NULL),
(4951, 28, 'extension-settings', 'See available updates', 'http://ikhsanaryaaa.xyz/wp-admin/update-core.php', 'unactioned', '', NULL, NULL),
(4952, 28, 'dismiss', 'Dismiss', '#', 'actioned', '', NULL, NULL),
(4953, 29, 'woopay-beta-merchantrecruitment-update-WCPay-04MAY23', 'Update WooCommerce Payments', 'http://ikhsanaryaaa.xyz/wp-admin/plugins.php?plugin_status=all', 'unactioned', '', NULL, NULL),
(4954, 29, 'woopay-beta-merchantrecruitment-update-activate-04MAY23', 'Activate WooPay', 'http://ikhsanaryaaa.xyz/wp-admin/admin.php?page=wc-settings&tab=checkout&section=woocommerce_payments&method=platform_checkout', 'actioned', '', NULL, NULL),
(4955, 30, 'woopay-beta-existingmerchants-noaction-documentation-27APR23', 'Documentation', 'https://woocommerce.com/document/woopay-merchant-documentation/?utm_source=inbox_note&utm_medium=product&utm_campaign=woopay-beta-existingmerchants-noaction-documentation-27APR23', 'actioned', '', NULL, NULL),
(4956, 31, 'woopay-beta-existingmerchants-update-WCPay-27APR23', 'Update WooCommerce Payments', 'http://ikhsanaryaaa.xyz/wp-admin/plugins.php?plugin_status=all', 'actioned', '', NULL, NULL),
(4957, 32, 'woopay-beta-merchantrecruitment-short-activate-04MAY23', 'Activate WooPay', 'http://ikhsanaryaaa.xyz/wp-admin/admin.php?page=wc-settings&tab=checkout&section=woocommerce_payments&method=platform_checkout', 'actioned', '', NULL, NULL),
(4958, 32, 'woopay-beta-merchantrecruitment-short-activate-learnmore-04MAY23', 'Learn More', 'https://woocommerce.com/woopay-businesses/?utm_source=inbox_note&utm_medium=product&utm_campaign=woopay-beta-merchantrecruitment-short-activate-learnmore-04MAY23', 'actioned', '', NULL, NULL),
(4959, 33, 'woopay-beta-merchantrecruitment-short-update-WCPay-04MAY23', 'Update WooCommerce Payments', 'http://ikhsanaryaaa.xyz/wp-admin/plugins.php?plugin_status=all', 'unactioned', '', NULL, NULL),
(4960, 33, 'woopay-beta-merchantrecruitment-short-update-activate-04MAY23', 'Activate WooPay', 'http://ikhsanaryaaa.xyz/wp-admin/admin.php?page=wc-settings&tab=checkout&section=woocommerce_payments&method=platform_checkout', 'actioned', '', NULL, NULL),
(4961, 34, 'woopay-beta-merchantrecruitment-short-activate-button-09MAY23', 'Activate WooPay', 'http://ikhsanaryaaa.xyz/wp-admin/admin.php?page=wc-settings&tab=checkout&section=woocommerce_payments&method=platform_checkout', 'unactioned', '', NULL, NULL),
(4962, 34, 'woopay-beta-merchantrecruitment-short-activate-learnmore-button2-09MAY23', 'Learn More', 'https://woocommerce.com/woopay-businesses/?utm_source=inbox_note&utm_medium=product&utm_campaign=woopay-beta-merchantrecruitment-short-activate-learnmore-button2-09MAY23', 'unactioned', '', NULL, NULL),
(4963, 35, 'woopay-beta-merchantrecruitment-short-update-WCPay-09MAY23', 'Update WooCommerce Payments', 'http://ikhsanaryaaa.xyz/wp-admin/plugins.php?plugin_status=all', 'unactioned', '', NULL, NULL),
(4964, 35, 'woopay-beta-merchantrecruitment-short-update-activate-09MAY23', 'Activate WooPay', 'http://ikhsanaryaaa.xyz/wp-admin/admin.php?page=wc-settings&tab=checkout&section=woocommerce_payments&method=platform_checkout', 'unactioned', '', NULL, NULL),
(4965, 36, 'woocommerce-WCSubscriptions-June-2023-updated-needed-Plugin-Settings', 'See available updates', 'http://ikhsanaryaaa.xyz/wp-admin/plugins.php?plugin_status=all', 'unactioned', '', NULL, NULL),
(4966, 36, 'woocommerce-WCSubscriptions-June-2023-updated-needed-dismiss', 'Dismiss', '#', 'actioned', '', NULL, NULL),
(4967, 37, 'woocommerce-WCReturnsWarranty-June-2023-updated-needed', 'See available updates', 'http://ikhsanaryaaa.xyz/wp-admin/plugins.php?plugin_status=all', 'unactioned', '', NULL, NULL),
(4968, 37, 'woocommerce-WCReturnsWarranty-June-2023-updated-needed', 'Dismiss', '#', 'actioned', '', NULL, NULL),
(4969, 38, 'woocommerce-WCOPC-June-2023-updated-needed', 'See available updates', 'http://ikhsanaryaaa.xyz/wp-admin/plugins.php?plugin_status=all', 'actioned', '', NULL, NULL),
(4970, 38, 'woocommerce-WCOPC-June-2023-updated-needed', 'Dismiss', 'http://ikhsanaryaaa.xyz/wp-admin/#', 'actioned', '', NULL, NULL),
(4971, 39, 'woocommerce-WCGC-July-2023-update-needed', 'See available updates', 'http://ikhsanaryaaa.xyz/wp-admin/plugins.php?plugin_status=all', 'unactioned', '', NULL, NULL),
(4972, 39, 'woocommerce-WCGC-July-2023-update-needed', 'Dismiss', '#', 'actioned', '', NULL, NULL),
(4973, 40, 'learn-more', 'Learn more', 'https://woocommerce.com/document/fedex/?utm_medium=product&utm_source=inbox_note&utm_campaign=learn-more#july-2023-api-outage', 'unactioned', '', NULL, NULL),
(4974, 41, 'plugin-list', 'See available updates', 'http://ikhsanaryaaa.xyz/wp-admin/plugins.php?plugin_status=all', 'unactioned', '', NULL, NULL),
(4975, 41, 'dismiss', 'Dismiss', 'http://ikhsanaryaaa.xyz/wp-admin/admin.php?page=wc-admin', 'actioned', '', NULL, NULL),
(4976, 42, 'woocommerce-WCStripe-Aug-2023-update-needed', 'See available updates', 'http://ikhsanaryaaa.xyz/wp-admin/update-core.php?', 'unactioned', '', NULL, NULL),
(4977, 42, 'dismiss', 'Dismiss', '#', 'actioned', '', NULL, NULL),
(4978, 43, 'dismiss', 'Dismiss', '#', 'actioned', '', NULL, NULL),
(4979, 44, 'dismiss', 'Dismiss', '#', 'actioned', '', NULL, NULL),
(4980, 45, 'avalara_q3-2023_noAvaTax', 'Automate my sales tax', 'https://woocommerce.com/products/woocommerce-avatax/?utm_source=inbox_note&utm_medium=product&utm_campaign=avalara_q3-2023_noAvaTax', 'unactioned', '', NULL, NULL),
(4981, 46, 'woocommerce-usermeta-Sept2023-productvendors', 'See available updates', 'http://ikhsanaryaaa.xyz/wp-admin/plugins.php', 'unactioned', '', NULL, NULL),
(4982, 46, 'dismiss', 'Dismiss', 'http://ikhsanaryaaa.xyz/wp-admin/#', 'actioned', '', NULL, NULL),
(4983, 47, 'woocommerce-STRIPE-Oct-2023-update-needed', 'See available updates', 'http://ikhsanaryaaa.xyz/wp-admin/update-core.php', 'unactioned', '', NULL, NULL),
(4984, 47, 'dismiss', 'Dismiss', '#', 'actioned', '', NULL, NULL),
(4985, 48, 'amazon-mcf-review-button-2023-12-07', 'Leave a review', 'https://woocommerce.com/products/woocommerce-amazon-fulfillment/?review&utm_source=inbox_note&utm_medium=product&utm_campaign=amazon-mcf-review-button-2023-12-07', 'actioned', '', NULL, NULL),
(4986, 48, 'amazon-mcf-support-button-2023-12-07', 'Request support', 'https://woocommerce.com/my-account/contact-support/?utm_source=inbox_note&utm_medium=product&utm_campaign=amazon-mcf-support-button-2023-12-07', 'actioned', '', NULL, NULL),
(4987, 49, 'view_docs', 'Learn about Deposit schedules', 'https://woocommerce.com/document/woopayments/deposits/deposit-schedule/?utm_source=inbox_note&utm_medium=product&utm_campaign=view_docs#available-funds', 'unactioned', '', NULL, NULL),
(4988, 50, 'sirt-woo-2024-11-xss-admin', 'See available updates', 'http://ikhsanaryaaa.xyz/wp-admin/update-core.php?', 'unactioned', '', NULL, NULL),
(4989, 50, 'sirt-woo-2024-11-xss-admin', 'Dismiss', '#', 'actioned', '', NULL, NULL),
(4990, 51, 'paypal-braintree-sdk-depreciation-2025-02-20-button', 'Upgrade now', 'http://ikhsanaryaaa.xyz/wp-admin/wp-admin/plugins.php', 'actioned', '', NULL, NULL),
(4991, 52, 'uk-vat-notice-button-2025-04-30', 'Learn more about this extension', 'https://wordpress.org/plugins/eu-vat-for-woocommerce/', 'actioned', '', NULL, NULL),
(4992, 53, 'payson-retirement-2025', 'Explore alternative payment methods', 'https://woocommerce.com/product-category/woocommerce-extensions/payment-gateways/?categoryIds=28680&collections=product&page=1&country=Sweden&utm_source=inbox_note&utm_medium=product&utm_campaign=payson-retirement-2025', 'actioned', '', NULL, NULL),
(4993, 54, 'paypal-braintree-sdk-depreciation-2025-05-30-button', 'Update now', 'http://ikhsanaryaaa.xyz/wp-admin/wp-admin/plugins.php', 'unactioned', '', NULL, NULL),
(4994, 67, 'snap_q4_2025', 'Get started with Snapchat', 'https://woocommerce.com/products/snapchat/?utm_source=inbox_note&utm_medium=product&utm_campaign=snap_q4_2025', 'actioned', '', NULL, NULL),
(4995, 63, 'setup-instructions', 'Setup Instructions', 'https://woocommerce.com/document/woocommerce-paypal-payments/fraud-and-disputes/?utm_source=inbox_note&utm_medium=product&utm_campaign=setup-instructions#section-4', 'unactioned', '', NULL, NULL),
(4996, 63, 'activate-now', 'Activate Now', 'http://ikhsanaryaaa.xyz/wp-admin/admin.php?page=wc-settings&tab=integration&section=ppcp-recaptcha', 'unactioned', '', NULL, NULL),
(4997, 68, 'stripe_agenticcommerce_3PDs_q4_2025_click', 'Get Stripe for WooCommerce', 'https://woocommerce.com/products/stripe/?utm_source=inbox_note&utm_medium=product&utm_campaign=stripe_agenticcommerce_3PDs_q4_2025_click', 'unactioned', '', NULL, NULL);

-- --------------------------------------------------------

--
-- Table structure for table `iam_dbwc_category_lookup`
--

CREATE TABLE `iam_dbwc_category_lookup` (
  `category_tree_id` bigint(20) unsigned NOT NULL,
  `category_id` bigint(20) unsigned NOT NULL,
  PRIMARY KEY (`category_tree_id`,`category_id`)
) ENGINE=InnoDB DEFAULT CHARSET=utf8mb4 COLLATE=utf8mb4_unicode_520_ci;

--
-- Dumping data for table `iam_dbwc_category_lookup`
--

INSERT INTO `iam_dbwc_category_lookup` VALUES
(15, 15);

-- --------------------------------------------------------

--
-- Table structure for table `iam_dbwc_customer_lookup`
--

CREATE TABLE `iam_dbwc_customer_lookup` (
  `customer_id` bigint(20) unsigned NOT NULL AUTO_INCREMENT,
  `user_id` bigint(20) unsigned DEFAULT NULL,
  `username` varchar(60) NOT NULL DEFAULT '',
  `first_name` varchar(255) NOT NULL,
  `last_name` varchar(255) NOT NULL,
  `email` varchar(100) DEFAULT NULL,
  `date_last_active` timestamp NULL DEFAULT NULL,
  `date_registered` timestamp NULL DEFAULT NULL,
  `country` char(2) NOT NULL DEFAULT '',
  `postcode` varchar(20) NOT NULL DEFAULT '',
  `city` varchar(100) NOT NULL DEFAULT '',
  `state` varchar(100) NOT NULL DEFAULT '',
  PRIMARY KEY (`customer_id`),
  UNIQUE KEY `user_id` (`user_id`),
  KEY `email` (`email`)
) ENGINE=InnoDB DEFAULT CHARSET=utf8mb4 COLLATE=utf8mb4_unicode_520_ci;

-- --------------------------------------------------------

--
-- Table structure for table `iam_dbwc_download_log`
--

CREATE TABLE `iam_dbwc_download_log` (
  `download_log_id` bigint(20) unsigned NOT NULL AUTO_INCREMENT,
  `timestamp` datetime NOT NULL,
  `permission_id` bigint(20) unsigned NOT NULL,
  `user_id` bigint(20) unsigned DEFAULT NULL,
  `user_ip_address` varchar(100) DEFAULT '',
  PRIMARY KEY (`download_log_id`),
  KEY `permission_id` (`permission_id`),
  KEY `timestamp` (`timestamp`)
) ENGINE=InnoDB DEFAULT CHARSET=utf8mb4 COLLATE=utf8mb4_unicode_520_ci;

-- --------------------------------------------------------

--
-- Table structure for table `iam_dbwc_orders`
--

CREATE TABLE `iam_dbwc_orders` (
  `id` bigint(20) unsigned NOT NULL,
  `status` varchar(20) DEFAULT NULL,
  `currency` varchar(10) DEFAULT NULL,
  `type` varchar(20) DEFAULT NULL,
  `tax_amount` decimal(26,8) DEFAULT NULL,
  `total_amount` decimal(26,8) DEFAULT NULL,
  `customer_id` bigint(20) unsigned DEFAULT NULL,
  `billing_email` varchar(320) DEFAULT NULL,
  `date_created_gmt` datetime DEFAULT NULL,
  `date_updated_gmt` datetime DEFAULT NULL,
  `parent_order_id` bigint(20) unsigned DEFAULT NULL,
  `payment_method` varchar(100) DEFAULT NULL,
  `payment_method_title` text DEFAULT NULL,
  `transaction_id` varchar(100) DEFAULT NULL,
  `ip_address` varchar(100) DEFAULT NULL,
  `user_agent` text DEFAULT NULL,
  `customer_note` text DEFAULT NULL,
  PRIMARY KEY (`id`),
  KEY `status` (`status`),
  KEY `date_created` (`date_created_gmt`),
  KEY `customer_id_billing_email` (`customer_id`,`billing_email`(171)),
  KEY `billing_email` (`billing_email`(191)),
  KEY `type_status_date` (`type`,`status`,`date_created_gmt`),
  KEY `parent_order_id` (`parent_order_id`),
  KEY `date_updated` (`date_updated_gmt`)
) ENGINE=InnoDB DEFAULT CHARSET=utf8mb4 COLLATE=utf8mb4_unicode_520_ci;

-- --------------------------------------------------------

--
-- Table structure for table `iam_dbwc_orders_meta`
--

CREATE TABLE `iam_dbwc_orders_meta` (
  `id` bigint(20) unsigned NOT NULL AUTO_INCREMENT,
  `order_id` bigint(20) unsigned DEFAULT NULL,
  `meta_key` varchar(255) DEFAULT NULL,
  `meta_value` text DEFAULT NULL,
  PRIMARY KEY (`id`),
  KEY `meta_key_value` (`meta_key`(100),`meta_value`(82)),
  KEY `order_id_meta_key_meta_value` (`order_id`,`meta_key`(100),`meta_value`(82))
) ENGINE=InnoDB DEFAULT CHARSET=utf8mb4 COLLATE=utf8mb4_unicode_520_ci;

-- --------------------------------------------------------

--
-- Table structure for table `iam_dbwc_order_addresses`
--

CREATE TABLE `iam_dbwc_order_addresses` (
  `id` bigint(20) unsigned NOT NULL AUTO_INCREMENT,
  `order_id` bigint(20) unsigned NOT NULL,
  `address_type` varchar(20) DEFAULT NULL,
  `first_name` text DEFAULT NULL,
  `last_name` text DEFAULT NULL,
  `company` text DEFAULT NULL,
  `address_1` text DEFAULT NULL,
  `address_2` text DEFAULT NULL,
  `city` text DEFAULT NULL,
  `state` text DEFAULT NULL,
  `postcode` text DEFAULT NULL,
  `country` text DEFAULT NULL,
  `email` varchar(320) DEFAULT NULL,
  `phone` varchar(100) DEFAULT NULL,
  PRIMARY KEY (`id`),
  UNIQUE KEY `address_type_order_id` (`address_type`,`order_id`),
  KEY `order_id` (`order_id`),
  KEY `email` (`email`(191)),
  KEY `phone` (`phone`)
) ENGINE=InnoDB DEFAULT CHARSET=utf8mb4 COLLATE=utf8mb4_unicode_520_ci;

-- --------------------------------------------------------

--
-- Table structure for table `iam_dbwc_order_coupon_lookup`
--

CREATE TABLE `iam_dbwc_order_coupon_lookup` (
  `order_id` bigint(20) unsigned NOT NULL,
  `coupon_id` bigint(20) NOT NULL,
  `date_created` datetime NOT NULL DEFAULT '0000-00-00 00:00:00',
  `discount_amount` double NOT NULL DEFAULT 0,
  PRIMARY KEY (`order_id`,`coupon_id`),
  KEY `coupon_id` (`coupon_id`),
  KEY `date_created` (`date_created`)
) ENGINE=InnoDB DEFAULT CHARSET=utf8mb4 COLLATE=utf8mb4_unicode_520_ci;

-- --------------------------------------------------------

--
-- Table structure for table `iam_dbwc_order_operational_data`
--

CREATE TABLE `iam_dbwc_order_operational_data` (
  `id` bigint(20) unsigned NOT NULL AUTO_INCREMENT,
  `order_id` bigint(20) unsigned DEFAULT NULL,
  `created_via` varchar(100) DEFAULT NULL,
  `woocommerce_version` varchar(20) DEFAULT NULL,
  `prices_include_tax` tinyint(1) DEFAULT NULL,
  `coupon_usages_are_counted` tinyint(1) DEFAULT NULL,
  `download_permission_granted` tinyint(1) DEFAULT NULL,
  `cart_hash` varchar(100) DEFAULT NULL,
  `new_order_email_sent` tinyint(1) DEFAULT NULL,
  `order_key` varchar(100) DEFAULT NULL,
  `order_stock_reduced` tinyint(1) DEFAULT NULL,
  `date_paid_gmt` datetime DEFAULT NULL,
  `date_completed_gmt` datetime DEFAULT NULL,
  `shipping_tax_amount` decimal(26,8) DEFAULT NULL,
  `shipping_total_amount` decimal(26,8) DEFAULT NULL,
  `discount_tax_amount` decimal(26,8) DEFAULT NULL,
  `discount_total_amount` decimal(26,8) DEFAULT NULL,
  `recorded_sales` tinyint(1) DEFAULT NULL,
  PRIMARY KEY (`id`),
  UNIQUE KEY `order_id` (`order_id`),
  KEY `order_key` (`order_key`)
) ENGINE=InnoDB DEFAULT CHARSET=utf8mb4 COLLATE=utf8mb4_unicode_520_ci;

-- --------------------------------------------------------

--
-- Table structure for table `iam_dbwc_order_product_lookup`
--

CREATE TABLE `iam_dbwc_order_product_lookup` (
  `order_item_id` bigint(20) unsigned NOT NULL,
  `order_id` bigint(20) unsigned NOT NULL,
  `product_id` bigint(20) unsigned NOT NULL,
  `variation_id` bigint(20) unsigned NOT NULL,
  `customer_id` bigint(20) unsigned DEFAULT NULL,
  `date_created` datetime NOT NULL DEFAULT current_timestamp(),
  `product_qty` int(11) NOT NULL,
  `product_net_revenue` double NOT NULL DEFAULT 0,
  `product_gross_revenue` double NOT NULL DEFAULT 0,
  `coupon_amount` double NOT NULL DEFAULT 0,
  `tax_amount` double NOT NULL DEFAULT 0,
  `shipping_amount` double NOT NULL DEFAULT 0,
  `shipping_tax_amount` double NOT NULL DEFAULT 0,
  PRIMARY KEY (`order_item_id`,`order_id`),
  KEY `order_id` (`order_id`),
  KEY `product_id` (`product_id`),
  KEY `customer_id` (`customer_id`),
  KEY `date_created` (`date_created`),
  KEY `customer_product_date` (`customer_id`,`product_id`,`date_created`)
) ENGINE=InnoDB DEFAULT CHARSET=utf8mb4 COLLATE=utf8mb4_unicode_520_ci;

-- --------------------------------------------------------

--
-- Table structure for table `iam_dbwc_order_stats`
--

CREATE TABLE `iam_dbwc_order_stats` (
  `order_id` bigint(20) unsigned NOT NULL,
  `parent_id` bigint(20) unsigned NOT NULL DEFAULT 0,
  `date_created` datetime NOT NULL DEFAULT '0000-00-00 00:00:00',
  `date_created_gmt` datetime NOT NULL DEFAULT '0000-00-00 00:00:00',
  `date_paid` datetime DEFAULT '0000-00-00 00:00:00',
  `date_completed` datetime DEFAULT '0000-00-00 00:00:00',
  `num_items_sold` int(11) NOT NULL DEFAULT 0,
  `total_sales` double NOT NULL DEFAULT 0,
  `tax_total` double NOT NULL DEFAULT 0,
  `shipping_total` double NOT NULL DEFAULT 0,
  `net_total` double NOT NULL DEFAULT 0,
  `returning_customer` tinyint(1) DEFAULT NULL,
  `status` varchar(200) NOT NULL,
  `customer_id` bigint(20) unsigned NOT NULL,
  PRIMARY KEY (`order_id`),
  KEY `date_created` (`date_created`),
  KEY `customer_id` (`customer_id`),
  KEY `status` (`status`(191))
) ENGINE=InnoDB DEFAULT CHARSET=utf8mb4 COLLATE=utf8mb4_unicode_520_ci;

-- --------------------------------------------------------

--
-- Table structure for table `iam_dbwc_order_tax_lookup`
--

CREATE TABLE `iam_dbwc_order_tax_lookup` (
  `order_id` bigint(20) unsigned NOT NULL,
  `tax_rate_id` bigint(20) unsigned NOT NULL,
  `date_created` datetime NOT NULL DEFAULT '0000-00-00 00:00:00',
  `shipping_tax` double NOT NULL DEFAULT 0,
  `order_tax` double NOT NULL DEFAULT 0,
  `total_tax` double NOT NULL DEFAULT 0,
  PRIMARY KEY (`order_id`,`tax_rate_id`),
  KEY `tax_rate_id` (`tax_rate_id`),
  KEY `date_created` (`date_created`)
) ENGINE=InnoDB DEFAULT CHARSET=utf8mb4 COLLATE=utf8mb4_unicode_520_ci;

-- --------------------------------------------------------

--
-- Table structure for table `iam_dbwc_product_attributes_lookup`
--

CREATE TABLE `iam_dbwc_product_attributes_lookup` (
  `product_id` bigint(20) NOT NULL,
  `product_or_parent_id` bigint(20) NOT NULL,
  `taxonomy` varchar(32) NOT NULL,
  `term_id` bigint(20) NOT NULL,
  `is_variation_attribute` tinyint(1) NOT NULL,
  `in_stock` tinyint(1) NOT NULL,
  PRIMARY KEY (`product_or_parent_id`,`term_id`,`product_id`,`taxonomy`),
  KEY `is_variation_attribute_term_id` (`is_variation_attribute`,`term_id`)
) ENGINE=InnoDB DEFAULT CHARSET=utf8mb4 COLLATE=utf8mb4_unicode_520_ci;

-- --------------------------------------------------------

--
-- Table structure for table `iam_dbwc_product_download_directories`
--

CREATE TABLE `iam_dbwc_product_download_directories` (
  `url_id` bigint(20) unsigned NOT NULL AUTO_INCREMENT,
  `url` varchar(256) NOT NULL,
  `enabled` tinyint(1) NOT NULL DEFAULT 0,
  PRIMARY KEY (`url_id`),
  KEY `url` (`url`(191))
) ENGINE=InnoDB  DEFAULT CHARSET=utf8mb4 COLLATE=utf8mb4_unicode_520_ci;

--
-- Dumping data for table `iam_dbwc_product_download_directories`
--

INSERT INTO `iam_dbwc_product_download_directories` VALUES
(1, 'file:///home/nesomnst/ikhsanaryaaa.xyz/wp-content/uploads/woocommerce_uploads/', 1),
(2, 'http://ikhsanaryaaa.xyz/wp-content/uploads/woocommerce_uploads/', 1);

-- --------------------------------------------------------

--
-- Table structure for table `iam_dbwc_product_meta_lookup`
--

CREATE TABLE `iam_dbwc_product_meta_lookup` (
  `product_id` bigint(20) NOT NULL,
  `sku` varchar(100) DEFAULT '',
  `global_unique_id` varchar(100) DEFAULT '',
  `virtual` tinyint(1) DEFAULT 0,
  `downloadable` tinyint(1) DEFAULT 0,
  `min_price` decimal(19,4) DEFAULT NULL,
  `max_price` decimal(19,4) DEFAULT NULL,
  `onsale` tinyint(1) DEFAULT 0,
  `stock_quantity` double DEFAULT NULL,
  `stock_status` varchar(100) DEFAULT 'instock',
  `rating_count` bigint(20) DEFAULT 0,
  `average_rating` decimal(3,2) DEFAULT 0.00,
  `total_sales` bigint(20) DEFAULT 0,
  `tax_status` varchar(100) DEFAULT 'taxable',
  `tax_class` varchar(100) DEFAULT '',
  PRIMARY KEY (`product_id`),
  KEY `virtual` (`virtual`),
  KEY `downloadable` (`downloadable`),
  KEY `stock_status` (`stock_status`),
  KEY `stock_quantity` (`stock_quantity`),
  KEY `onsale` (`onsale`),
  KEY `min_max_price` (`min_price`,`max_price`),
  KEY `sku` (`sku`(50))
) ENGINE=InnoDB DEFAULT CHARSET=utf8mb4 COLLATE=utf8mb4_unicode_520_ci;

-- --------------------------------------------------------

--
-- Table structure for table `iam_dbwc_rate_limits`
--

CREATE TABLE `iam_dbwc_rate_limits` (
  `rate_limit_id` bigint(20) unsigned NOT NULL AUTO_INCREMENT,
  `rate_limit_key` varchar(200) NOT NULL,
  `rate_limit_expiry` bigint(20) unsigned NOT NULL,
  `rate_limit_remaining` smallint(10) NOT NULL DEFAULT 0,
  PRIMARY KEY (`rate_limit_id`),
  UNIQUE KEY `rate_limit_key` (`rate_limit_key`(191))
) ENGINE=InnoDB DEFAULT CHARSET=utf8mb4 COLLATE=utf8mb4_unicode_520_ci;

-- --------------------------------------------------------

--
-- Table structure for table `iam_dbwc_reserved_stock`
--

CREATE TABLE `iam_dbwc_reserved_stock` (
  `order_id` bigint(20) NOT NULL,
  `product_id` bigint(20) NOT NULL,
  `stock_quantity` double NOT NULL DEFAULT 0,
  `timestamp` datetime NOT NULL DEFAULT '0000-00-00 00:00:00',
  `expires` datetime NOT NULL DEFAULT '0000-00-00 00:00:00',
  PRIMARY KEY (`order_id`,`product_id`)
) ENGINE=InnoDB DEFAULT CHARSET=utf8mb4 COLLATE=utf8mb4_unicode_520_ci;

-- --------------------------------------------------------

--
-- Table structure for table `iam_dbwc_tax_rate_classes`
--

CREATE TABLE `iam_dbwc_tax_rate_classes` (
  `tax_rate_class_id` bigint(20) unsigned NOT NULL AUTO_INCREMENT,
  `name` varchar(200) NOT NULL DEFAULT '',
  `slug` varchar(200) NOT NULL DEFAULT '',
  PRIMARY KEY (`tax_rate_class_id`),
  UNIQUE KEY `slug` (`slug`(191))
) ENGINE=InnoDB  DEFAULT CHARSET=utf8mb4 COLLATE=utf8mb4_unicode_520_ci;

--
-- Dumping data for table `iam_dbwc_tax_rate_classes`
--

INSERT INTO `iam_dbwc_tax_rate_classes` VALUES
(1, 'Reduced rate', 'reduced-rate'),
(2, 'Zero rate', 'zero-rate');

-- --------------------------------------------------------

--
-- Table structure for table `iam_dbwc_webhooks`
--

CREATE TABLE `iam_dbwc_webhooks` (
  `webhook_id` bigint(20) unsigned NOT NULL AUTO_INCREMENT,
  `status` varchar(200) NOT NULL,
  `name` text NOT NULL,
  `user_id` bigint(20) unsigned NOT NULL,
  `delivery_url` text NOT NULL,
  `secret` text NOT NULL,
  `topic` varchar(200) NOT NULL,
  `date_created` datetime NOT NULL DEFAULT '0000-00-00 00:00:00',
  `date_created_gmt` datetime NOT NULL DEFAULT '0000-00-00 00:00:00',
  `date_modified` datetime NOT NULL DEFAULT '0000-00-00 00:00:00',
  `date_modified_gmt` datetime NOT NULL DEFAULT '0000-00-00 00:00:00',
  `api_version` smallint(4) NOT NULL,
  `failure_count` smallint(10) NOT NULL DEFAULT 0,
  `pending_delivery` tinyint(1) NOT NULL DEFAULT 0,
  PRIMARY KEY (`webhook_id`),
  KEY `user_id` (`user_id`)
) ENGINE=InnoDB DEFAULT CHARSET=utf8mb4 COLLATE=utf8mb4_unicode_520_ci;

-- --------------------------------------------------------

--
-- Table structure for table `iam_dbwoocommerce_api_keys`
--

CREATE TABLE `iam_dbwoocommerce_api_keys` (
  `key_id` bigint(20) unsigned NOT NULL AUTO_INCREMENT,
  `user_id` bigint(20) unsigned NOT NULL,
  `description` varchar(200) DEFAULT NULL,
  `permissions` varchar(10) NOT NULL,
  `consumer_key` char(64) NOT NULL,
  `consumer_secret` char(43) NOT NULL,
  `nonces` longtext DEFAULT NULL,
  `truncated_key` char(7) NOT NULL,
  `last_access` datetime DEFAULT NULL,
  PRIMARY KEY (`key_id`),
  KEY `consumer_key` (`consumer_key`),
  KEY `consumer_secret` (`consumer_secret`)
) ENGINE=InnoDB DEFAULT CHARSET=utf8mb4 COLLATE=utf8mb4_unicode_520_ci;

-- --------------------------------------------------------

--
-- Table structure for table `iam_dbwoocommerce_attribute_taxonomies`
--

CREATE TABLE `iam_dbwoocommerce_attribute_taxonomies` (
  `attribute_id` bigint(20) unsigned NOT NULL AUTO_INCREMENT,
  `attribute_name` varchar(200) NOT NULL,
  `attribute_label` varchar(200) DEFAULT NULL,
  `attribute_type` varchar(20) NOT NULL,
  `attribute_orderby` varchar(20) NOT NULL,
  `attribute_public` int(1) NOT NULL DEFAULT 1,
  PRIMARY KEY (`attribute_id`),
  KEY `attribute_name` (`attribute_name`(20))
) ENGINE=InnoDB DEFAULT CHARSET=utf8mb4 COLLATE=utf8mb4_unicode_520_ci;

-- --------------------------------------------------------

--
-- Table structure for table `iam_dbwoocommerce_downloadable_product_permissions`
--

CREATE TABLE `iam_dbwoocommerce_downloadable_product_permissions` (
  `permission_id` bigint(20) unsigned NOT NULL AUTO_INCREMENT,
  `download_id` varchar(36) NOT NULL,
  `product_id` bigint(20) unsigned NOT NULL,
  `order_id` bigint(20) unsigned NOT NULL DEFAULT 0,
  `order_key` varchar(200) NOT NULL,
  `user_email` varchar(200) NOT NULL,
  `user_id` bigint(20) unsigned DEFAULT NULL,
  `downloads_remaining` varchar(9) DEFAULT NULL,
  `access_granted` datetime NOT NULL DEFAULT '0000-00-00 00:00:00',
  `access_expires` datetime DEFAULT NULL,
  `download_count` bigint(20) unsigned NOT NULL DEFAULT 0,
  PRIMARY KEY (`permission_id`),
  KEY `download_order_key_product` (`product_id`,`order_id`,`order_key`(16),`download_id`),
  KEY `download_order_product` (`download_id`,`order_id`,`product_id`),
  KEY `order_id` (`order_id`),
  KEY `user_order_remaining_expires` (`user_id`,`order_id`,`downloads_remaining`,`access_expires`)
) ENGINE=InnoDB DEFAULT CHARSET=utf8mb4 COLLATE=utf8mb4_unicode_520_ci;

-- --------------------------------------------------------

--
-- Table structure for table `iam_dbwoocommerce_log`
--

CREATE TABLE `iam_dbwoocommerce_log` (
  `log_id` bigint(20) unsigned NOT NULL AUTO_INCREMENT,
  `timestamp` datetime NOT NULL,
  `level` smallint(4) NOT NULL,
  `source` varchar(200) NOT NULL,
  `message` longtext NOT NULL,
  `context` longtext DEFAULT NULL,
  PRIMARY KEY (`log_id`),
  KEY `level` (`level`)
) ENGINE=InnoDB DEFAULT CHARSET=utf8mb4 COLLATE=utf8mb4_unicode_520_ci;

-- --------------------------------------------------------

--
-- Table structure for table `iam_dbwoocommerce_order_itemmeta`
--

CREATE TABLE `iam_dbwoocommerce_order_itemmeta` (
  `meta_id` bigint(20) unsigned NOT NULL AUTO_INCREMENT,
  `order_item_id` bigint(20) unsigned NOT NULL,
  `meta_key` varchar(255) DEFAULT NULL,
  `meta_value` longtext DEFAULT NULL,
  PRIMARY KEY (`meta_id`),
  KEY `order_item_id` (`order_item_id`),
  KEY `meta_key` (`meta_key`(32))
) ENGINE=InnoDB DEFAULT CHARSET=utf8mb4 COLLATE=utf8mb4_unicode_520_ci;

-- --------------------------------------------------------

--
-- Table structure for table `iam_dbwoocommerce_order_items`
--

CREATE TABLE `iam_dbwoocommerce_order_items` (
  `order_item_id` bigint(20) unsigned NOT NULL AUTO_INCREMENT,
  `order_item_name` text NOT NULL,
  `order_item_type` varchar(200) NOT NULL DEFAULT '',
  `order_id` bigint(20) unsigned NOT NULL,
  PRIMARY KEY (`order_item_id`),
  KEY `order_id` (`order_id`)
) ENGINE=InnoDB DEFAULT CHARSET=utf8mb4 COLLATE=utf8mb4_unicode_520_ci;

-- --------------------------------------------------------

--
-- Table structure for table `iam_dbwoocommerce_payment_tokenmeta`
--

CREATE TABLE `iam_dbwoocommerce_payment_tokenmeta` (
  `meta_id` bigint(20) unsigned NOT NULL AUTO_INCREMENT,
  `payment_token_id` bigint(20) unsigned NOT NULL,
  `meta_key` varchar(255) DEFAULT NULL,
  `meta_value` longtext DEFAULT NULL,
  PRIMARY KEY (`meta_id`),
  KEY `payment_token_id` (`payment_token_id`),
  KEY `meta_key` (`meta_key`(32))
) ENGINE=InnoDB DEFAULT CHARSET=utf8mb4 COLLATE=utf8mb4_unicode_520_ci;

-- --------------------------------------------------------

--
-- Table structure for table `iam_dbwoocommerce_payment_tokens`
--

CREATE TABLE `iam_dbwoocommerce_payment_tokens` (
  `token_id` bigint(20) unsigned NOT NULL AUTO_INCREMENT,
  `gateway_id` varchar(200) NOT NULL,
  `token` text NOT NULL,
  `user_id` bigint(20) unsigned NOT NULL DEFAULT 0,
  `type` varchar(200) NOT NULL,
  `is_default` tinyint(1) NOT NULL DEFAULT 0,
  PRIMARY KEY (`token_id`),
  KEY `user_id` (`user_id`)
) ENGINE=InnoDB DEFAULT CHARSET=utf8mb4 COLLATE=utf8mb4_unicode_520_ci;

-- --------------------------------------------------------

--
-- Table structure for table `iam_dbwoocommerce_sessions`
--

CREATE TABLE `iam_dbwoocommerce_sessions` (
  `session_id` bigint(20) unsigned NOT NULL AUTO_INCREMENT,
  `session_key` char(32) NOT NULL,
  `session_value` longtext NOT NULL,
  `session_expiry` bigint(20) unsigned NOT NULL,
  PRIMARY KEY (`session_id`),
  UNIQUE KEY `session_key` (`session_key`)
) ENGINE=InnoDB  DEFAULT CHARSET=utf8mb4 COLLATE=utf8mb4_unicode_520_ci;

-- --------------------------------------------------------

--
-- Table structure for table `iam_dbwoocommerce_shipping_zones`
--

CREATE TABLE `iam_dbwoocommerce_shipping_zones` (
  `zone_id` bigint(20) unsigned NOT NULL AUTO_INCREMENT,
  `zone_name` varchar(200) NOT NULL,
  `zone_order` bigint(20) unsigned NOT NULL,
  PRIMARY KEY (`zone_id`)
) ENGINE=InnoDB DEFAULT CHARSET=utf8mb4 COLLATE=utf8mb4_unicode_520_ci;

-- --------------------------------------------------------

--
-- Table structure for table `iam_dbwoocommerce_shipping_zone_locations`
--

CREATE TABLE `iam_dbwoocommerce_shipping_zone_locations` (
  `location_id` bigint(20) unsigned NOT NULL AUTO_INCREMENT,
  `zone_id` bigint(20) unsigned NOT NULL,
  `location_code` varchar(200) NOT NULL,
  `location_type` varchar(40) NOT NULL,
  PRIMARY KEY (`location_id`),
  KEY `zone_id` (`zone_id`),
  KEY `location_type_code` (`location_type`(10),`location_code`(20))
) ENGINE=InnoDB DEFAULT CHARSET=utf8mb4 COLLATE=utf8mb4_unicode_520_ci;

-- --------------------------------------------------------

--
-- Table structure for table `iam_dbwoocommerce_shipping_zone_methods`
--

CREATE TABLE `iam_dbwoocommerce_shipping_zone_methods` (
  `zone_id` bigint(20) unsigned NOT NULL,
  `instance_id` bigint(20) unsigned NOT NULL AUTO_INCREMENT,
  `method_id` varchar(200) NOT NULL,
  `method_order` bigint(20) unsigned NOT NULL,
  `is_enabled` tinyint(1) NOT NULL DEFAULT 1,
  PRIMARY KEY (`instance_id`)
) ENGINE=InnoDB DEFAULT CHARSET=utf8mb4 COLLATE=utf8mb4_unicode_520_ci;

-- --------------------------------------------------------

--
-- Table structure for table `iam_dbwoocommerce_tax_rates`
--

CREATE TABLE `iam_dbwoocommerce_tax_rates` (
  `tax_rate_id` bigint(20) unsigned NOT NULL AUTO_INCREMENT,
  `tax_rate_country` varchar(2) NOT NULL DEFAULT '',
  `tax_rate_state` varchar(200) NOT NULL DEFAULT '',
  `tax_rate` varchar(8) NOT NULL DEFAULT '',
  `tax_rate_name` varchar(200) NOT NULL DEFAULT '',
  `tax_rate_priority` bigint(20) unsigned NOT NULL,
  `tax_rate_compound` int(1) NOT NULL DEFAULT 0,
  `tax_rate_shipping` int(1) NOT NULL DEFAULT 1,
  `tax_rate_order` bigint(20) unsigned NOT NULL,
  `tax_rate_class` varchar(200) NOT NULL DEFAULT '',
  PRIMARY KEY (`tax_rate_id`),
  KEY `tax_rate_country` (`tax_rate_country`),
  KEY `tax_rate_state` (`tax_rate_state`(2)),
  KEY `tax_rate_class` (`tax_rate_class`(10)),
  KEY `tax_rate_priority` (`tax_rate_priority`)
) ENGINE=InnoDB DEFAULT CHARSET=utf8mb4 COLLATE=utf8mb4_unicode_520_ci;

-- --------------------------------------------------------

--
-- Table structure for table `iam_dbwoocommerce_tax_rate_locations`
--

CREATE TABLE `iam_dbwoocommerce_tax_rate_locations` (
  `location_id` bigint(20) unsigned NOT NULL AUTO_INCREMENT,
  `location_code` varchar(200) NOT NULL,
  `tax_rate_id` bigint(20) unsigned NOT NULL,
  `location_type` varchar(40) NOT NULL,
  PRIMARY KEY (`location_id`),
  KEY `tax_rate_id` (`tax_rate_id`),
  KEY `location_type_code` (`location_type`(10),`location_code`(20))
) ENGINE=InnoDB DEFAULT CHARSET=utf8mb4 COLLATE=utf8mb4_unicode_520_ci;

-- --------------------------------------------------------

